{"id":767383,"date":"2025-08-28T12:45:42","date_gmt":"2025-08-28T09:45:42","guid":{"rendered":"https:\/\/roveyayinevi.com.tr\/index.php\/urun\/cocuklar-icin-anlayarak-hizli-okuma-2\/"},"modified":"2026-04-15T03:33:21","modified_gmt":"2026-04-15T00:33:21","slug":"cocuklar-icin-anlayarak-hizli-okuma-2","status":"publish","type":"product","link":"https:\/\/roveyayinevi.com.tr\/index.php\/urun\/cocuklar-icin-anlayarak-hizli-okuma-2\/","title":{"rendered":"\u00c7ocuklar \u0130\u00e7in Anlayarak H\u0131zl\u0131 Okuma"},"content":{"rendered":"<p>OKURKEN HIZLANMAK,HIZLANIRKEN ANLAMAK \u0130STEYEN\u00c7OCUKLAR \u0130\u00c7\u0130N\u2026  Gelece\u011fin liderlerini yeti\u015ftirmenin en \u00f6nemli ad\u0131m\u0131, okuma al\u0131\u015fkanl\u0131\u011f\u0131n\u0131 \u00e7ocuklara kazand\u0131rmaktan ge\u00e7er. \u00c7ocuklar \u0130\u00e7in Anlayarak H\u0131zl\u0131 Okuma, \u00e7ocuklar\u0131n okuma h\u0131z\u0131n\u0131 art\u0131r\u0131rken ayn\u0131 zamanda metinleri daha iyi anlamalar\u0131n\u0131 sa\u011flayan e\u011flenceli bir rehber. T\u00fcrkiye\u2019de bu alandaki \u00f6nc\u00fc isimler aras\u0131nda yer alan \u00d6znur Karaelo\u011flu, hem e\u011flenceli egzersizlerle hem de s\u00fcr\u00fckleyici hik\u00e2ye al\u0131\u015ft\u0131rmalar\u0131yla \u00e7ocuklar i\u00e7in okuma s\u00fcrecini keyifli h\u00e2le getirirken \u00e7ocuklar\u0131n g\u00f6z kaslar\u0131n\u0131 g\u00fc\u00e7lendirmeyi, kelime da\u011farc\u0131\u011f\u0131n\u0131 geni\u015fletmeyi ve en \u00f6nemlisi dikkat seviyelerini art\u0131rmay\u0131 hedefliyor.Ebeveynler ve \u00f6\u011fretmenler i\u00e7in bir k\u0131lavuz niteli\u011findeki bu kitap, \u00e7ocuklar\u0131n s\u0131navlarda ve g\u00fcnl\u00fck ya\u015famlar\u0131nda kendilerine olan g\u00fcvenlerini peki\u015ftirirken \u00e7ok daha ba\u015far\u0131l\u0131 olmalar\u0131na katk\u0131da bulunacak.<\/p>\n","protected":false},"excerpt":{"rendered":"<p>OKURKEN HIZLANMAK,HIZLANIRKEN ANLAMAK \u0130STEYEN\u00c7OCUKLAR \u0130\u00c7\u0130N\u2026 Gelece\u011fin liderlerini yeti\u015ftirmenin en \u00f6nemli ad\u0131m\u0131, okuma al\u0131\u015fkanl\u0131\u011f\u0131n\u0131 \u00e7ocuklara kazand\u0131rmaktan ge\u00e7er. \u00c7ocuklar \u0130\u00e7in Anlayarak H\u0131zl\u0131 Okuma, \u00e7ocuklar\u0131n okuma h\u0131z\u0131n\u0131 art\u0131r\u0131rken ayn\u0131<span class=\"excerpt-hellip\"> [\u2026]<\/span><\/p>\n","protected":false},"featured_media":0,"template":"","meta":{"_monsterinsights_skip_tracking":false,"_monsterinsights_sitenote_active":false,"_monsterinsights_sitenote_note":"","_monsterinsights_sitenote_category":0},"product_brand":[],"product_cat":[12274,15842],"product_tag":[],"class_list":{"0":"post-767383","1":"product","2":"type-product","3":"status-publish","5":"product_cat-cocuk-ve-genclik-kitaplari","6":"product_cat-egitici-kitaplar","7":"pa_cilt-ciltsiz","8":"pa_tur-kitap","9":"pa_yayinevi-masalperest-ozel-urun","10":"pa_yazar-oznur-karaeloglu","12":"first","13":"instock","14":"sale","15":"shipping-taxable","16":"purchasable","17":"product-type-simple"},"_links":{"self":[{"href":"https:\/\/roveyayinevi.com.tr\/index.php\/wp-json\/wp\/v2\/product\/767383","targetHints":{"allow":["GET"]}}],"collection":[{"href":"https:\/\/roveyayinevi.com.tr\/index.php\/wp-json\/wp\/v2\/product"}],"about":[{"href":"https:\/\/roveyayinevi.com.tr\/index.php\/wp-json\/wp\/v2\/types\/product"}],"wp:attachment":[{"href":"https:\/\/roveyayinevi.com.tr\/index.php\/wp-json\/wp\/v2\/media?parent=767383"}],"wp:term":[{"taxonomy":"product_brand","embeddable":true,"href":"https:\/\/roveyayinevi.com.tr\/index.php\/wp-json\/wp\/v2\/product_brand?post=767383"},{"taxonomy":"product_cat","embeddable":true,"href":"https:\/\/roveyayinevi.com.tr\/index.php\/wp-json\/wp\/v2\/product_cat?post=767383"},{"taxonomy":"product_tag","embeddable":true,"href":"https:\/\/roveyayinevi.com.tr\/index.php\/wp-json\/wp\/v2\/product_tag?post=767383"}],"curies":[{"name":"wp","href":"https:\/\/api.w.org\/{rel}","templated":true}]}}