{"id":767370,"date":"2025-08-28T12:45:20","date_gmt":"2025-08-28T09:45:20","guid":{"rendered":"https:\/\/roveyayinevi.com.tr\/index.php\/urun\/tanrim\/"},"modified":"2026-04-15T03:33:21","modified_gmt":"2026-04-15T00:33:21","slug":"tanrim","status":"publish","type":"product","link":"https:\/\/roveyayinevi.com.tr\/index.php\/urun\/tanrim\/","title":{"rendered":"Tanr\u0131&#8217;m"},"content":{"rendered":"<p>&#8220;\u0130slam\u2019\u0131n Allah\u2019\u0131, H\u0131ristiyanlar\u0131n G\u00f6ksel Baba\u2019s\u0131 ve Hindular\u0131n \u0130\u015fvara\u2019s\u0131 ile ayn\u0131d\u0131r. Hinduizm\u2019de oldu\u011fu gibi \u0130slam\u2019da da Tanr\u0131\u2019n\u0131n bir\u00e7ok isim ve s\u0131fat\u0131 bulunmaktad\u0131r. Bunlar \u015fahs\u0131 de\u011fil, nitelikleri belirtir. Aciz insan, al\u00e7akg\u00f6n\u00fcll\u00fc bir \u015fekilde isimler ve s\u0131fatlar vererek Y\u00fcce Tanr\u0131\u2019y\u0131 ifade etmeye \u00e7al\u0131\u015fm\u0131\u015ft\u0131r. Oysa O, t\u00fcm niteliklerin \u00fczerinde tarif edilemez, kavranamaz, \u00f6l\u00e7\u00fclemez oland\u0131r. Tanr\u0131\u2019ya iman etmek, evrensel karde\u015fli\u011fin kabul edilmesi ve t\u00fcm dinlere e\u015fit sayg\u0131yla yakla\u015f\u0131lmas\u0131 anlam\u0131na gelir.&#8221;<\/p>\n","protected":false},"excerpt":{"rendered":"<p>&#8220;\u0130slam\u2019\u0131n Allah\u2019\u0131, H\u0131ristiyanlar\u0131n G\u00f6ksel Baba\u2019s\u0131 ve Hindular\u0131n \u0130\u015fvara\u2019s\u0131 ile ayn\u0131d\u0131r. Hinduizm\u2019de oldu\u011fu gibi \u0130slam\u2019da da Tanr\u0131\u2019n\u0131n bir\u00e7ok isim ve s\u0131fat\u0131 bulunmaktad\u0131r. Bunlar \u015fahs\u0131 de\u011fil, nitelikleri belirtir.<span class=\"excerpt-hellip\"> [\u2026]<\/span><\/p>\n","protected":false},"featured_media":0,"template":"","meta":{"_monsterinsights_skip_tracking":false,"_monsterinsights_sitenote_active":false,"_monsterinsights_sitenote_note":"","_monsterinsights_sitenote_category":0},"product_brand":[],"product_cat":[12718,12858],"product_tag":[],"class_list":{"0":"post-767370","1":"product","2":"type-product","3":"status-publish","5":"product_cat-din","6":"product_cat-mitolojiler","7":"pa_cilt-ciltsiz","8":"pa_tur-kitap","9":"pa_yayinevi-ganesa-yayinevi","10":"pa_yazar-mohandas-karamchand-gandhi","12":"first","13":"instock","14":"sale","15":"shipping-taxable","16":"purchasable","17":"product-type-simple"},"_links":{"self":[{"href":"https:\/\/roveyayinevi.com.tr\/index.php\/wp-json\/wp\/v2\/product\/767370","targetHints":{"allow":["GET"]}}],"collection":[{"href":"https:\/\/roveyayinevi.com.tr\/index.php\/wp-json\/wp\/v2\/product"}],"about":[{"href":"https:\/\/roveyayinevi.com.tr\/index.php\/wp-json\/wp\/v2\/types\/product"}],"wp:attachment":[{"href":"https:\/\/roveyayinevi.com.tr\/index.php\/wp-json\/wp\/v2\/media?parent=767370"}],"wp:term":[{"taxonomy":"product_brand","embeddable":true,"href":"https:\/\/roveyayinevi.com.tr\/index.php\/wp-json\/wp\/v2\/product_brand?post=767370"},{"taxonomy":"product_cat","embeddable":true,"href":"https:\/\/roveyayinevi.com.tr\/index.php\/wp-json\/wp\/v2\/product_cat?post=767370"},{"taxonomy":"product_tag","embeddable":true,"href":"https:\/\/roveyayinevi.com.tr\/index.php\/wp-json\/wp\/v2\/product_tag?post=767370"}],"curies":[{"name":"wp","href":"https:\/\/api.w.org\/{rel}","templated":true}]}}