{"id":767358,"date":"2025-08-28T12:44:57","date_gmt":"2025-08-28T09:44:57","guid":{"rendered":"https:\/\/roveyayinevi.com.tr\/index.php\/urun\/kiz-2\/"},"modified":"2026-04-15T03:33:21","modified_gmt":"2026-04-15T00:33:21","slug":"kiz-2","status":"publish","type":"product","link":"https:\/\/roveyayinevi.com.tr\/index.php\/urun\/kiz-2\/","title":{"rendered":"K\u0131z"},"content":{"rendered":"<p>\u201cKad\u0131n d\u00fc\u015fmanl\u0131\u011f\u0131n\u0131n ne kadar gizli, incelikli ve y\u0131prat\u0131c\u0131 oldu\u011funu a\u00e7\u0131klamak \u00e7o\u011fu zaman zordur. Laurens delici n\u00fcanslar, dokunakl\u0131 hik\u00e2ye anlat\u0131m\u0131 ve keskin g\u00f6zlemlerle kad\u0131n d\u00fc\u015fmanl\u0131\u011f\u0131n\u0131n tam olarak nas\u0131l i\u015fledi\u011fini ortaya koyuyor: Hayatlar\u0131m\u0131z\u0131, benlik duygumuzu, potansiyelimizi, h\u0131rslar\u0131m\u0131z\u0131 ve ili\u015fkilerimizi \u015fekillendiriyor. Bizi \u015fekillendiriyor.\u201d \u2013Soraya Chemaly   \u201cGelecek nesillere aktard\u0131\u011f\u0131m\u0131z derslerle ilgili biyografik bir roman.\u201d \u2013Book Riot   \u201cKad\u0131nlar\u0131n hayatlar\u0131n\u0131 \u015fekillendiren toplumsal bask\u0131lar\u0131 ba\u015far\u0131yla g\u00f6steren g\u00fc\u00e7l\u00fc bir \u00e7al\u0131\u015fma.\u201d \u2013Library Journal   \u201cKad\u0131nlar\u0131 her f\u0131rsatta k\u00fc\u00e7\u00fcmseyen bir toplumda, kahraman\u0131n gen\u00e7 k\u0131zl\u0131ktan kad\u0131nl\u0131\u011fa ve anneli\u011fe ge\u00e7i\u015fini anlatan s\u00fcr\u00fckleyici bir roman.\u201d \u2013Newyork Times <\/p>\n","protected":false},"excerpt":{"rendered":"<p>\u201cKad\u0131n d\u00fc\u015fmanl\u0131\u011f\u0131n\u0131n ne kadar gizli, incelikli ve y\u0131prat\u0131c\u0131 oldu\u011funu a\u00e7\u0131klamak \u00e7o\u011fu zaman zordur. Laurens delici n\u00fcanslar, dokunakl\u0131 hik\u00e2ye anlat\u0131m\u0131 ve keskin g\u00f6zlemlerle kad\u0131n d\u00fc\u015fmanl\u0131\u011f\u0131n\u0131n tam olarak<span class=\"excerpt-hellip\"> [\u2026]<\/span><\/p>\n","protected":false},"featured_media":0,"template":"","meta":{"_monsterinsights_skip_tracking":false,"_monsterinsights_sitenote_active":false,"_monsterinsights_sitenote_note":"","_monsterinsights_sitenote_category":0},"product_brand":[],"product_cat":[12291,12711],"product_tag":[],"class_list":{"0":"post-767358","1":"product","2":"type-product","3":"status-publish","5":"product_cat-edebiyat","6":"product_cat-roman-oyku","7":"pa_cilt-ciltsiz","8":"pa_tur-kitap","9":"pa_yayinevi-alfa-yayinlari","10":"pa_yazar-camille-laurens","12":"first","13":"instock","14":"sale","15":"shipping-taxable","16":"purchasable","17":"product-type-simple"},"_links":{"self":[{"href":"https:\/\/roveyayinevi.com.tr\/index.php\/wp-json\/wp\/v2\/product\/767358","targetHints":{"allow":["GET"]}}],"collection":[{"href":"https:\/\/roveyayinevi.com.tr\/index.php\/wp-json\/wp\/v2\/product"}],"about":[{"href":"https:\/\/roveyayinevi.com.tr\/index.php\/wp-json\/wp\/v2\/types\/product"}],"wp:attachment":[{"href":"https:\/\/roveyayinevi.com.tr\/index.php\/wp-json\/wp\/v2\/media?parent=767358"}],"wp:term":[{"taxonomy":"product_brand","embeddable":true,"href":"https:\/\/roveyayinevi.com.tr\/index.php\/wp-json\/wp\/v2\/product_brand?post=767358"},{"taxonomy":"product_cat","embeddable":true,"href":"https:\/\/roveyayinevi.com.tr\/index.php\/wp-json\/wp\/v2\/product_cat?post=767358"},{"taxonomy":"product_tag","embeddable":true,"href":"https:\/\/roveyayinevi.com.tr\/index.php\/wp-json\/wp\/v2\/product_tag?post=767358"}],"curies":[{"name":"wp","href":"https:\/\/api.w.org\/{rel}","templated":true}]}}