{"id":767354,"date":"2025-08-28T12:44:48","date_gmt":"2025-08-28T09:44:48","guid":{"rendered":"https:\/\/roveyayinevi.com.tr\/index.php\/urun\/bay-bay-bay-dis\/"},"modified":"2026-04-15T03:33:20","modified_gmt":"2026-04-15T00:33:20","slug":"bay-bay-bay-dis","status":"publish","type":"product","link":"https:\/\/roveyayinevi.com.tr\/index.php\/urun\/bay-bay-bay-dis\/","title":{"rendered":"Bay Bay, Bay Di\u015f"},"content":{"rendered":"<p>Bay Di\u015f, onun ilk s\u00fct di\u015fiydi. K\u00fc\u00e7\u00fck bir s\u0131z\u0131yla ba\u015flam\u0131\u015ft\u0131 geli\u015fi. Derken biraz feryat, biraz figan, p\u0131t diye do\u011fuvermi\u015fti Bay Di\u015f. Az zaman ge\u00e7irdiler birlikte \u00e7\u00fcnk\u00fc \u00e7ocuk b\u00fcy\u00fcyecekti. Hayat\u0131 \u00f6\u011frenecek, gezip g\u00f6recek, sevip sevilecekti. Bay Di\u015f ise bekleyecekti. Ta ki bir daha g\u00f6r\u00fc\u015fecekleri g\u00fcne dek&#8230;   \u00c7ocukluk, yerini yeti\u015fkinli\u011fe b\u0131rakt\u0131\u011f\u0131nda, tamamen kaybolup gider mi? Yoksa bir par\u00e7as\u0131yla bize hep e\u015flik ederken, ara ara bulu\u015fup kucakla\u015faca\u011f\u0131m\u0131z o \u00f6zel g\u00fcnleri mi bekler? Bunun cevab\u0131n\u0131 Bay Di\u015f \u00e7ok iyi biliyor, hik\u00e2yeyi de Alp G\u00f6kalp&#8217;e ve Bige Do\u011fu\u2019ya b\u0131rak\u0131yor. <\/p>\n","protected":false},"excerpt":{"rendered":"<p>Bay Di\u015f, onun ilk s\u00fct di\u015fiydi. K\u00fc\u00e7\u00fck bir s\u0131z\u0131yla ba\u015flam\u0131\u015ft\u0131 geli\u015fi. Derken biraz feryat, biraz figan, p\u0131t diye do\u011fuvermi\u015fti Bay Di\u015f. Az zaman ge\u00e7irdiler birlikte \u00e7\u00fcnk\u00fc<span class=\"excerpt-hellip\"> [\u2026]<\/span><\/p>\n","protected":false},"featured_media":0,"template":"","meta":{"_monsterinsights_skip_tracking":false,"_monsterinsights_sitenote_active":false,"_monsterinsights_sitenote_note":"","_monsterinsights_sitenote_category":0},"product_brand":[],"product_cat":[12274,12284],"product_tag":[],"class_list":{"0":"post-767354","1":"product","2":"type-product","3":"status-publish","5":"product_cat-cocuk-ve-genclik-kitaplari","6":"product_cat-hikayeler","7":"pa_cilt-ciltsiz","8":"pa_tur-kitap","9":"pa_yayinevi-can-cocuk-yayinlari","10":"pa_yazar-alp-gokalp","12":"first","13":"instock","14":"sale","15":"shipping-taxable","16":"purchasable","17":"product-type-simple"},"_links":{"self":[{"href":"https:\/\/roveyayinevi.com.tr\/index.php\/wp-json\/wp\/v2\/product\/767354","targetHints":{"allow":["GET"]}}],"collection":[{"href":"https:\/\/roveyayinevi.com.tr\/index.php\/wp-json\/wp\/v2\/product"}],"about":[{"href":"https:\/\/roveyayinevi.com.tr\/index.php\/wp-json\/wp\/v2\/types\/product"}],"wp:attachment":[{"href":"https:\/\/roveyayinevi.com.tr\/index.php\/wp-json\/wp\/v2\/media?parent=767354"}],"wp:term":[{"taxonomy":"product_brand","embeddable":true,"href":"https:\/\/roveyayinevi.com.tr\/index.php\/wp-json\/wp\/v2\/product_brand?post=767354"},{"taxonomy":"product_cat","embeddable":true,"href":"https:\/\/roveyayinevi.com.tr\/index.php\/wp-json\/wp\/v2\/product_cat?post=767354"},{"taxonomy":"product_tag","embeddable":true,"href":"https:\/\/roveyayinevi.com.tr\/index.php\/wp-json\/wp\/v2\/product_tag?post=767354"}],"curies":[{"name":"wp","href":"https:\/\/api.w.org\/{rel}","templated":true}]}}