{"id":767337,"date":"2025-08-28T12:44:19","date_gmt":"2025-08-28T09:44:19","guid":{"rendered":"https:\/\/roveyayinevi.com.tr\/index.php\/urun\/arzuhal-2\/"},"modified":"2026-03-31T12:52:16","modified_gmt":"2026-03-31T09:52:16","slug":"arzuhal-2","status":"publish","type":"product","link":"https:\/\/roveyayinevi.com.tr\/index.php\/urun\/arzuhal-2\/","title":{"rendered":"Arzuhal"},"content":{"rendered":"<p>Osmanl\u0131 topraklar\u0131nda tutunamad\u0131\u011f\u0131 i\u00e7in Avrupa\u2019ya yelken a\u00e7ar Ziya Pa\u015fa. Muhalif olan\u0131n yeri her zaman s\u0131n\u0131r\u0131n \u00f6te yakas\u0131d\u0131r. Memleketi i\u00e7in \u00e7\u0131rp\u0131n\u0131r o uzak diyarlarda. Oralardan devam eder yazmaya. Sonra bir g\u00fcn Sultan Abd\u00fclaziz de \u00e7\u0131kagelir \u0130ngiltere\u2019ye. M\u00fczmin muhalif, hemen bir yaz\u0131 yaz\u0131p sunar padi\u015faha. En tepede durdu\u011fu i\u00e7in g\u00f6remediklerini anlat\u0131r birer birer. Hem kendisinin hem de Osmanl\u0131\u2019n\u0131n h\u00e2l-i p\u00fcr melalini aktar\u0131r ac\u0131 i\u00e7inde. Arzuhal, Ziya Pa\u015fa\u2019dan bug\u00fcne de\u011fi\u015fmeyen ve de\u011fi\u015fmemek i\u00e7in direnen \u015feyleri anlatan bir \u015fairin ac\u0131 dolu \u00e7\u0131\u011fl\u0131\u011f\u0131d\u0131r. Hem orijinal metni hem de g\u00fcn\u00fcm\u00fcz T\u00fcrk\u00e7esine uyarlanm\u0131\u015f haliyle okuyucuya bir damla g\u00f6zya\u015f\u0131d\u0131r. <\/p>\n","protected":false},"excerpt":{"rendered":"<p>Osmanl\u0131 topraklar\u0131nda tutunamad\u0131\u011f\u0131 i\u00e7in Avrupa\u2019ya yelken a\u00e7ar Ziya Pa\u015fa. Muhalif olan\u0131n yeri her zaman s\u0131n\u0131r\u0131n \u00f6te yakas\u0131d\u0131r. Memleketi i\u00e7in \u00e7\u0131rp\u0131n\u0131r o uzak diyarlarda. Oralardan devam eder<span class=\"excerpt-hellip\"> [\u2026]<\/span><\/p>\n","protected":false},"featured_media":0,"template":"","meta":{"_monsterinsights_skip_tracking":false,"_monsterinsights_sitenote_active":false,"_monsterinsights_sitenote_note":"","_monsterinsights_sitenote_category":0},"product_brand":[],"product_cat":[12312,12304],"product_tag":[],"class_list":{"0":"post-767337","1":"product","2":"type-product","3":"status-publish","5":"product_cat-diger","6":"product_cat-tarih","7":"pa_cilt-ciltsiz","8":"pa_tur-kitap","9":"pa_yayinevi-sapiens-yayinlari","10":"pa_yazar-ziya-pasa","12":"first","13":"instock","14":"sale","15":"shipping-taxable","16":"purchasable","17":"product-type-simple"},"_links":{"self":[{"href":"https:\/\/roveyayinevi.com.tr\/index.php\/wp-json\/wp\/v2\/product\/767337","targetHints":{"allow":["GET"]}}],"collection":[{"href":"https:\/\/roveyayinevi.com.tr\/index.php\/wp-json\/wp\/v2\/product"}],"about":[{"href":"https:\/\/roveyayinevi.com.tr\/index.php\/wp-json\/wp\/v2\/types\/product"}],"wp:attachment":[{"href":"https:\/\/roveyayinevi.com.tr\/index.php\/wp-json\/wp\/v2\/media?parent=767337"}],"wp:term":[{"taxonomy":"product_brand","embeddable":true,"href":"https:\/\/roveyayinevi.com.tr\/index.php\/wp-json\/wp\/v2\/product_brand?post=767337"},{"taxonomy":"product_cat","embeddable":true,"href":"https:\/\/roveyayinevi.com.tr\/index.php\/wp-json\/wp\/v2\/product_cat?post=767337"},{"taxonomy":"product_tag","embeddable":true,"href":"https:\/\/roveyayinevi.com.tr\/index.php\/wp-json\/wp\/v2\/product_tag?post=767337"}],"curies":[{"name":"wp","href":"https:\/\/api.w.org\/{rel}","templated":true}]}}