{"id":767285,"date":"2025-08-28T12:42:45","date_gmt":"2025-08-28T09:42:45","guid":{"rendered":"https:\/\/roveyayinevi.com.tr\/index.php\/urun\/otizmi-yonetmek\/"},"modified":"2026-04-15T03:32:51","modified_gmt":"2026-04-15T00:32:51","slug":"otizmi-yonetmek","status":"publish","type":"product","link":"https:\/\/roveyayinevi.com.tr\/index.php\/urun\/otizmi-yonetmek\/","title":{"rendered":"Otizmi Y\u00f6netmek"},"content":{"rendered":"<p>Her \u00e7ocuk ald\u0131\u011f\u0131 otizm te\u015fhisinden fazlas\u0131d\u0131r. T\u00fcm d\u00fcnyada otizm denince akla gelen ilk isimlerden olan Temple Grandin ve psikolog Debra Moore`un bu i\u015fbirli\u011fi, spektrumdaki \u00e7ocuklar\u0131n sa\u011fl\u0131kl\u0131 bi\u00e7imde \u00e7i\u00e7eklenmesinin \u00f6n\u00fcn\u00fc a\u00e7abilecek yakla\u015f\u0131mlar ve m\u00fcdaheleler vadediyor. Otizmi Y\u00f6netmek, g\u00fcncel literat\u00fcrden beslenen, klinik uzmanl\u0131kla g\u00fcndelik tecr\u00fcbelerin dengesini g\u00f6zeten, noksana de\u011fil g\u00fc\u00e7l\u00fc yanlara odaklanan yakla\u015f\u0131m\u0131yla alan\u0131n\u0131n klasiklerinden biri olmaya aday.<\/p>\n","protected":false},"excerpt":{"rendered":"<p>Her \u00e7ocuk ald\u0131\u011f\u0131 otizm te\u015fhisinden fazlas\u0131d\u0131r. T\u00fcm d\u00fcnyada otizm denince akla gelen ilk isimlerden olan Temple Grandin ve psikolog Debra Moore`un bu i\u015fbirli\u011fi, spektrumdaki \u00e7ocuklar\u0131n sa\u011fl\u0131kl\u0131<span class=\"excerpt-hellip\"> [\u2026]<\/span><\/p>\n","protected":false},"featured_media":0,"template":"","meta":{"_monsterinsights_skip_tracking":false,"_monsterinsights_sitenote_active":false,"_monsterinsights_sitenote_note":"","_monsterinsights_sitenote_category":0},"product_brand":[],"product_cat":[20502,12357],"product_tag":[],"class_list":{"0":"post-767285","1":"product","2":"type-product","3":"status-publish","5":"product_cat-basvuru-kitaplari-psikoloji","6":"product_cat-psikoloji","7":"pa_cilt-ciltsiz","8":"pa_tur-kitap","9":"pa_yayinevi-okuyan-us-yayin","10":"pa_yazar-temple-gradin-debra-moore","12":"first","13":"instock","14":"sale","15":"shipping-taxable","16":"purchasable","17":"product-type-simple"},"_links":{"self":[{"href":"https:\/\/roveyayinevi.com.tr\/index.php\/wp-json\/wp\/v2\/product\/767285","targetHints":{"allow":["GET"]}}],"collection":[{"href":"https:\/\/roveyayinevi.com.tr\/index.php\/wp-json\/wp\/v2\/product"}],"about":[{"href":"https:\/\/roveyayinevi.com.tr\/index.php\/wp-json\/wp\/v2\/types\/product"}],"wp:attachment":[{"href":"https:\/\/roveyayinevi.com.tr\/index.php\/wp-json\/wp\/v2\/media?parent=767285"}],"wp:term":[{"taxonomy":"product_brand","embeddable":true,"href":"https:\/\/roveyayinevi.com.tr\/index.php\/wp-json\/wp\/v2\/product_brand?post=767285"},{"taxonomy":"product_cat","embeddable":true,"href":"https:\/\/roveyayinevi.com.tr\/index.php\/wp-json\/wp\/v2\/product_cat?post=767285"},{"taxonomy":"product_tag","embeddable":true,"href":"https:\/\/roveyayinevi.com.tr\/index.php\/wp-json\/wp\/v2\/product_tag?post=767285"}],"curies":[{"name":"wp","href":"https:\/\/api.w.org\/{rel}","templated":true}]}}