{"id":767271,"date":"2025-08-28T12:42:18","date_gmt":"2025-08-28T09:42:18","guid":{"rendered":"https:\/\/roveyayinevi.com.tr\/index.php\/urun\/esrarengiz-magaradan-cikis\/"},"modified":"2026-04-15T03:32:51","modified_gmt":"2026-04-15T00:32:51","slug":"esrarengiz-magaradan-cikis","status":"publish","type":"product","link":"https:\/\/roveyayinevi.com.tr\/index.php\/urun\/esrarengiz-magaradan-cikis\/","title":{"rendered":"Esrarengiz Ma\u011faradan \u00c7\u0131k\u0131\u015f"},"content":{"rendered":"<p>D\u00f6rt arkada\u015f girdikleri esrarengiz bir ma\u011farada beklemedikleri bir labirentin i\u00e7ine d\u00fc\u015ferler. \u00d6nlerine \u00e7\u0131kan sand\u0131ktaki \u00fc\u00e7 zarftan, sadece birini se\u00e7me haklar\u0131 vard\u0131r. \u00c7\u0131k\u0131\u015f\u0131 bulabilmek i\u00e7in zaman kaybetmeye tahamm\u00fclleri yoktur. \u00c7\u0131k\u0131\u015f yolu acaba hangi zarfta? Siz olsayd\u0131n\u0131z hangi zarf\u0131 se\u00e7erdiniz? <\/p>\n","protected":false},"excerpt":{"rendered":"<p>D\u00f6rt arkada\u015f girdikleri esrarengiz bir ma\u011farada beklemedikleri bir labirentin i\u00e7ine d\u00fc\u015ferler. \u00d6nlerine \u00e7\u0131kan sand\u0131ktaki \u00fc\u00e7 zarftan, sadece birini se\u00e7me haklar\u0131 vard\u0131r. \u00c7\u0131k\u0131\u015f\u0131 bulabilmek i\u00e7in zaman kaybetmeye<span class=\"excerpt-hellip\"> [\u2026]<\/span><\/p>\n","protected":false},"featured_media":0,"template":"","meta":{"_monsterinsights_skip_tracking":false,"_monsterinsights_sitenote_active":false,"_monsterinsights_sitenote_note":"","_monsterinsights_sitenote_category":0},"product_brand":[],"product_cat":[12291,12711],"product_tag":[],"class_list":{"0":"post-767271","1":"product","2":"type-product","3":"status-publish","5":"product_cat-edebiyat","6":"product_cat-roman-oyku","7":"pa_cilt-ciltsiz","8":"pa_tur-kitap","9":"pa_yayinevi-hazer-yayinlari","10":"pa_yazar-ahmet-yildiz","12":"first","13":"instock","14":"sale","15":"shipping-taxable","16":"purchasable","17":"product-type-simple"},"_links":{"self":[{"href":"https:\/\/roveyayinevi.com.tr\/index.php\/wp-json\/wp\/v2\/product\/767271","targetHints":{"allow":["GET"]}}],"collection":[{"href":"https:\/\/roveyayinevi.com.tr\/index.php\/wp-json\/wp\/v2\/product"}],"about":[{"href":"https:\/\/roveyayinevi.com.tr\/index.php\/wp-json\/wp\/v2\/types\/product"}],"wp:attachment":[{"href":"https:\/\/roveyayinevi.com.tr\/index.php\/wp-json\/wp\/v2\/media?parent=767271"}],"wp:term":[{"taxonomy":"product_brand","embeddable":true,"href":"https:\/\/roveyayinevi.com.tr\/index.php\/wp-json\/wp\/v2\/product_brand?post=767271"},{"taxonomy":"product_cat","embeddable":true,"href":"https:\/\/roveyayinevi.com.tr\/index.php\/wp-json\/wp\/v2\/product_cat?post=767271"},{"taxonomy":"product_tag","embeddable":true,"href":"https:\/\/roveyayinevi.com.tr\/index.php\/wp-json\/wp\/v2\/product_tag?post=767271"}],"curies":[{"name":"wp","href":"https:\/\/api.w.org\/{rel}","templated":true}]}}