{"id":767266,"date":"2025-08-28T12:42:10","date_gmt":"2025-08-28T09:42:10","guid":{"rendered":"https:\/\/roveyayinevi.com.tr\/index.php\/urun\/baskasi-icin-evlenmek\/"},"modified":"2026-04-15T03:32:51","modified_gmt":"2026-04-15T00:32:51","slug":"baskasi-icin-evlenmek","status":"publish","type":"product","link":"https:\/\/roveyayinevi.com.tr\/index.php\/urun\/baskasi-icin-evlenmek\/","title":{"rendered":"Ba\u015fkas\u0131 \u0130\u00e7in Evlenmek"},"content":{"rendered":"<p>An\u0131lar\u0131ma dalm\u0131\u015fken bir de bakt\u0131m ki, anlat\u0131lacak o kadar \u00e7ok \u015fey var ki, hepsi de insanlar\u0131n y\u00fczlerinde bir tebess\u00fcm, bazen de kalplerinde bir ince s\u0131z\u0131 b\u0131rakacak \u015feyler. Bu kitap b\u00f6yle ortaya \u00e7\u0131kt\u0131. Eminim ki bu kitab\u0131 okuduktan sonra \u00e7o\u011funuz \u201cAa benim de ba\u015f\u0131mdan b\u00f6yle nice \u015feyler ge\u00e7mi\u015f\u201d diyebileceksiniz. Asl\u0131nda ne de az yaz\u0131yoruz. Ke\u015fke herkes, ba\u015f\u0131ndan ge\u00e7enleri, ya\u015fad\u0131klar\u0131n\u0131, ya\u015fayamad\u0131klar\u0131n\u0131 bir \u015fekilde k\u00e2\u011f\u0131da d\u00f6kebilse\u2026 <\/p>\n","protected":false},"excerpt":{"rendered":"<p>An\u0131lar\u0131ma dalm\u0131\u015fken bir de bakt\u0131m ki, anlat\u0131lacak o kadar \u00e7ok \u015fey var ki, hepsi de insanlar\u0131n y\u00fczlerinde bir tebess\u00fcm, bazen de kalplerinde bir ince s\u0131z\u0131 b\u0131rakacak<span class=\"excerpt-hellip\"> [\u2026]<\/span><\/p>\n","protected":false},"featured_media":0,"template":"","meta":{"_monsterinsights_skip_tracking":false,"_monsterinsights_sitenote_active":false,"_monsterinsights_sitenote_note":"","_monsterinsights_sitenote_category":0},"product_brand":[],"product_cat":[13701,12291],"product_tag":[],"class_list":{"0":"post-767266","1":"product","2":"type-product","3":"status-publish","5":"product_cat-ani-mektup-gunluk","6":"product_cat-edebiyat","7":"pa_cilt-ciltsiz","8":"pa_tur-kitap","9":"pa_yayinevi-kuytu-yayinlari","10":"pa_yazar-tahir-orhan","12":"first","13":"instock","14":"sale","15":"shipping-taxable","16":"purchasable","17":"product-type-simple"},"_links":{"self":[{"href":"https:\/\/roveyayinevi.com.tr\/index.php\/wp-json\/wp\/v2\/product\/767266","targetHints":{"allow":["GET"]}}],"collection":[{"href":"https:\/\/roveyayinevi.com.tr\/index.php\/wp-json\/wp\/v2\/product"}],"about":[{"href":"https:\/\/roveyayinevi.com.tr\/index.php\/wp-json\/wp\/v2\/types\/product"}],"wp:attachment":[{"href":"https:\/\/roveyayinevi.com.tr\/index.php\/wp-json\/wp\/v2\/media?parent=767266"}],"wp:term":[{"taxonomy":"product_brand","embeddable":true,"href":"https:\/\/roveyayinevi.com.tr\/index.php\/wp-json\/wp\/v2\/product_brand?post=767266"},{"taxonomy":"product_cat","embeddable":true,"href":"https:\/\/roveyayinevi.com.tr\/index.php\/wp-json\/wp\/v2\/product_cat?post=767266"},{"taxonomy":"product_tag","embeddable":true,"href":"https:\/\/roveyayinevi.com.tr\/index.php\/wp-json\/wp\/v2\/product_tag?post=767266"}],"curies":[{"name":"wp","href":"https:\/\/api.w.org\/{rel}","templated":true}]}}