{"id":767262,"date":"2025-08-28T12:42:03","date_gmt":"2025-08-28T09:42:03","guid":{"rendered":"https:\/\/roveyayinevi.com.tr\/index.php\/urun\/is-para-cinsellik\/"},"modified":"2026-04-08T03:29:59","modified_gmt":"2026-04-08T00:29:59","slug":"is-para-cinsellik","status":"publish","type":"product","link":"https:\/\/roveyayinevi.com.tr\/index.php\/urun\/is-para-cinsellik\/","title":{"rendered":"\u0130\u015f Para Cinsellik"},"content":{"rendered":"<p>Ch\u00f6gyam Trungpa\u2019dan; hayat\u0131m\u0131zdaki en zor konularla \u00e7al\u0131\u015fmam\u0131z i\u00e7in ihtiya\u00e7 duydu\u011fumuz ara\u00e7lar\u0131 sa\u011flayan otantik bir bilgelik kitab\u0131&#8230;  Hemen her g\u00fcn i\u015f, para, cinsellik ile \u00f6zetlenebilecek bir dizi deneyimin getirdi\u011fi zorluklarla y\u00fczle\u015fiyoruz. Hepimiz, hayat\u0131n bu unsurlar\u0131n\u0131n bize tatmin ve mutluluk getirmesini umuyoruz. Ancak ayn\u0131 zamanda bu unsurlar s\u00fcrekli olarak sorunlar\u0131n da kayna\u011f\u0131 haline geliyor. Ch\u00f6gyam Trungpa&#8217;ya g\u00f6re en iyi re\u00e7ete \u015fudur: ger\u00e7ekli\u011fin bir dozu art\u0131 hem kendimize hem de d\u00fcnyam\u0131za duydu\u011fumuz sayg\u0131n\u0131n bir dozu. Trungpa&#8217;n\u0131n i\u015f, para ve cinsellik \u00fczerine derin \u00f6\u011fretileri, hayat\u0131n beklenmedik d\u00f6neme\u00e7leriyle onur, mizah, hatta ne\u015fe i\u00e7inde ba\u015fa \u00e7\u0131kabilme yetimizi \u00f6n plana \u00e7\u0131kar\u0131yor&#8230; Trungpa, ruhani olan ile s\u0131radan olan aras\u0131ndaki bariyeri kald\u0131rarak i\u015fe ba\u015fl\u0131yor. \u0130\u015f, para ve cinselli\u011fin, g\u00fcnl\u00fck ya\u015fam\u0131m\u0131z\u0131n oldu\u011fu kadar manevi hayat\u0131m\u0131z\u0131n da bir par\u00e7as\u0131 oldu\u011funu g\u00f6sterirken, ego, \u00f6z imaj, karma, fark\u0131ndal\u0131k ve meditasyon ba\u011flam\u0131nda ele al\u0131yor. &#8220;En zor anlarda ve en kaotik deneyimlerde bize irade ve cesaret veren \u015fey, do\u011frudan ve anl\u0131k deneyimlerimize olan inanc\u0131m\u0131zd\u0131r.&#8221;<\/p>\n","protected":false},"excerpt":{"rendered":"<p>Ch\u00f6gyam Trungpa\u2019dan; hayat\u0131m\u0131zdaki en zor konularla \u00e7al\u0131\u015fmam\u0131z i\u00e7in ihtiya\u00e7 duydu\u011fumuz ara\u00e7lar\u0131 sa\u011flayan otantik bir bilgelik kitab\u0131&#8230; Hemen her g\u00fcn i\u015f, para, cinsellik ile \u00f6zetlenebilecek bir dizi<span class=\"excerpt-hellip\"> [\u2026]<\/span><\/p>\n","protected":false},"featured_media":0,"template":"","meta":{"_monsterinsights_skip_tracking":false,"_monsterinsights_sitenote_active":false,"_monsterinsights_sitenote_note":"","_monsterinsights_sitenote_category":0},"product_brand":[],"product_cat":[12364,12376],"product_tag":[],"class_list":{"0":"post-767262","1":"product","2":"type-product","3":"status-publish","5":"product_cat-genel-konular","6":"product_cat-kisisel-gelisim","7":"pa_cilt-ciltsiz","8":"pa_tur-kitap","9":"pa_yayinevi-nemesis-kitap","10":"pa_yazar-chogyam-trungpa","12":"first","13":"instock","14":"sale","15":"shipping-taxable","16":"purchasable","17":"product-type-simple"},"_links":{"self":[{"href":"https:\/\/roveyayinevi.com.tr\/index.php\/wp-json\/wp\/v2\/product\/767262","targetHints":{"allow":["GET"]}}],"collection":[{"href":"https:\/\/roveyayinevi.com.tr\/index.php\/wp-json\/wp\/v2\/product"}],"about":[{"href":"https:\/\/roveyayinevi.com.tr\/index.php\/wp-json\/wp\/v2\/types\/product"}],"wp:attachment":[{"href":"https:\/\/roveyayinevi.com.tr\/index.php\/wp-json\/wp\/v2\/media?parent=767262"}],"wp:term":[{"taxonomy":"product_brand","embeddable":true,"href":"https:\/\/roveyayinevi.com.tr\/index.php\/wp-json\/wp\/v2\/product_brand?post=767262"},{"taxonomy":"product_cat","embeddable":true,"href":"https:\/\/roveyayinevi.com.tr\/index.php\/wp-json\/wp\/v2\/product_cat?post=767262"},{"taxonomy":"product_tag","embeddable":true,"href":"https:\/\/roveyayinevi.com.tr\/index.php\/wp-json\/wp\/v2\/product_tag?post=767262"}],"curies":[{"name":"wp","href":"https:\/\/api.w.org\/{rel}","templated":true}]}}