{"id":767247,"date":"2025-08-28T12:41:36","date_gmt":"2025-08-28T09:41:36","guid":{"rendered":"https:\/\/roveyayinevi.com.tr\/index.php\/urun\/ikinci-bir-sans\/"},"modified":"2026-04-15T03:32:50","modified_gmt":"2026-04-15T00:32:50","slug":"ikinci-bir-sans","status":"publish","type":"product","link":"https:\/\/roveyayinevi.com.tr\/index.php\/urun\/ikinci-bir-sans\/","title":{"rendered":"\u0130kinci Bir \u015fans"},"content":{"rendered":"<p>\u0130kinci \u015fansa inan\u0131r m\u0131s\u0131n\u0131z? Peki ya bu ikinci \u015fans, berbat ge\u00e7irdi\u011finiz y\u0131l\u0131n\u0131z\u0131 yeniden ya\u015faman\u0131z i\u00e7in verilirse? Cazibe, zek\u00e2 ve biraz da sihirle dolu bu unutulmaz hik\u00e2yede, \u015fans\u0131 yaver gitmeyen bir kad\u0131na hayat\u0131n\u0131 d\u00fczeltmek ve k\u00f6t\u00fc ge\u00e7en bir y\u0131l\u0131n\u0131 yeniden ya\u015famak i\u00e7in ikinci bir \u015fans verilir. Sadie\u2019nin hayat\u0131 aniden alt \u00fcst olmu\u015ftur. Bir anda i\u015fini, evini kaybetmi\u015ftir ve erkek arkada\u015f\u0131 taraf\u0131ndan terk edilmi\u015ftir. Hepsi de d\u00fc\u015f\u00fck \u00e7enesi y\u00fcz\u00fcnden ba\u015f\u0131na gelmi\u015ftir. Bir falc\u0131 ona bir dilek hakk\u0131 tan\u0131y\u0131nca Sadie, berbat ge\u00e7en y\u0131l\u0131n\u0131 yeniden ya\u015famay\u0131 diler. \u0130\u00e7ten i\u00e7e, sihrin hayat\u0131n\u0131 d\u00fczeltece\u011fine inanmasa da bir anl\u0131k istekle dile\u011fini tutar, g\u00f6zlerini a\u00e7t\u0131\u011f\u0131nda\u2026 Hi\u00e7bir \u015fey de\u011fi\u015fmemi\u015ftir. T\u00fcm bunlar\u0131n \u00fczerine o gece belki de \u015fimdiye kadarki en aptalca \u015feyi yaparak karde\u015finin en yak\u0131n arkada\u015f\u0131 Jacob&#8217;\u0131 \u00f6pm\u00fc\u015ft\u00fcr. Sadie ertesi sabah uyand\u0131\u011f\u0131nda, eski dairesinde, eski erkek arkada\u015f\u0131yla birliktedir ve eski patronu onu i\u015f yerinde beklemektedir. Tarihi kontrol etti\u011finde, ge\u00e7en y\u0131l\u0131n 1 Ocak&#8217;\u0131 oldu\u011funu fark eder. Sadie ikinci \u015fans y\u0131l\u0131n\u0131 ya\u015farken ili\u015fkisinde ve kariyerinde g\u00f6zden ka\u00e7\u0131rd\u0131\u011f\u0131 noktalar\u0131 g\u00f6rmeye ba\u015flar. Ancak Jacob\u2019la her kar\u015f\u0131la\u015ft\u0131\u011f\u0131nda onun hi\u00e7 ger\u00e7ekle\u015fti\u011fini bilmedi\u011fi \u00f6p\u00fc\u015fmelerini d\u00fc\u015f\u00fcnmeden edemez. Birdenbire Sadie, tek hatas\u0131n\u0131n ikinci bir \u015fans dilemek olup olmad\u0131\u011f\u0131n\u0131 sorgulamaya ba\u015flar.<\/p>\n","protected":false},"excerpt":{"rendered":"<p>\u0130kinci \u015fansa inan\u0131r m\u0131s\u0131n\u0131z? Peki ya bu ikinci \u015fans, berbat ge\u00e7irdi\u011finiz y\u0131l\u0131n\u0131z\u0131 yeniden ya\u015faman\u0131z i\u00e7in verilirse? Cazibe, zek\u00e2 ve biraz da sihirle dolu bu unutulmaz hik\u00e2yede,<span class=\"excerpt-hellip\"> [\u2026]<\/span><\/p>\n","protected":false},"featured_media":0,"template":"","meta":{"_monsterinsights_skip_tracking":false,"_monsterinsights_sitenote_active":false,"_monsterinsights_sitenote_note":"","_monsterinsights_sitenote_category":0},"product_brand":[],"product_cat":[12291,12711],"product_tag":[],"class_list":{"0":"post-767247","1":"product","2":"type-product","3":"status-publish","5":"product_cat-edebiyat","6":"product_cat-roman-oyku","7":"pa_cilt-ciltsiz","8":"pa_tur-kitap","9":"pa_yayinevi-artemis-yayinlari","10":"pa_yazar-melissa-wiesner","12":"first","13":"instock","14":"sale","15":"shipping-taxable","16":"purchasable","17":"product-type-simple"},"_links":{"self":[{"href":"https:\/\/roveyayinevi.com.tr\/index.php\/wp-json\/wp\/v2\/product\/767247","targetHints":{"allow":["GET"]}}],"collection":[{"href":"https:\/\/roveyayinevi.com.tr\/index.php\/wp-json\/wp\/v2\/product"}],"about":[{"href":"https:\/\/roveyayinevi.com.tr\/index.php\/wp-json\/wp\/v2\/types\/product"}],"wp:attachment":[{"href":"https:\/\/roveyayinevi.com.tr\/index.php\/wp-json\/wp\/v2\/media?parent=767247"}],"wp:term":[{"taxonomy":"product_brand","embeddable":true,"href":"https:\/\/roveyayinevi.com.tr\/index.php\/wp-json\/wp\/v2\/product_brand?post=767247"},{"taxonomy":"product_cat","embeddable":true,"href":"https:\/\/roveyayinevi.com.tr\/index.php\/wp-json\/wp\/v2\/product_cat?post=767247"},{"taxonomy":"product_tag","embeddable":true,"href":"https:\/\/roveyayinevi.com.tr\/index.php\/wp-json\/wp\/v2\/product_tag?post=767247"}],"curies":[{"name":"wp","href":"https:\/\/api.w.org\/{rel}","templated":true}]}}