{"id":767244,"date":"2025-08-28T12:41:30","date_gmt":"2025-08-28T09:41:30","guid":{"rendered":"https:\/\/roveyayinevi.com.tr\/index.php\/urun\/socrates-dusunen-spor-dergisi-sayi-96\/"},"modified":"2026-04-15T03:32:50","modified_gmt":"2026-04-15T00:32:50","slug":"socrates-dusunen-spor-dergisi-sayi-96","status":"publish","type":"product","link":"https:\/\/roveyayinevi.com.tr\/index.php\/urun\/socrates-dusunen-spor-dergisi-sayi-96\/","title":{"rendered":"Socrates D\u00fc\u015f\u00fcnen Spor Dergisi Say\u0131: 96"},"content":{"rendered":"<p>Socrates Dergi, y\u0131lda iki say\u0131 \u00e7\u0131karma plan\u0131yla \u00e7\u0131kt\u0131\u011f\u0131 yeni yolda alt\u0131 ayl\u0131k aran\u0131n ard\u0131ndan 2024\u2019\u00fcn ikinci say\u0131s\u0131yla raflara yeniden konuk oluyor. Socrates Dergi No:96 i\u00e7eri\u011fini tamamen 2000\u2019li y\u0131llar \u00f6zel konseptine ay\u0131rd\u0131. Daha \u00f6nce 1970\u2019ler, 80\u2019ler, 90\u2019lar, 2010\u2019lar olmak \u00fczere d\u00f6rt kez yapt\u0131\u011f\u0131 d\u00f6nem say\u0131lar\u0131na bir yenisini ekleyen dergi; yeni milenyumun 25. y\u0131l\u0131na ve Socrates Dergi\u2019nin de 10. ya\u015f g\u00fcn\u00fcne do\u011fru ilerledi\u011fimiz \u015fu g\u00fcnlerde bu bin y\u0131l\u0131n ba\u015flar\u0131na d\u00f6n\u00fcp bakmay\u0131 tercih ediyor. Ge\u00e7mi\u015fe bakarak bug\u00fcn\u00fc de anlamaya ve anlatmaya \u00e7al\u0131\u015f\u0131yor. Bu say\u0131da dergi ekibi hem 2000\u2019lerden kalan hat\u0131ra defterlerinin sayfalar\u0131n\u0131 kar\u0131\u015ft\u0131r\u0131yor hem de 2000\u2019lerin g\u00fcn\u00fcm\u00fcze yans\u0131mas\u0131na dair retrospektif \u00e7al\u0131\u015fmalar sunuyor.<\/p>\n","protected":false},"excerpt":{"rendered":"<p>Socrates Dergi, y\u0131lda iki say\u0131 \u00e7\u0131karma plan\u0131yla \u00e7\u0131kt\u0131\u011f\u0131 yeni yolda alt\u0131 ayl\u0131k aran\u0131n ard\u0131ndan 2024\u2019\u00fcn ikinci say\u0131s\u0131yla raflara yeniden konuk oluyor. Socrates Dergi No:96 i\u00e7eri\u011fini tamamen<span class=\"excerpt-hellip\"> [\u2026]<\/span><\/p>\n","protected":false},"featured_media":0,"template":"","meta":{"_monsterinsights_skip_tracking":false,"_monsterinsights_sitenote_active":false,"_monsterinsights_sitenote_note":"","_monsterinsights_sitenote_category":0},"product_brand":[],"product_cat":[13527],"product_tag":[],"class_list":{"0":"post-767244","1":"product","2":"type-product","3":"status-publish","5":"product_cat-sureli-yayinlar","6":"pa_cilt-ciltsiz","7":"pa_tur-dergi","8":"pa_yayinevi-can-yayinlari","9":"pa_yazar-kolektif","11":"first","12":"instock","13":"sale","14":"shipping-taxable","15":"purchasable","16":"product-type-simple"},"_links":{"self":[{"href":"https:\/\/roveyayinevi.com.tr\/index.php\/wp-json\/wp\/v2\/product\/767244","targetHints":{"allow":["GET"]}}],"collection":[{"href":"https:\/\/roveyayinevi.com.tr\/index.php\/wp-json\/wp\/v2\/product"}],"about":[{"href":"https:\/\/roveyayinevi.com.tr\/index.php\/wp-json\/wp\/v2\/types\/product"}],"wp:attachment":[{"href":"https:\/\/roveyayinevi.com.tr\/index.php\/wp-json\/wp\/v2\/media?parent=767244"}],"wp:term":[{"taxonomy":"product_brand","embeddable":true,"href":"https:\/\/roveyayinevi.com.tr\/index.php\/wp-json\/wp\/v2\/product_brand?post=767244"},{"taxonomy":"product_cat","embeddable":true,"href":"https:\/\/roveyayinevi.com.tr\/index.php\/wp-json\/wp\/v2\/product_cat?post=767244"},{"taxonomy":"product_tag","embeddable":true,"href":"https:\/\/roveyayinevi.com.tr\/index.php\/wp-json\/wp\/v2\/product_tag?post=767244"}],"curies":[{"name":"wp","href":"https:\/\/api.w.org\/{rel}","templated":true}]}}