{"id":767241,"date":"2025-08-28T12:41:26","date_gmt":"2025-08-28T09:41:26","guid":{"rendered":"https:\/\/roveyayinevi.com.tr\/index.php\/urun\/selanikli-hilmi-musavver-buyuk-osmanli-tarihi\/"},"modified":"2026-04-15T03:32:50","modified_gmt":"2026-04-15T00:32:50","slug":"selanikli-hilmi-musavver-buyuk-osmanli-tarihi","status":"publish","type":"product","link":"https:\/\/roveyayinevi.com.tr\/index.php\/urun\/selanikli-hilmi-musavver-buyuk-osmanli-tarihi\/","title":{"rendered":"Selanikli Hilmi Musavver B\u00fcy\u00fck Osmanl\u0131 Tarihi"},"content":{"rendered":"<p>\u00b7         H\u00fcl\u00e2sa-i Maksad \u00b7         \u015e\u00e2nl\u0131 Bir Devletin B\u00e2ni-i Muhte\u015femi \u00b7         Osm\u00e2nl\u0131 Devleti\u2019nin Bid\u00e2yet-i \u0130stikl\u00e2li \u00b7         Devr-i Orhan Gaz\u00ee \u00b7         Devr-i H\u00fcd\u00e2vendig\u00e2r \u00b7         Devr-i Y\u0131ld\u0131r\u0131m B\u00e2yezid \u00b7         Sult\u00e2n Murad-\u0131 S\u00e2n\u00ee Devri \u00b7         \u0130kinci Sult\u00e2n Mehmed\u2019in Birinci Devr-i Saltanat\u0131 \u00b7         F\u00e2tih Sult\u00e2n Mehmed Devri \u0130kinci C\u00fcl\u00fbs\u0131 \u00b7         Sult\u00e2n B\u00e2yezid-\u0131 S\u00e2n\u00eenin Devr-i Saltanat\u0131 \u00b7         Cem Sult\u00e2n Vak\u2019as\u0131 \u00b7         Devr-i Sult\u00e2n Selim-i Evvel <\/p>\n","protected":false},"excerpt":{"rendered":"<p>\u00b7 H\u00fcl\u00e2sa-i Maksad \u00b7 \u015e\u00e2nl\u0131 Bir Devletin B\u00e2ni-i Muhte\u015femi \u00b7 Osm\u00e2nl\u0131 Devleti\u2019nin Bid\u00e2yet-i \u0130stikl\u00e2li \u00b7 Devr-i Orhan Gaz\u00ee \u00b7 Devr-i H\u00fcd\u00e2vendig\u00e2r \u00b7 Devr-i Y\u0131ld\u0131r\u0131m B\u00e2yezid \u00b7<span class=\"excerpt-hellip\"> [\u2026]<\/span><\/p>\n","protected":false},"featured_media":0,"template":"","meta":{"_monsterinsights_skip_tracking":false,"_monsterinsights_sitenote_active":false,"_monsterinsights_sitenote_note":"","_monsterinsights_sitenote_category":0},"product_brand":[],"product_cat":[13517,12304],"product_tag":[],"class_list":{"0":"post-767241","1":"product","2":"type-product","3":"status-publish","5":"product_cat-osmanli-tarihi","6":"product_cat-tarih","7":"pa_cilt-ciltsiz","8":"pa_tur-kitap","9":"pa_yayinevi-gazi-kitabevi","10":"pa_yazar-tevfik-evci","12":"first","13":"instock","14":"sale","15":"shipping-taxable","16":"purchasable","17":"product-type-simple"},"_links":{"self":[{"href":"https:\/\/roveyayinevi.com.tr\/index.php\/wp-json\/wp\/v2\/product\/767241","targetHints":{"allow":["GET"]}}],"collection":[{"href":"https:\/\/roveyayinevi.com.tr\/index.php\/wp-json\/wp\/v2\/product"}],"about":[{"href":"https:\/\/roveyayinevi.com.tr\/index.php\/wp-json\/wp\/v2\/types\/product"}],"wp:attachment":[{"href":"https:\/\/roveyayinevi.com.tr\/index.php\/wp-json\/wp\/v2\/media?parent=767241"}],"wp:term":[{"taxonomy":"product_brand","embeddable":true,"href":"https:\/\/roveyayinevi.com.tr\/index.php\/wp-json\/wp\/v2\/product_brand?post=767241"},{"taxonomy":"product_cat","embeddable":true,"href":"https:\/\/roveyayinevi.com.tr\/index.php\/wp-json\/wp\/v2\/product_cat?post=767241"},{"taxonomy":"product_tag","embeddable":true,"href":"https:\/\/roveyayinevi.com.tr\/index.php\/wp-json\/wp\/v2\/product_tag?post=767241"}],"curies":[{"name":"wp","href":"https:\/\/api.w.org\/{rel}","templated":true}]}}

Selanikli Hilmi Musavver Büyük Osmanlı Tarihi

<p>·         Hülâsa-i Maksad ·         Şânlı Bir Devletin Bâni-i Muhteşemi ·         Osmânlı Devleti’nin Bidâyet-i İstiklâli ·         Devr-i Orhan Gazî ·         Devr-i Hüdâvendigâr ·         Devr-i Yıldırım Bâyezid ·         Sultân Murad-ı Sânî Devri ·         İkinci Sultân Mehmed’in Birinci Devr-i Saltanatı ·         Fâtih Sultân Mehmed Devri İkinci Cülûsı ·         Sultân Bâyezid-ı Sânînin Devr-i Saltanatı ·         Cem Sultân Vak’ası ·         Devr-i Sultân Selim-i Evvel </p>

<p>· Hülâsa-i Maksad · Şânlı Bir Devletin Bâni-i Muhteşemi · Osmânlı Devleti’nin Bidâyet-i İstiklâli · Devr-i Orhan Gazî · Devr-i Hüdâvendigâr · Devr-i Yıldırım Bâyezid ·<span class="excerpt-hellip"> […]</span></p>
