{"id":767236,"date":"2025-08-28T12:41:16","date_gmt":"2025-08-28T09:41:16","guid":{"rendered":"https:\/\/roveyayinevi.com.tr\/index.php\/urun\/sakin-kaplani-dusunme\/"},"modified":"2026-04-15T03:32:50","modified_gmt":"2026-04-15T00:32:50","slug":"sakin-kaplani-dusunme","status":"publish","type":"product","link":"https:\/\/roveyayinevi.com.tr\/index.php\/urun\/sakin-kaplani-dusunme\/","title":{"rendered":"Sak\u0131n Kaplan\u0131 D\u00fc\u015f\u00fcnme"},"content":{"rendered":"<p>\u00c7ekirdek ile Yumurta, Meyveler Sebzelere Kar\u015f\u0131 ve Ben Karanl\u0131ktan Hi\u00e7 Korkmam\u2019\u0131n yazar\u0131ndan\u2026   Biliyor musun, eline ald\u0131\u011f\u0131n bu kitap S\u0130H\u0130RL\u0130! Nas\u0131l m\u0131? Sen bir \u015fey d\u00fc\u015f\u00fcn\u00fcyorsun, can\u0131n ne isterse, ben sonraki sayfaya o d\u00fc\u015f\u00fcnd\u00fc\u011f\u00fcn \u015feyin resmini \u00e7iziyorum. Ama senden tek bir iste\u011fim var, l\u00fctfen ama l\u00fctfen\u2026 SAKIN KAPLAN D\u00dc\u015e\u00dcNEY\u0130M DEME! <\/p>\n","protected":false},"excerpt":{"rendered":"<p>\u00c7ekirdek ile Yumurta, Meyveler Sebzelere Kar\u015f\u0131 ve Ben Karanl\u0131ktan Hi\u00e7 Korkmam\u2019\u0131n yazar\u0131ndan\u2026 Biliyor musun, eline ald\u0131\u011f\u0131n bu kitap S\u0130H\u0130RL\u0130! Nas\u0131l m\u0131? Sen bir \u015fey d\u00fc\u015f\u00fcn\u00fcyorsun, can\u0131n<span class=\"excerpt-hellip\"> [\u2026]<\/span><\/p>\n","protected":false},"featured_media":0,"template":"","meta":{"_monsterinsights_skip_tracking":false,"_monsterinsights_sitenote_active":false,"_monsterinsights_sitenote_note":"","_monsterinsights_sitenote_category":0},"product_brand":[],"product_cat":[12274,12518],"product_tag":[],"class_list":{"0":"post-767236","1":"product","2":"type-product","3":"status-publish","5":"product_cat-cocuk-ve-genclik-kitaplari","6":"product_cat-okul-oncesi-kitaplar","7":"pa_cilt-ciltsiz","8":"pa_tur-kitap","9":"pa_yayinevi-domingo-yayinevi","10":"pa_yazar-alex-latimer","12":"first","13":"instock","14":"sale","15":"shipping-taxable","16":"purchasable","17":"product-type-simple"},"_links":{"self":[{"href":"https:\/\/roveyayinevi.com.tr\/index.php\/wp-json\/wp\/v2\/product\/767236","targetHints":{"allow":["GET"]}}],"collection":[{"href":"https:\/\/roveyayinevi.com.tr\/index.php\/wp-json\/wp\/v2\/product"}],"about":[{"href":"https:\/\/roveyayinevi.com.tr\/index.php\/wp-json\/wp\/v2\/types\/product"}],"wp:attachment":[{"href":"https:\/\/roveyayinevi.com.tr\/index.php\/wp-json\/wp\/v2\/media?parent=767236"}],"wp:term":[{"taxonomy":"product_brand","embeddable":true,"href":"https:\/\/roveyayinevi.com.tr\/index.php\/wp-json\/wp\/v2\/product_brand?post=767236"},{"taxonomy":"product_cat","embeddable":true,"href":"https:\/\/roveyayinevi.com.tr\/index.php\/wp-json\/wp\/v2\/product_cat?post=767236"},{"taxonomy":"product_tag","embeddable":true,"href":"https:\/\/roveyayinevi.com.tr\/index.php\/wp-json\/wp\/v2\/product_tag?post=767236"}],"curies":[{"name":"wp","href":"https:\/\/api.w.org\/{rel}","templated":true}]}}