{"id":767226,"date":"2025-08-28T12:40:28","date_gmt":"2025-08-28T09:40:28","guid":{"rendered":"https:\/\/roveyayinevi.com.tr\/index.php\/urun\/ilkel-zihniyet\/"},"modified":"2026-04-15T03:32:50","modified_gmt":"2026-04-15T00:32:50","slug":"ilkel-zihniyet","status":"publish","type":"product","link":"https:\/\/roveyayinevi.com.tr\/index.php\/urun\/ilkel-zihniyet\/","title":{"rendered":"\u0130lkel Zihniyet"},"content":{"rendered":"<p>Levy-Bruhl, \u201cilkel\u201d zihniyeti \u201cuygar\u201d zihniyetten ay\u0131raraktan\u0131mlamaya \u00e7al\u0131\u015ft\u0131\u011f\u0131 eserinde, \u201cyerlilerin nas\u0131l du\u0308\u015fu\u0308ndu\u0308\u011fu\u0308nu\u0308,\u201d \u201cduyularla alg\u0131lanamayan ama yine de ger\u00e7ek\u201d gu\u0308\u00e7lerin etkisi alt\u0131nda nas\u0131l davrand\u0131klar\u0131n\u0131 anlat\u0131yor. Nedenselli\u011fin ne oldu\u011funu ve buna ili\u015fkin du\u0308\u015fu\u0308ncelerinden ortaya \u00e7\u0131kan sonu\u00e7lar\u0131 g\u00f6steriyor.L\u00e9vy-Bruhl, \u0130lkel Zihniyet ile ilkellerin; kurumlar\u0131, teknikleri,sanatlar\u0131 ve dillerinden ileri gelen bu\u0308yu\u0308k sorunlar\u0131n baz\u0131lar\u0131n\u0131 daha iyi tan\u0131mlamay\u0131 mu\u0308mku\u0308n k\u0131l\u0131yor. Bunu mu\u0308mku\u0308n oldu\u011funca do\u011fru bir \u015fekilde bu zihniyetin do\u011fru y\u00f6nelimini, hangi verilere sahip oldu\u011funu; bunlar\u0131 nas\u0131l elde etti\u011fini, bunlardan ne \u015fekilde yararland\u0131\u011f\u0131n\u0131 belirterek yap\u0131yor. Bruhl, bizimkinden farkl\u0131 olmas\u0131 a\u00e7\u0131s\u0131ndan bu toplumlar\u0131n zihinsel al\u0131\u015fkanl\u0131klar\u0131n\u0131n bilinmesinin, \u00e7\u00f6zu\u0308me ula\u015fmam\u0131z\u0131 kolayla\u015ft\u0131racak sorular sormaya yard\u0131mc\u0131 olaca\u011f\u0131n\u0131 savunuyor.\u0130lkel Zihniyet, ilkel olarak adland\u0131rd\u0131\u011f\u0131m\u0131z ve bize hem \u00e7ok uzak hem de \u00e7ok yak\u0131n olan bu toplumlar\u0131n du\u0308\u015fu\u0308nce tarzlar\u0131na ve eylem ilkelerine nu\u0308fuz etmek i\u00e7in \u00f6nemli bir kaynak niteli\u011fi ta\u015f\u0131yor.<\/p>\n","protected":false},"excerpt":{"rendered":"<p>Levy-Bruhl, \u201cilkel\u201d zihniyeti \u201cuygar\u201d zihniyetten ay\u0131raraktan\u0131mlamaya \u00e7al\u0131\u015ft\u0131\u011f\u0131 eserinde, \u201cyerlilerin nas\u0131l du\u0308\u015fu\u0308ndu\u0308\u011fu\u0308nu\u0308,\u201d \u201cduyularla alg\u0131lanamayan ama yine de ger\u00e7ek\u201d gu\u0308\u00e7lerin etkisi alt\u0131nda nas\u0131l davrand\u0131klar\u0131n\u0131 anlat\u0131yor. Nedenselli\u011fin ne oldu\u011funu<span class=\"excerpt-hellip\"> [\u2026]<\/span><\/p>\n","protected":false},"featured_media":0,"template":"","meta":{"_monsterinsights_skip_tracking":false,"_monsterinsights_sitenote_active":false,"_monsterinsights_sitenote_note":"","_monsterinsights_sitenote_category":0},"product_brand":[],"product_cat":[12324],"product_tag":[],"class_list":{"0":"post-767226","1":"product","2":"type-product","3":"status-publish","5":"product_cat-sosyoloji","6":"pa_cilt-ciltsiz","7":"pa_tur-kitap","8":"pa_yayinevi-albaraka-yayinlari","9":"pa_yazar-lucien-levy-bruhl","11":"first","12":"instock","13":"sale","14":"shipping-taxable","15":"purchasable","16":"product-type-simple"},"_links":{"self":[{"href":"https:\/\/roveyayinevi.com.tr\/index.php\/wp-json\/wp\/v2\/product\/767226","targetHints":{"allow":["GET"]}}],"collection":[{"href":"https:\/\/roveyayinevi.com.tr\/index.php\/wp-json\/wp\/v2\/product"}],"about":[{"href":"https:\/\/roveyayinevi.com.tr\/index.php\/wp-json\/wp\/v2\/types\/product"}],"wp:attachment":[{"href":"https:\/\/roveyayinevi.com.tr\/index.php\/wp-json\/wp\/v2\/media?parent=767226"}],"wp:term":[{"taxonomy":"product_brand","embeddable":true,"href":"https:\/\/roveyayinevi.com.tr\/index.php\/wp-json\/wp\/v2\/product_brand?post=767226"},{"taxonomy":"product_cat","embeddable":true,"href":"https:\/\/roveyayinevi.com.tr\/index.php\/wp-json\/wp\/v2\/product_cat?post=767226"},{"taxonomy":"product_tag","embeddable":true,"href":"https:\/\/roveyayinevi.com.tr\/index.php\/wp-json\/wp\/v2\/product_tag?post=767226"}],"curies":[{"name":"wp","href":"https:\/\/api.w.org\/{rel}","templated":true}]}}