{"id":767217,"date":"2025-08-28T12:40:14","date_gmt":"2025-08-28T09:40:14","guid":{"rendered":"https:\/\/roveyayinevi.com.tr\/index.php\/urun\/dunya-tarihinde-kadinlar-1450den-gunumuze\/"},"modified":"2026-04-15T03:32:49","modified_gmt":"2026-04-15T00:32:49","slug":"dunya-tarihinde-kadinlar-1450den-gunumuze","status":"publish","type":"product","link":"https:\/\/roveyayinevi.com.tr\/index.php\/urun\/dunya-tarihinde-kadinlar-1450den-gunumuze\/","title":{"rendered":"D\u00fcnya Tarihinde Kad\u0131nlar 1450&#8217;den G\u00fcn\u00fcm\u00fcze"},"content":{"rendered":"<p>\u00d6zg\u00fcrl\u00fckleri k\u0131s\u0131tlanm\u0131\u015f, k\u00f6le olarak al\u0131n\u0131p sat\u0131lm\u0131\u015f, \u015fiddete maruz kalm\u0131\u015f, seks i\u015f\u00e7isi olarak ticarete konu olmu\u015f, ihtiya\u00e7 duyuldu\u011funda askere al\u0131nm\u0131\u015f, l\u00fczum halinde eve kapat\u0131lm\u0131\u015f, \u00e7ift\u00e7i ve i\u015f\u00e7i olarak \u00e7al\u0131\u015fm\u0131\u015f kad\u0131nlar\u2026 H\u00fck\u00fcmdar, \u015fair, yazar, mucit, bilim insan\u0131, elbette g\u00fc\u00e7l\u00fc hareketlerin ba\u015f\u0131n\u0131 \u00e7ekmi\u015f eylemciler ve aktivistler olarak yarat\u0131c\u0131l\u0131klar\u0131n\u0131 g\u00f6stermi\u015f, her dil, din ve \u0131rktan kad\u0131n&#8230; Tarih kitaplar\u0131nda \u00e7o\u011fu zaman sadece birer yan karakter olarak yer alabilen kad\u0131nlar\u0131n g\u00f6rmezden gelinen hik\u00e2yelerini kaleme alan Bonnie G. Smith, d\u00fcnya tarihinin farkl\u0131 bir \u00e7ehresini ortaya koyuyor, kad\u0131nlar\u0131n bizzat faili olduklar\u0131 bir anlat\u0131 kaleme al\u0131yor. D\u00fcnya Tarihinde Kad\u0131nlar, \u00c7in\u2019den Rusya\u2019ya, Afrika\u2019dan Asya\u2019ya, kabile ya\u015fam\u0131ndan modernizme, Sanayi Devrimi\u2019nden kurtulu\u015f m\u00fccadelelerine, k\u0131talar\u0131 ve \u00e7a\u011flar\u0131 a\u015f\u0131yor, tarihi kad\u0131nlar\u0131n g\u00f6z\u00fcnden okumak isteyenler i\u00e7in ele\u015ftirel bir pencere sunuyor. \u201cBu kitaptaki hik\u00e2yelerde, ho\u015f ve al\u0131\u015f\u0131lmad\u0131k tarih\u00ee karakterler ba\u015frolde yer al\u0131yor \u2013 al\u0131\u015f\u0131lmad\u0131k, \u00e7\u00fcnk\u00fc onlar kad\u0131nlar ve k\u0131zlar&#8230; D\u00fcnya tarihinde \u00f6nemsiz say\u0131lan kad\u0131nlar hakk\u0131nda, hatta \u00f6nemli olanlar hakk\u0131nda bile \u00e7ok az \u015fey biliyoruz ama baz\u0131lar\u0131 hat\u0131rlanmaya de\u011fer olmaktan fazlas\u0131n\u0131 ifade ediyor.\u201d BONNIE G. SMITH<\/p>\n","protected":false},"excerpt":{"rendered":"<p>\u00d6zg\u00fcrl\u00fckleri k\u0131s\u0131tlanm\u0131\u015f, k\u00f6le olarak al\u0131n\u0131p sat\u0131lm\u0131\u015f, \u015fiddete maruz kalm\u0131\u015f, seks i\u015f\u00e7isi olarak ticarete konu olmu\u015f, ihtiya\u00e7 duyuldu\u011funda askere al\u0131nm\u0131\u015f, l\u00fczum halinde eve kapat\u0131lm\u0131\u015f, \u00e7ift\u00e7i ve i\u015f\u00e7i<span class=\"excerpt-hellip\"> [\u2026]<\/span><\/p>\n","protected":false},"featured_media":0,"template":"","meta":{"_monsterinsights_skip_tracking":false,"_monsterinsights_sitenote_active":false,"_monsterinsights_sitenote_note":"","_monsterinsights_sitenote_category":0},"product_brand":[],"product_cat":[13252,12324],"product_tag":[],"class_list":{"0":"post-767217","1":"product","2":"type-product","3":"status-publish","5":"product_cat-kadin-calismalari","6":"product_cat-sosyoloji","7":"pa_cilt-ciltsiz","8":"pa_tur-kitap","9":"pa_yayinevi-iletisim-yayinlari","10":"pa_yazar-bonnie-g-smith","12":"first","13":"instock","14":"sale","15":"shipping-taxable","16":"purchasable","17":"product-type-simple"},"_links":{"self":[{"href":"https:\/\/roveyayinevi.com.tr\/index.php\/wp-json\/wp\/v2\/product\/767217","targetHints":{"allow":["GET"]}}],"collection":[{"href":"https:\/\/roveyayinevi.com.tr\/index.php\/wp-json\/wp\/v2\/product"}],"about":[{"href":"https:\/\/roveyayinevi.com.tr\/index.php\/wp-json\/wp\/v2\/types\/product"}],"wp:attachment":[{"href":"https:\/\/roveyayinevi.com.tr\/index.php\/wp-json\/wp\/v2\/media?parent=767217"}],"wp:term":[{"taxonomy":"product_brand","embeddable":true,"href":"https:\/\/roveyayinevi.com.tr\/index.php\/wp-json\/wp\/v2\/product_brand?post=767217"},{"taxonomy":"product_cat","embeddable":true,"href":"https:\/\/roveyayinevi.com.tr\/index.php\/wp-json\/wp\/v2\/product_cat?post=767217"},{"taxonomy":"product_tag","embeddable":true,"href":"https:\/\/roveyayinevi.com.tr\/index.php\/wp-json\/wp\/v2\/product_tag?post=767217"}],"curies":[{"name":"wp","href":"https:\/\/api.w.org\/{rel}","templated":true}]}}