{"id":767216,"date":"2025-08-28T12:40:12","date_gmt":"2025-08-28T09:40:12","guid":{"rendered":"https:\/\/roveyayinevi.com.tr\/index.php\/urun\/erkek-dutlarin-golgesinde\/"},"modified":"2026-04-15T03:32:49","modified_gmt":"2026-04-15T00:32:49","slug":"erkek-dutlarin-golgesinde","status":"publish","type":"product","link":"https:\/\/roveyayinevi.com.tr\/index.php\/urun\/erkek-dutlarin-golgesinde\/","title":{"rendered":"Erkek Dutlar\u0131n G\u00f6lgesinde"},"content":{"rendered":"<p>\u201cGeldiler, dedi Meryem, korkudan titreyen elleriyle pencerenin tutama\u011f\u0131n\u0131 s\u0131k\u0131 s\u0131k\u0131ya \u00e7evirirken. Hafif bir g\u0131c\u0131rt\u0131n\u0131n bo\u015flukta sal\u0131nmas\u0131n\u0131n ard\u0131ndan, lo\u015f oda k\u0131sa bir sessizli\u011fi giyindi birden. Sinekler soluk floresan \u0131\u015f\u0131\u011f\u0131na \u00e7arpa \u00e7arpa u\u00e7u\u015fuyorlard\u0131 durmadan. Evin oturma odas\u0131n\u0131n tam ortas\u0131nda duran yemek masas\u0131n\u0131n \u00fcst\u00fcnde gezindi araban\u0131n farlar\u0131 ilkin. Meryem \u0131\u015f\u0131klar\u0131 kapatt\u0131 hemen.\u201d \u00dc\u00e7 ku\u015fa\u011f\u0131n i\u00e7 i\u00e7e ge\u00e7mi\u015f hik\u00e2yesini anlat\u0131yor Ali \u00d6zg\u00fcr \u00d6zkarc\u0131. 1940\u2019lar ile 2000\u2019ler aras\u0131nda b\u00f6l\u00fcnen, par\u00e7alanan karanl\u0131k bir kesitte, \u00c7ukurova\u2019da ge\u00e7en, s\u00fcrg\u00fcnlerle, ne olursa olsun \u201ckapanmayan\u201d hesaplarla, \u00f6l\u00fcmlerle, h\u0131rslarla dolu bir hik\u00e2ye bu. Ayn\u0131 zamanda y\u0131llar ge\u00e7se, mek\u00e2nlar de\u011fi\u015fse bile yok olmayan, yok etmek i\u00e7in \u00e7aba sarf edenleri bile kendi i\u00e7ine \u00e7eken, hayatlar\u0131n\u0131n bir an\u0131nda belirmek i\u00e7in f\u0131rsat kollayan o karanl\u0131k haleyi de g\u00f6steren&#8230; Bir yandan da memleketin etraf\u0131 dikenli tellerle \u00e7evrili o tarihine bak\u0131yoruz Erkek Dutlar\u0131n G\u00f6lgesinde\u2019yi okurken. El de\u011fi\u015ftiren m\u00fclkiyetin \u201cyeni\u201d sahipleri, onlar taraf\u0131ndan \u201cyersiz yurtsuz\u201d b\u0131rak\u0131lanlar, her an can derdiyle tetikte olanlar, hi\u00e7 bitmeyen o hesaplar, dalavereler, t\u00fcm bunlar\u0131n i\u00e7inde ya\u015famaya \u00e7al\u0131\u015fanlar, ya\u015famaya \u00e7al\u0131\u015fman\u0131n ba\u015fl\u0131 ba\u015f\u0131na bir dert yuma\u011f\u0131na d\u00f6n\u00fc\u015ft\u00fcrd\u00fc\u011f\u00fc o insanlar&#8230; \u0130\u015fte bu roman, \u201co insanlar\u0131n\u201d roman\u0131&#8230;<\/p>\n","protected":false},"excerpt":{"rendered":"<p>\u201cGeldiler, dedi Meryem, korkudan titreyen elleriyle pencerenin tutama\u011f\u0131n\u0131 s\u0131k\u0131 s\u0131k\u0131ya \u00e7evirirken. Hafif bir g\u0131c\u0131rt\u0131n\u0131n bo\u015flukta sal\u0131nmas\u0131n\u0131n ard\u0131ndan, lo\u015f oda k\u0131sa bir sessizli\u011fi giyindi birden. Sinekler soluk<span class=\"excerpt-hellip\"> [\u2026]<\/span><\/p>\n","protected":false},"featured_media":0,"template":"","meta":{"_monsterinsights_skip_tracking":false,"_monsterinsights_sitenote_active":false,"_monsterinsights_sitenote_note":"","_monsterinsights_sitenote_category":0},"product_brand":[],"product_cat":[12291,12711],"product_tag":[],"class_list":{"0":"post-767216","1":"product","2":"type-product","3":"status-publish","5":"product_cat-edebiyat","6":"product_cat-roman-oyku","7":"pa_cilt-ciltsiz","8":"pa_tur-kitap","9":"pa_yayinevi-iletisim-yayinlari","10":"pa_yazar-ali-ozgur-ozkarci","12":"first","13":"instock","14":"sale","15":"shipping-taxable","16":"purchasable","17":"product-type-simple"},"_links":{"self":[{"href":"https:\/\/roveyayinevi.com.tr\/index.php\/wp-json\/wp\/v2\/product\/767216","targetHints":{"allow":["GET"]}}],"collection":[{"href":"https:\/\/roveyayinevi.com.tr\/index.php\/wp-json\/wp\/v2\/product"}],"about":[{"href":"https:\/\/roveyayinevi.com.tr\/index.php\/wp-json\/wp\/v2\/types\/product"}],"wp:attachment":[{"href":"https:\/\/roveyayinevi.com.tr\/index.php\/wp-json\/wp\/v2\/media?parent=767216"}],"wp:term":[{"taxonomy":"product_brand","embeddable":true,"href":"https:\/\/roveyayinevi.com.tr\/index.php\/wp-json\/wp\/v2\/product_brand?post=767216"},{"taxonomy":"product_cat","embeddable":true,"href":"https:\/\/roveyayinevi.com.tr\/index.php\/wp-json\/wp\/v2\/product_cat?post=767216"},{"taxonomy":"product_tag","embeddable":true,"href":"https:\/\/roveyayinevi.com.tr\/index.php\/wp-json\/wp\/v2\/product_tag?post=767216"}],"curies":[{"name":"wp","href":"https:\/\/api.w.org\/{rel}","templated":true}]}}