{"id":767173,"date":"2025-08-28T12:38:56","date_gmt":"2025-08-28T09:38:56","guid":{"rendered":"https:\/\/roveyayinevi.com.tr\/index.php\/urun\/hayvanat-bahcesinde-yeni-yil\/"},"modified":"2026-04-15T03:32:48","modified_gmt":"2026-04-15T00:32:48","slug":"hayvanat-bahcesinde-yeni-yil","status":"publish","type":"product","link":"https:\/\/roveyayinevi.com.tr\/index.php\/urun\/hayvanat-bahcesinde-yeni-yil\/","title":{"rendered":"Hayvanat Bah\u00e7esinde Yeni Y\u0131l"},"content":{"rendered":"<p>Hayvanat bah\u00e7esinde yeni y\u0131l co\u015fkusu ba\u015fl\u0131yor! Yeni y\u0131l yakla\u015f\u0131rken kirpi ve arkada\u015flar\u0131, hem b\u00fcy\u00fck bir kutlama yapacak hem de birbirlerine hediye vereceklerdi. Kirpi en sevdi\u011fi papyonu z\u00fcrafaya, z\u00fcrafa elinden b\u0131rakmad\u0131\u011f\u0131 aynas\u0131n\u0131 hipopotama hediye etti. Ne yaz\u0131k ki kimse hediyesinden memnun kalmad\u0131\u2026 Kahraman\u0131m\u0131z kirpi, bu duruma acilen bir \u00e7\u00f6z\u00fcm bulmaya karar verdi! Y\u0131l\u0131n en g\u00fczel zaman\u0131nda payla\u015fmak ve ba\u015fkalar\u0131n\u0131 mutlu etmek \u00fczerine e\u011flenceli bir \u00f6yk\u00fc\u2026 <\/p>\n","protected":false},"excerpt":{"rendered":"<p>Hayvanat bah\u00e7esinde yeni y\u0131l co\u015fkusu ba\u015fl\u0131yor! Yeni y\u0131l yakla\u015f\u0131rken kirpi ve arkada\u015flar\u0131, hem b\u00fcy\u00fck bir kutlama yapacak hem de birbirlerine hediye vereceklerdi. Kirpi en sevdi\u011fi papyonu<span class=\"excerpt-hellip\"> [\u2026]<\/span><\/p>\n","protected":false},"featured_media":0,"template":"","meta":{"_monsterinsights_skip_tracking":false,"_monsterinsights_sitenote_active":false,"_monsterinsights_sitenote_note":"","_monsterinsights_sitenote_category":0},"product_brand":[],"product_cat":[12274,12518],"product_tag":[],"class_list":{"0":"post-767173","1":"product","2":"type-product","3":"status-publish","5":"product_cat-cocuk-ve-genclik-kitaplari","6":"product_cat-okul-oncesi-kitaplar","7":"pa_cilt-ciltsiz","8":"pa_tur-kitap","9":"pa_yayinevi-is-bankasi-kultur-yayinlari","10":"pa_yazar-sophie-schoenwald","12":"first","13":"instock","14":"sale","15":"shipping-taxable","16":"purchasable","17":"product-type-simple"},"_links":{"self":[{"href":"https:\/\/roveyayinevi.com.tr\/index.php\/wp-json\/wp\/v2\/product\/767173","targetHints":{"allow":["GET"]}}],"collection":[{"href":"https:\/\/roveyayinevi.com.tr\/index.php\/wp-json\/wp\/v2\/product"}],"about":[{"href":"https:\/\/roveyayinevi.com.tr\/index.php\/wp-json\/wp\/v2\/types\/product"}],"wp:attachment":[{"href":"https:\/\/roveyayinevi.com.tr\/index.php\/wp-json\/wp\/v2\/media?parent=767173"}],"wp:term":[{"taxonomy":"product_brand","embeddable":true,"href":"https:\/\/roveyayinevi.com.tr\/index.php\/wp-json\/wp\/v2\/product_brand?post=767173"},{"taxonomy":"product_cat","embeddable":true,"href":"https:\/\/roveyayinevi.com.tr\/index.php\/wp-json\/wp\/v2\/product_cat?post=767173"},{"taxonomy":"product_tag","embeddable":true,"href":"https:\/\/roveyayinevi.com.tr\/index.php\/wp-json\/wp\/v2\/product_tag?post=767173"}],"curies":[{"name":"wp","href":"https:\/\/api.w.org\/{rel}","templated":true}]}}