{"id":767172,"date":"2025-08-28T12:38:55","date_gmt":"2025-08-28T09:38:55","guid":{"rendered":"https:\/\/roveyayinevi.com.tr\/index.php\/urun\/oynayalim-mi\/"},"modified":"2026-04-15T03:32:48","modified_gmt":"2026-04-15T00:32:48","slug":"oynayalim-mi","status":"publish","type":"product","link":"https:\/\/roveyayinevi.com.tr\/index.php\/urun\/oynayalim-mi\/","title":{"rendered":"Oynayal\u0131m m\u0131?"},"content":{"rendered":"<p>Peter, b\u00fct\u00fcn g\u00fcn\u00fc tabletiyle, cep telefonuyla veya bilgisayar\u0131n ba\u015f\u0131nda ge\u00e7iriyor. Arkada\u015flar\u0131 ve ailesi onu ba\u015fka oyunlara \u00e7a\u011f\u0131rsalar da o hep ekran\u0131 tercih ediyor. Acaba Peter ka\u00e7\u0131rd\u0131\u011f\u0131 \u015feyleri ke\u015ffetmeyi ba\u015farabilecek mi? <\/p>\n","protected":false},"excerpt":{"rendered":"<p>Peter, b\u00fct\u00fcn g\u00fcn\u00fc tabletiyle, cep telefonuyla veya bilgisayar\u0131n ba\u015f\u0131nda ge\u00e7iriyor. Arkada\u015flar\u0131 ve ailesi onu ba\u015fka oyunlara \u00e7a\u011f\u0131rsalar da o hep ekran\u0131 tercih ediyor. Acaba Peter ka\u00e7\u0131rd\u0131\u011f\u0131<span class=\"excerpt-hellip\"> [\u2026]<\/span><\/p>\n","protected":false},"featured_media":0,"template":"","meta":{"_monsterinsights_skip_tracking":false,"_monsterinsights_sitenote_active":false,"_monsterinsights_sitenote_note":"","_monsterinsights_sitenote_category":0},"product_brand":[],"product_cat":[12274,12518],"product_tag":[],"class_list":{"0":"post-767172","1":"product","2":"type-product","3":"status-publish","5":"product_cat-cocuk-ve-genclik-kitaplari","6":"product_cat-okul-oncesi-kitaplar","7":"pa_cilt-ciltsiz","8":"pa_tur-kitap","9":"pa_yayinevi-is-bankasi-kultur-yayinlari","10":"pa_yazar-ilan-brenman","12":"first","13":"instock","14":"sale","15":"shipping-taxable","16":"purchasable","17":"product-type-simple"},"_links":{"self":[{"href":"https:\/\/roveyayinevi.com.tr\/index.php\/wp-json\/wp\/v2\/product\/767172","targetHints":{"allow":["GET"]}}],"collection":[{"href":"https:\/\/roveyayinevi.com.tr\/index.php\/wp-json\/wp\/v2\/product"}],"about":[{"href":"https:\/\/roveyayinevi.com.tr\/index.php\/wp-json\/wp\/v2\/types\/product"}],"wp:attachment":[{"href":"https:\/\/roveyayinevi.com.tr\/index.php\/wp-json\/wp\/v2\/media?parent=767172"}],"wp:term":[{"taxonomy":"product_brand","embeddable":true,"href":"https:\/\/roveyayinevi.com.tr\/index.php\/wp-json\/wp\/v2\/product_brand?post=767172"},{"taxonomy":"product_cat","embeddable":true,"href":"https:\/\/roveyayinevi.com.tr\/index.php\/wp-json\/wp\/v2\/product_cat?post=767172"},{"taxonomy":"product_tag","embeddable":true,"href":"https:\/\/roveyayinevi.com.tr\/index.php\/wp-json\/wp\/v2\/product_tag?post=767172"}],"curies":[{"name":"wp","href":"https:\/\/api.w.org\/{rel}","templated":true}]}}