{"id":767171,"date":"2025-08-28T12:38:53","date_gmt":"2025-08-28T09:38:53","guid":{"rendered":"https:\/\/roveyayinevi.com.tr\/index.php\/urun\/11ler-takimi\/"},"modified":"2026-04-15T03:32:48","modified_gmt":"2026-04-15T00:32:48","slug":"11ler-takimi","status":"publish","type":"product","link":"https:\/\/roveyayinevi.com.tr\/index.php\/urun\/11ler-takimi\/","title":{"rendered":"11&#8217;ler Tak\u0131m\u0131"},"content":{"rendered":"<p>K\u00fc\u00e7\u00fck bal\u0131k Benjamin, 11\u2019lere davet edildi\u011finde kendini \u00f6nemli hissetti. Bu tak\u0131m\u0131n bir par\u00e7as\u0131 olmak ola\u011fan\u00fcst\u00fcyd\u00fc. Di\u011fer bal\u0131klar 11\u2019lere hayranl\u0131k ve sayg\u0131 duyuyordu. Peki, bu ger\u00e7ek bir hayranl\u0131k m\u0131yd\u0131? Yoksa herkes bu tak\u0131mdan korkup \u00e7ekiniyor muydu? Benjamin bir karar vermek zorundayd\u0131: 11 numaral\u0131 bal\u0131k olarak kalmak m\u0131, dostlu\u011fu ve sayg\u0131y\u0131 savunmak m\u0131? <\/p>\n","protected":false},"excerpt":{"rendered":"<p>K\u00fc\u00e7\u00fck bal\u0131k Benjamin, 11\u2019lere davet edildi\u011finde kendini \u00f6nemli hissetti. Bu tak\u0131m\u0131n bir par\u00e7as\u0131 olmak ola\u011fan\u00fcst\u00fcyd\u00fc. Di\u011fer bal\u0131klar 11\u2019lere hayranl\u0131k ve sayg\u0131 duyuyordu. Peki, bu ger\u00e7ek bir<span class=\"excerpt-hellip\"> [\u2026]<\/span><\/p>\n","protected":false},"featured_media":0,"template":"","meta":{"_monsterinsights_skip_tracking":false,"_monsterinsights_sitenote_active":false,"_monsterinsights_sitenote_note":"","_monsterinsights_sitenote_category":0},"product_brand":[],"product_cat":[12274,12518],"product_tag":[],"class_list":{"0":"post-767171","1":"product","2":"type-product","3":"status-publish","5":"product_cat-cocuk-ve-genclik-kitaplari","6":"product_cat-okul-oncesi-kitaplar","7":"pa_cilt-ciltsiz","8":"pa_tur-kitap","9":"pa_yayinevi-is-bankasi-kultur-yayinlari","10":"pa_yazar-rocio-bonilla","12":"first","13":"instock","14":"sale","15":"shipping-taxable","16":"purchasable","17":"product-type-simple"},"_links":{"self":[{"href":"https:\/\/roveyayinevi.com.tr\/index.php\/wp-json\/wp\/v2\/product\/767171","targetHints":{"allow":["GET"]}}],"collection":[{"href":"https:\/\/roveyayinevi.com.tr\/index.php\/wp-json\/wp\/v2\/product"}],"about":[{"href":"https:\/\/roveyayinevi.com.tr\/index.php\/wp-json\/wp\/v2\/types\/product"}],"wp:attachment":[{"href":"https:\/\/roveyayinevi.com.tr\/index.php\/wp-json\/wp\/v2\/media?parent=767171"}],"wp:term":[{"taxonomy":"product_brand","embeddable":true,"href":"https:\/\/roveyayinevi.com.tr\/index.php\/wp-json\/wp\/v2\/product_brand?post=767171"},{"taxonomy":"product_cat","embeddable":true,"href":"https:\/\/roveyayinevi.com.tr\/index.php\/wp-json\/wp\/v2\/product_cat?post=767171"},{"taxonomy":"product_tag","embeddable":true,"href":"https:\/\/roveyayinevi.com.tr\/index.php\/wp-json\/wp\/v2\/product_tag?post=767171"}],"curies":[{"name":"wp","href":"https:\/\/api.w.org\/{rel}","templated":true}]}}