{"id":767146,"date":"2025-08-28T12:38:16","date_gmt":"2025-08-28T09:38:16","guid":{"rendered":"https:\/\/roveyayinevi.com.tr\/index.php\/urun\/umut-degirmeni\/"},"modified":"2026-04-15T03:32:48","modified_gmt":"2026-04-15T00:32:48","slug":"umut-degirmeni","status":"publish","type":"product","link":"https:\/\/roveyayinevi.com.tr\/index.php\/urun\/umut-degirmeni\/","title":{"rendered":"Umut De\u011firmeni"},"content":{"rendered":"<p>&#8220;Biz ailelerin bir heykeltra\u015f gibi onlar\u0131n karakterlerine \u015fekil verdi\u011fimiz \u00e7ok a\u015fikar. Bu y\u00fczden onlar\u0131 yeti\u015ftirme \u015fekline \u015fiddete e\u011filimi artm\u0131\u015f bu toplum i\u00e7erisinde \u00e7ok daha fazla dikkat etmeliyiz. Bu hem kendimize hem \u00e7ocuklar\u0131m\u0131za hem de ya\u015fad\u0131\u011f\u0131m\u0131z topluma kar\u015f\u0131 en b\u00fcy\u00fck sorumlulu\u011fumuz. Atat\u00fcrk ve silah arkada\u015flar\u0131n\u0131n kan, ter ve g\u00f6zya\u015f\u0131 ile kurduklar\u0131 T\u00fcrkiye Cumhuriyeti&#8217;ni medeniyetin muas\u0131r seviyelerine \u00e7\u0131kartmak i\u00e7in bu \u00fclkenin \u00e7ocuklar\u0131n\u0131, kad\u0131nlar\u0131n\u0131 ve masum hayvanlar\u0131n\u0131 korumal\u0131y\u0131z. Ve bu \u00fclkede ya\u015fayan t\u00fcm k\u0131z \u00e7ocuklar\u0131na g\u00fcvenle ve hak ettikleri \u015fekilde bir ya\u015fam s\u00fcrebilecekleri bir \u00fclke b\u0131rakma borcumuz var diye d\u00fc\u015f\u00fcn\u00fcyorum. Bu y\u00fczden bu kitab\u0131m art\u0131k aram\u0131zda olmayan, haince katledilmi\u015f y\u00fczlerce, binlerce \u00e7ocu\u011fumuza ve kad\u0131nlar\u0131m\u0131za ithafendir. Hepsi birbirinden ac\u0131 \u00f6l\u00fcmlerle hayat\u0131 son bulmu\u015f bu \u00fclkenin de\u011ferli \u00e7ocuklar\u0131na, kad\u0131nlar\u0131na huzurlu bir \u00f6teki hayat diliyorum. Affedin, sizleri koruyamad\u0131k, sizleri koruyacak bir sistem yaratamad\u0131k, cahilli\u011fimize verin!\u201d<\/p>\n","protected":false},"excerpt":{"rendered":"<p>&#8220;Biz ailelerin bir heykeltra\u015f gibi onlar\u0131n karakterlerine \u015fekil verdi\u011fimiz \u00e7ok a\u015fikar. Bu y\u00fczden onlar\u0131 yeti\u015ftirme \u015fekline \u015fiddete e\u011filimi artm\u0131\u015f bu toplum i\u00e7erisinde \u00e7ok daha fazla dikkat<span class=\"excerpt-hellip\"> [\u2026]<\/span><\/p>\n","protected":false},"featured_media":0,"template":"","meta":{"_monsterinsights_skip_tracking":false,"_monsterinsights_sitenote_active":false,"_monsterinsights_sitenote_note":"","_monsterinsights_sitenote_category":0},"product_brand":[],"product_cat":[12291,12509],"product_tag":[],"class_list":{"0":"post-767146","1":"product","2":"type-product","3":"status-publish","5":"product_cat-edebiyat","6":"product_cat-siir","7":"pa_cilt-ciltsiz","8":"pa_tur-kitap","9":"pa_yayinevi-perseus","10":"pa_yazar-selin-kantoglu-sahinkaya","12":"first","13":"instock","14":"sale","15":"shipping-taxable","16":"purchasable","17":"product-type-simple"},"_links":{"self":[{"href":"https:\/\/roveyayinevi.com.tr\/index.php\/wp-json\/wp\/v2\/product\/767146","targetHints":{"allow":["GET"]}}],"collection":[{"href":"https:\/\/roveyayinevi.com.tr\/index.php\/wp-json\/wp\/v2\/product"}],"about":[{"href":"https:\/\/roveyayinevi.com.tr\/index.php\/wp-json\/wp\/v2\/types\/product"}],"wp:attachment":[{"href":"https:\/\/roveyayinevi.com.tr\/index.php\/wp-json\/wp\/v2\/media?parent=767146"}],"wp:term":[{"taxonomy":"product_brand","embeddable":true,"href":"https:\/\/roveyayinevi.com.tr\/index.php\/wp-json\/wp\/v2\/product_brand?post=767146"},{"taxonomy":"product_cat","embeddable":true,"href":"https:\/\/roveyayinevi.com.tr\/index.php\/wp-json\/wp\/v2\/product_cat?post=767146"},{"taxonomy":"product_tag","embeddable":true,"href":"https:\/\/roveyayinevi.com.tr\/index.php\/wp-json\/wp\/v2\/product_tag?post=767146"}],"curies":[{"name":"wp","href":"https:\/\/api.w.org\/{rel}","templated":true}]}}