{"id":767143,"date":"2025-08-28T12:38:10","date_gmt":"2025-08-28T09:38:10","guid":{"rendered":"https:\/\/roveyayinevi.com.tr\/index.php\/urun\/kalbime-soyle-kimsin-sen\/"},"modified":"2026-04-15T03:32:48","modified_gmt":"2026-04-15T00:32:48","slug":"kalbime-soyle-kimsin-sen","status":"publish","type":"product","link":"https:\/\/roveyayinevi.com.tr\/index.php\/urun\/kalbime-soyle-kimsin-sen\/","title":{"rendered":"Kalbime S\u00f6yle Kimsin Sen?"},"content":{"rendered":"<p>Kalbin d\u00fcnyas\u0131 a\u015fkt\u0131r. Kalp, a\u015fkla var olur. Kimisi susarak, kimisi hayk\u0131rarak, kimisi giderek, kimisi kalarak a\u015fk\u0131n\u0131 ya\u015far. \u00d6nemli olan kalbin a\u015fkla devaml\u0131 yanmas\u0131d\u0131r. Susmu\u015f kalp, s\u00f6nm\u00fc\u015f bir ate\u015f gibidir. Ya\u015fanmam\u0131\u015f a\u015fklar kalpte kor gibi kal\u0131r. \u00c2\u015f\u0131ksan cesaretin de olmal\u0131, cesaretsiz a\u015fk bir s\u0131z\u0131d\u0131r.   \u0130nsan unutsa da kalbi unutur mu? Peki a\u015fk\u0131n yollar\u0131nda dola\u015f\u0131rken ta\u015flara tak\u0131lmadan y\u00fcr\u00fcmek m\u00fcmk\u00fcn m\u00fc?    Babas\u0131n\u0131n \u00f6l\u00fcm\u00fcn\u00fcn ard\u0131ndan \u00f6\u011frendi\u011fi b\u00fcy\u00fck s\u0131rla hayat\u0131 alt \u00fcst olan Aden ger\u00e7e\u011fin pe\u015fine d\u00fc\u015fmeye karar verir. Fakat ger\u00e7e\u011fi ararken girdi\u011fi yolun onu g\u00f6t\u00fcrece\u011fi yerlerde bir\u00e7ok yalanla ba\u015f etmesi gereklidir.   Yalanlarla harmanlanan bu yolda t\u00fcm duygular\u0131 doruklarda ya\u015fayacak olan Aden, kalbinin haz\u0131r olmad\u0131\u011f\u0131 bu duygu sava\u015f\u0131n\u0131n kazanan\u0131 olabilecek midir?<\/p>\n","protected":false},"excerpt":{"rendered":"<p>Kalbin d\u00fcnyas\u0131 a\u015fkt\u0131r. Kalp, a\u015fkla var olur. Kimisi susarak, kimisi hayk\u0131rarak, kimisi giderek, kimisi kalarak a\u015fk\u0131n\u0131 ya\u015far. \u00d6nemli olan kalbin a\u015fkla devaml\u0131 yanmas\u0131d\u0131r. Susmu\u015f kalp, s\u00f6nm\u00fc\u015f<span class=\"excerpt-hellip\"> [\u2026]<\/span><\/p>\n","protected":false},"featured_media":0,"template":"","meta":{"_monsterinsights_skip_tracking":false,"_monsterinsights_sitenote_active":false,"_monsterinsights_sitenote_note":"","_monsterinsights_sitenote_category":0},"product_brand":[],"product_cat":[12291,12711],"product_tag":[],"class_list":{"0":"post-767143","1":"product","2":"type-product","3":"status-publish","5":"product_cat-edebiyat","6":"product_cat-roman-oyku","7":"pa_cilt-ciltsiz","8":"pa_tur-kitap","9":"pa_yayinevi-elpis-yayinlari","10":"pa_yazar-nuray-dinc","12":"first","13":"instock","14":"sale","15":"shipping-taxable","16":"purchasable","17":"product-type-simple"},"_links":{"self":[{"href":"https:\/\/roveyayinevi.com.tr\/index.php\/wp-json\/wp\/v2\/product\/767143","targetHints":{"allow":["GET"]}}],"collection":[{"href":"https:\/\/roveyayinevi.com.tr\/index.php\/wp-json\/wp\/v2\/product"}],"about":[{"href":"https:\/\/roveyayinevi.com.tr\/index.php\/wp-json\/wp\/v2\/types\/product"}],"wp:attachment":[{"href":"https:\/\/roveyayinevi.com.tr\/index.php\/wp-json\/wp\/v2\/media?parent=767143"}],"wp:term":[{"taxonomy":"product_brand","embeddable":true,"href":"https:\/\/roveyayinevi.com.tr\/index.php\/wp-json\/wp\/v2\/product_brand?post=767143"},{"taxonomy":"product_cat","embeddable":true,"href":"https:\/\/roveyayinevi.com.tr\/index.php\/wp-json\/wp\/v2\/product_cat?post=767143"},{"taxonomy":"product_tag","embeddable":true,"href":"https:\/\/roveyayinevi.com.tr\/index.php\/wp-json\/wp\/v2\/product_tag?post=767143"}],"curies":[{"name":"wp","href":"https:\/\/api.w.org\/{rel}","templated":true}]}}