{"id":767141,"date":"2025-08-28T12:38:07","date_gmt":"2025-08-28T09:38:07","guid":{"rendered":"https:\/\/roveyayinevi.com.tr\/index.php\/urun\/milli-gorusun-siyasi-kimligi\/"},"modified":"2026-04-15T03:32:47","modified_gmt":"2026-04-15T00:32:47","slug":"milli-gorusun-siyasi-kimligi","status":"publish","type":"product","link":"https:\/\/roveyayinevi.com.tr\/index.php\/urun\/milli-gorusun-siyasi-kimligi\/","title":{"rendered":"Milli G\u00f6r\u00fc\u015f\u00fcn Siyasi Kimli\u011fi"},"content":{"rendered":"<p>Mill\u00ee G\u00f6r\u00fc\u015f\u2019\u00fcn Siyasi Kimli\u011fi; varl\u0131\u011f\u0131n kayna\u011f\u0131 olarak bir yarat\u0131c\u0131n\u0131n varl\u0131\u011f\u0131n\u0131 benimsemekte ve bu yarat\u0131c\u0131n\u0131n \u0130slam dininin vazetti\u011fi Allah oldu\u011funu kabul etmektedir. Mill\u00ee G\u00f6r\u00fc\u015fe g\u00f6re her \u015feyi yaratan Allah oldu\u011funa g\u00f6re me\u015fruiyetin kayna\u011f\u0131 da bizzat Allah\u2019\u0131n kendisindedir.   Mill\u00ee G\u00f6r\u00fc\u015f hakimiyetin kayna\u011f\u0131 olarak Allah\u2019\u0131 g\u00f6rd\u00fc\u011f\u00fc i\u00e7in her \u015feyin bilgisinin esas kayna\u011f\u0131 olarak da Allah\u2019\u0131n insanlara vahiyle bildirdi\u011fi kutsal kitab\u0131 kabul etmektedir.   Mill\u00ee G\u00f6r\u00fc\u015f Kuran Kerim\u2019i referans alarak farkl\u0131 bir millet anlay\u0131\u015f\u0131 benimsemektedir. Ona g\u00f6re millet kutsal kitapta ge\u00e7ti\u011fi gibi \u201cgidilen yol\u201d, \u201cdin ve \u015feriat\u201d anlam\u0131ndad\u0131r.   <\/p>\n","protected":false},"excerpt":{"rendered":"<p>Mill\u00ee G\u00f6r\u00fc\u015f\u2019\u00fcn Siyasi Kimli\u011fi; varl\u0131\u011f\u0131n kayna\u011f\u0131 olarak bir yarat\u0131c\u0131n\u0131n varl\u0131\u011f\u0131n\u0131 benimsemekte ve bu yarat\u0131c\u0131n\u0131n \u0130slam dininin vazetti\u011fi Allah oldu\u011funu kabul etmektedir. Mill\u00ee G\u00f6r\u00fc\u015fe g\u00f6re her \u015feyi<span class=\"excerpt-hellip\"> [\u2026]<\/span><\/p>\n","protected":false},"featured_media":0,"template":"","meta":{"_monsterinsights_skip_tracking":false,"_monsterinsights_sitenote_active":false,"_monsterinsights_sitenote_note":"","_monsterinsights_sitenote_category":0},"product_brand":[],"product_cat":[12337],"product_tag":[],"class_list":{"0":"post-767141","1":"product","2":"type-product","3":"status-publish","5":"product_cat-politika-siyaset","6":"pa_cilt-ciltsiz","7":"pa_tur-kitap","8":"pa_yayinevi-kalem-lugat-yayincilik","9":"pa_yazar-zubeyt-bozkurt","11":"first","12":"instock","13":"sale","14":"shipping-taxable","15":"purchasable","16":"product-type-simple"},"_links":{"self":[{"href":"https:\/\/roveyayinevi.com.tr\/index.php\/wp-json\/wp\/v2\/product\/767141","targetHints":{"allow":["GET"]}}],"collection":[{"href":"https:\/\/roveyayinevi.com.tr\/index.php\/wp-json\/wp\/v2\/product"}],"about":[{"href":"https:\/\/roveyayinevi.com.tr\/index.php\/wp-json\/wp\/v2\/types\/product"}],"wp:attachment":[{"href":"https:\/\/roveyayinevi.com.tr\/index.php\/wp-json\/wp\/v2\/media?parent=767141"}],"wp:term":[{"taxonomy":"product_brand","embeddable":true,"href":"https:\/\/roveyayinevi.com.tr\/index.php\/wp-json\/wp\/v2\/product_brand?post=767141"},{"taxonomy":"product_cat","embeddable":true,"href":"https:\/\/roveyayinevi.com.tr\/index.php\/wp-json\/wp\/v2\/product_cat?post=767141"},{"taxonomy":"product_tag","embeddable":true,"href":"https:\/\/roveyayinevi.com.tr\/index.php\/wp-json\/wp\/v2\/product_tag?post=767141"}],"curies":[{"name":"wp","href":"https:\/\/api.w.org\/{rel}","templated":true}]}}