{"id":767126,"date":"2025-08-28T12:37:39","date_gmt":"2025-08-28T09:37:39","guid":{"rendered":"https:\/\/roveyayinevi.com.tr\/index.php\/urun\/hayat-bir-imtihansa-adim-yazar-cikarim\/"},"modified":"2026-04-15T03:32:47","modified_gmt":"2026-04-15T00:32:47","slug":"hayat-bir-imtihansa-adim-yazar-cikarim","status":"publish","type":"product","link":"https:\/\/roveyayinevi.com.tr\/index.php\/urun\/hayat-bir-imtihansa-adim-yazar-cikarim\/","title":{"rendered":"Hayat Bir \u0130mtihansa Ad\u0131m Yazar \u00c7\u0131kar\u0131m"},"content":{"rendered":"<p>\u015eimdi farz edelim, bir s\u0131n\u0131ftay\u0131z ve final imtihan\u0131nday\u0131z, sorular da\u011f\u0131t\u0131ld\u0131 ve her birimizin sorular\u0131 kendine \u00f6zel, kimse kimsenin sorusunu bilmiyor, defter kitap a\u00e7mak okumak, birbirine bakmak ak\u0131l sormak cevap almak yasak ve ba\u015flay\u0131n komutu geldi, s\u00fcremiz s\u0131n\u0131ftaki her birey i\u00e7in farkl\u0131, bir dakika, bir g\u00fcn, bir ay, bir y\u0131l ya da y\u00fcz y\u0131l. Ba\u015flang\u0131\u00e7 s\u00f6z\u00fcm\u00fcz ne idi bir hat\u0131rlayal\u0131m \u201cHayat bir imtihansa ad\u0131m\u0131 yazar \u00e7\u0131kar\u0131m\u2019\u2019 evet ad\u0131m\u0131z\u0131 yaz\u0131p bu imtihandan \u00e7\u0131k\u0131p gitmek. E\u011fer ad\u0131n\u0131 yaz\u0131p bo\u015f k\u00e2\u011f\u0131d\u0131n alt\u0131na imza at\u0131p \u00e7\u0131kar isek \u2018\u2019S\u0131f\u0131r\u2019\u2019 al\u0131r\u0131z ama o k\u00e2\u011f\u0131ttaki sorular\u0131n tamam\u0131na ya da bir k\u0131sm\u0131na cevap verip alt\u0131na imza atar isek kar\u015f\u0131l\u0131\u011f\u0131 olan puan\u0131 al\u0131r o imtihandan y\u00fcz\u00fcm\u00fcz\u00fcn ak\u0131 ile \u00e7\u0131kar\u0131z in\u015fallah\u2026 <\/p>\n","protected":false},"excerpt":{"rendered":"<p>\u015eimdi farz edelim, bir s\u0131n\u0131ftay\u0131z ve final imtihan\u0131nday\u0131z, sorular da\u011f\u0131t\u0131ld\u0131 ve her birimizin sorular\u0131 kendine \u00f6zel, kimse kimsenin sorusunu bilmiyor, defter kitap a\u00e7mak okumak, birbirine bakmak<span class=\"excerpt-hellip\"> [\u2026]<\/span><\/p>\n","protected":false},"featured_media":0,"template":"","meta":{"_monsterinsights_skip_tracking":false,"_monsterinsights_sitenote_active":false,"_monsterinsights_sitenote_note":"","_monsterinsights_sitenote_category":0},"product_brand":[],"product_cat":[12777,12291],"product_tag":[],"class_list":{"0":"post-767126","1":"product","2":"type-product","3":"status-publish","5":"product_cat-deneme","6":"product_cat-edebiyat","7":"pa_cilt-ciltsiz","8":"pa_tur-kitap","9":"pa_yayinevi-gulnar-yayinlari","10":"pa_yazar-huseyin-tasova","12":"first","13":"instock","14":"sale","15":"shipping-taxable","16":"purchasable","17":"product-type-simple"},"_links":{"self":[{"href":"https:\/\/roveyayinevi.com.tr\/index.php\/wp-json\/wp\/v2\/product\/767126","targetHints":{"allow":["GET"]}}],"collection":[{"href":"https:\/\/roveyayinevi.com.tr\/index.php\/wp-json\/wp\/v2\/product"}],"about":[{"href":"https:\/\/roveyayinevi.com.tr\/index.php\/wp-json\/wp\/v2\/types\/product"}],"wp:attachment":[{"href":"https:\/\/roveyayinevi.com.tr\/index.php\/wp-json\/wp\/v2\/media?parent=767126"}],"wp:term":[{"taxonomy":"product_brand","embeddable":true,"href":"https:\/\/roveyayinevi.com.tr\/index.php\/wp-json\/wp\/v2\/product_brand?post=767126"},{"taxonomy":"product_cat","embeddable":true,"href":"https:\/\/roveyayinevi.com.tr\/index.php\/wp-json\/wp\/v2\/product_cat?post=767126"},{"taxonomy":"product_tag","embeddable":true,"href":"https:\/\/roveyayinevi.com.tr\/index.php\/wp-json\/wp\/v2\/product_tag?post=767126"}],"curies":[{"name":"wp","href":"https:\/\/api.w.org\/{rel}","templated":true}]}}