{"id":767117,"date":"2025-08-28T12:37:24","date_gmt":"2025-08-28T09:37:24","guid":{"rendered":"https:\/\/roveyayinevi.com.tr\/index.php\/urun\/petchef-healthy-dog-food-ciltli\/"},"modified":"2026-04-15T03:32:47","modified_gmt":"2026-04-15T00:32:47","slug":"petchef-healthy-dog-food-ciltli","status":"publish","type":"product","link":"https:\/\/roveyayinevi.com.tr\/index.php\/urun\/petchef-healthy-dog-food-ciltli\/","title":{"rendered":"PetChef Healthy Dog Food (Ciltli)"},"content":{"rendered":"<p>PetChef Healthy Dog Food, minik t\u00fcyl\u00fc dostlar\u0131m\u0131z i\u00e7in s\u0131n\u0131rs\u0131z sa\u011fl\u0131kl\u0131 ya\u015fam ve zor gibi g\u00f6r\u00fcnen ama pratik lezzetli tarifler ile dolu! Chef Rafet \u0130nce\u2019nin kolay anlat\u0131m\u0131 ve detayl\u0131 tarifleriyle art\u0131k minik dostlar\u0131m\u0131z i\u00e7in siz de kendi evinizin PetChef\u2019i olabilirsiniz. PetChef k\u00f6pek mamas\u0131 yemek kitab\u0131 40 pratik, kolay, sa\u011fl\u0131kl\u0131, k\u00f6pek mamas\u0131 tarifi ile doludur. Bu yemek kitab\u0131nda, \u00e7ok y\u00f6nl\u00fc beslenme sunmak i\u00e7in farkl\u0131 proteinleri, sebzeleri ve tah\u0131llar\u0131 birle\u015ftiren \u00e7e\u015fitli yemeklere eri\u015febilirsiniz. Bu kitab\u0131n i\u00e7inde k\u00f6pe\u011finiz i\u00e7in ev yap\u0131m\u0131 kahvalt\u0131 \u00f6\u011f\u00fcn\u00fc, ara \u00f6\u011f\u00fcn, ana \u00f6\u011f\u00fcnlerin yan\u0131 s\u0131ra \u00f6zel beslenme t\u00fcrlerinden diyabetik, vegan, vejetaryen ve gl\u00fctensiz beslenme i\u00e7in tarif \u00f6nerileri bulabilirsiniz. \u00dcstelik bunlar\u0131 fine dining sunumlar\u0131yla \u00f6\u011freneceksiniz! Minik dostlar\u0131m\u0131z\u0131 evlerinize al\u0131p evcille\u015ftirdik\u00e7e, do\u011fal beslenmelerinden uzakla\u015ft\u0131rmay\u0131n. Paketli kuru mamalar yerine do\u011fal taze mamalar kullanarak minik t\u00fcyl\u00fc dostlar\u0131m\u0131z\u0131n \u00f6\u011f\u00fcnlerini sa\u011fl\u0131kl\u0131 ve do\u011fal hale getirebilirsiniz. Taze mama ile nas\u0131l daha sa\u011fl\u0131kl\u0131 beslendiklerini fark ederek onlar\u0131n mutlulu\u011funu g\u00f6rd\u00fck\u00e7e sizde mutlu olacaks\u0131n\u0131z.    Minik dostlar\u0131n\u0131z\u0131n mutfa\u011f\u0131ndan sa\u011fl\u0131\u011f\u0131n\u0131, kalbinizden sevgiyi eksik etmemeniz dile\u011fiyle. Sevgiyle kal\u0131n\u2026<\/p>\n","protected":false},"excerpt":{"rendered":"<p>PetChef Healthy Dog Food, minik t\u00fcyl\u00fc dostlar\u0131m\u0131z i\u00e7in s\u0131n\u0131rs\u0131z sa\u011fl\u0131kl\u0131 ya\u015fam ve zor gibi g\u00f6r\u00fcnen ama pratik lezzetli tarifler ile dolu! Chef Rafet \u0130nce\u2019nin kolay anlat\u0131m\u0131<span class=\"excerpt-hellip\"> [\u2026]<\/span><\/p>\n","protected":false},"featured_media":0,"template":"","meta":{"_monsterinsights_skip_tracking":false,"_monsterinsights_sitenote_active":false,"_monsterinsights_sitenote_note":"","_monsterinsights_sitenote_category":0},"product_brand":[],"product_cat":[12457],"product_tag":[],"class_list":{"0":"post-767117","1":"product","2":"type-product","3":"status-publish","5":"product_cat-yemek-kitaplari","6":"pa_cilt-ciltli","7":"pa_tur-kitap","8":"pa_yayinevi-alfa-yayinlari","9":"pa_yazar-rafet-ince","11":"first","12":"instock","13":"sale","14":"shipping-taxable","15":"purchasable","16":"product-type-simple"},"_links":{"self":[{"href":"https:\/\/roveyayinevi.com.tr\/index.php\/wp-json\/wp\/v2\/product\/767117","targetHints":{"allow":["GET"]}}],"collection":[{"href":"https:\/\/roveyayinevi.com.tr\/index.php\/wp-json\/wp\/v2\/product"}],"about":[{"href":"https:\/\/roveyayinevi.com.tr\/index.php\/wp-json\/wp\/v2\/types\/product"}],"wp:attachment":[{"href":"https:\/\/roveyayinevi.com.tr\/index.php\/wp-json\/wp\/v2\/media?parent=767117"}],"wp:term":[{"taxonomy":"product_brand","embeddable":true,"href":"https:\/\/roveyayinevi.com.tr\/index.php\/wp-json\/wp\/v2\/product_brand?post=767117"},{"taxonomy":"product_cat","embeddable":true,"href":"https:\/\/roveyayinevi.com.tr\/index.php\/wp-json\/wp\/v2\/product_cat?post=767117"},{"taxonomy":"product_tag","embeddable":true,"href":"https:\/\/roveyayinevi.com.tr\/index.php\/wp-json\/wp\/v2\/product_tag?post=767117"}],"curies":[{"name":"wp","href":"https:\/\/api.w.org\/{rel}","templated":true}]}}