{"id":767116,"date":"2025-08-28T12:37:22","date_gmt":"2025-08-28T09:37:22","guid":{"rendered":"https:\/\/roveyayinevi.com.tr\/index.php\/urun\/kultur-ve-anarsi-2\/"},"modified":"2026-04-15T03:32:47","modified_gmt":"2026-04-15T00:32:47","slug":"kultur-ve-anarsi-2","status":"publish","type":"product","link":"https:\/\/roveyayinevi.com.tr\/index.php\/urun\/kultur-ve-anarsi-2\/","title":{"rendered":"K\u00fclt\u00fcr ve Anar\u015fi"},"content":{"rendered":"<p>Viktorya D\u00f6nemi Britanyas\u0131\u2019n\u0131n muhtemelen en tart\u0131\u015fmal\u0131 k\u00fclt\u00fcr ele\u015ftirmeni Matthew Arnold, keskin zek\u00e2s\u0131n\u0131 ve kuvvetli kalemini konu\u015fturdu\u011fu bu klasikle\u015fmi\u015f eserinde 19. y\u00fczy\u0131la bir pencere a\u00e7arak bize d\u00f6nemin toplumsal ve k\u00fclt\u00fcrel manzaras\u0131na dair \u00e7ok \u00e7arp\u0131c\u0131 bir tablo sunuyor. Sanayi devriminin d\u00fcmen suyunda fabrika bacalar\u0131ndan dumanlar\u0131n, i\u015f\u00e7i s\u0131n\u0131f\u0131ndan itirazlar\u0131n ve burjuva s\u0131n\u0131f\u0131ndan ilerleme, demokrasi \u00e7a\u011fr\u0131lar\u0131n\u0131n y\u00fckseldi\u011fi \u00e7alkant\u0131l\u0131 bir toplumsal ortamda, her \u015feyin mubah say\u0131ld\u0131\u011f\u0131 dizginsiz bir bireyselli\u011fin ve cehaletin yol a\u00e7abilece\u011fi anar\u015finin kar\u015f\u0131s\u0131na, insan ruhunu yetkinle\u015ftirmek ve ince be\u011fenilerle donatmak olarak yorumlad\u0131\u011f\u0131 \u201ck\u00fclt\u00fcr\u201d mefhumunu koyuyor. \u0130nsan\u0131 insan yapan en \u00f6nemli unsur olarak g\u00f6rd\u00fc\u011f\u00fc k\u00fclt\u00fcr\u00fc koruman\u0131n ve iyile\u015ftirmenin yolunun d\u00fczen ve g\u00fcvenden ge\u00e7ti\u011fini savunarak birey ile devlet aras\u0131ndaki ili\u015fkileri, devletin k\u00fclt\u00fcr e\u011fitimindeki rol\u00fcn\u00fc tart\u0131\u015fmaya a\u00e7\u0131yor. Kendisinden sonra k\u00fclt\u00fcr \u00e7al\u0131\u015fmalar\u0131 alan\u0131n\u0131n ba\u015fl\u0131ca temalar\u0131n\u0131 ve tart\u0131\u015fmalar\u0131n\u0131 da uzun bir s\u00fcre belirleyen K\u00fclt\u00fcr ve Anar\u015fi, Arnold\u2019un birey, devlet, toplum d\u00fczeni, insan do\u011fas\u0131, \u00f6zg\u00fcrl\u00fc\u011f\u00fcn s\u0131n\u0131rlar\u0131 ve k\u00fclt\u00fcr farkl\u0131l\u0131klar\u0131 hakk\u0131nda zamana meydan okuyan incelikli ve keskin yorumlar\u0131yla sadece tarihsel bir vesika olarak de\u011fil, bir tart\u0131\u015fma metni olarak da g\u00fcncelli\u011fini koruyor. <\/p>\n","protected":false},"excerpt":{"rendered":"<p>Viktorya D\u00f6nemi Britanyas\u0131\u2019n\u0131n muhtemelen en tart\u0131\u015fmal\u0131 k\u00fclt\u00fcr ele\u015ftirmeni Matthew Arnold, keskin zek\u00e2s\u0131n\u0131 ve kuvvetli kalemini konu\u015fturdu\u011fu bu klasikle\u015fmi\u015f eserinde 19. y\u00fczy\u0131la bir pencere a\u00e7arak bize d\u00f6nemin<span class=\"excerpt-hellip\"> [\u2026]<\/span><\/p>\n","protected":false},"featured_media":0,"template":"","meta":{"_monsterinsights_skip_tracking":false,"_monsterinsights_sitenote_active":false,"_monsterinsights_sitenote_note":"","_monsterinsights_sitenote_category":0},"product_brand":[],"product_cat":[12777,12291],"product_tag":[],"class_list":{"0":"post-767116","1":"product","2":"type-product","3":"status-publish","5":"product_cat-deneme","6":"product_cat-edebiyat","7":"pa_cilt-ciltsiz","8":"pa_tur-kitap","9":"pa_yayinevi-fol-kitap","10":"pa_yazar-matthew-arnold","12":"first","13":"instock","14":"sale","15":"shipping-taxable","16":"purchasable","17":"product-type-simple"},"_links":{"self":[{"href":"https:\/\/roveyayinevi.com.tr\/index.php\/wp-json\/wp\/v2\/product\/767116","targetHints":{"allow":["GET"]}}],"collection":[{"href":"https:\/\/roveyayinevi.com.tr\/index.php\/wp-json\/wp\/v2\/product"}],"about":[{"href":"https:\/\/roveyayinevi.com.tr\/index.php\/wp-json\/wp\/v2\/types\/product"}],"wp:attachment":[{"href":"https:\/\/roveyayinevi.com.tr\/index.php\/wp-json\/wp\/v2\/media?parent=767116"}],"wp:term":[{"taxonomy":"product_brand","embeddable":true,"href":"https:\/\/roveyayinevi.com.tr\/index.php\/wp-json\/wp\/v2\/product_brand?post=767116"},{"taxonomy":"product_cat","embeddable":true,"href":"https:\/\/roveyayinevi.com.tr\/index.php\/wp-json\/wp\/v2\/product_cat?post=767116"},{"taxonomy":"product_tag","embeddable":true,"href":"https:\/\/roveyayinevi.com.tr\/index.php\/wp-json\/wp\/v2\/product_tag?post=767116"}],"curies":[{"name":"wp","href":"https:\/\/api.w.org\/{rel}","templated":true}]}}