{"id":767114,"date":"2025-08-28T12:37:19","date_gmt":"2025-08-28T09:37:19","guid":{"rendered":"https:\/\/roveyayinevi.com.tr\/index.php\/urun\/kan-kitaplari-2\/"},"modified":"2026-04-15T03:32:47","modified_gmt":"2026-04-15T00:32:47","slug":"kan-kitaplari-2","status":"publish","type":"product","link":"https:\/\/roveyayinevi.com.tr\/index.php\/urun\/kan-kitaplari-2\/","title":{"rendered":"Kan Kitaplar\u0131 2"},"content":{"rendered":"<p>Korku edebiyat\u0131n\u0131n ya\u015fayan en b\u00fcy\u00fck ustalar\u0131ndan olan ve Hellraiser\u2019\u0131n, unutulmaz Pin Head\u2019in yarat\u0131c\u0131s\u0131 Clive Barker\u2019\u0131n alt\u0131 kitapl\u0131k Kan Kitaplar\u0131 serisinin ikinci kitab\u0131 \u015fu an elinizde.   Okuru hayalg\u00fcc\u00fcn\u00fcn eri\u015febilece\u011fi en tekinsiz, en kanl\u0131 s\u0131n\u0131rlarda gezdiren bu alt\u0131 \u00f6yk\u00fcde, ger\u00e7ek korkusuyla y\u00fczle\u015fen gen\u00e7 bir adam ve insan bedenini d\u00fc\u015f\u00fcnce g\u00fcc\u00fcyle \u015fekillendiren gizemli Jacqueline Ess\u2019le tan\u0131\u015facak, \u00e7\u00f6l \u015feytanlar\u0131n\u0131n gizeminden Morgue Soka\u011f\u0131ndaki yeni bir gizeme yolculuk yapacaks\u0131n\u0131z.   Yazar\u0131n deyi\u015fiyle, \u201cHerkes birer kan kitab\u0131d\u0131r; neremizden a\u00e7\u0131lsak k\u0131rm\u0131z\u0131y\u0131zd\u0131r.\u201d   \u201cBarker yapt\u0131\u011f\u0131 \u015feyle hepimizin son on y\u0131ld\u0131r uyuyormu\u015fuz gibi g\u00f6r\u00fcnmesine yol a\u00e7\u0131yor.\u201d \u2013Stephen King   \u201cBarker en ba\u015f\u0131ndan e\u015fsiz bir yazar oldu\u011funu belli etti.\u201d  \u2013Locus <\/p>\n","protected":false},"excerpt":{"rendered":"<p>Korku edebiyat\u0131n\u0131n ya\u015fayan en b\u00fcy\u00fck ustalar\u0131ndan olan ve Hellraiser\u2019\u0131n, unutulmaz Pin Head\u2019in yarat\u0131c\u0131s\u0131 Clive Barker\u2019\u0131n alt\u0131 kitapl\u0131k Kan Kitaplar\u0131 serisinin ikinci kitab\u0131 \u015fu an elinizde. Okuru<span class=\"excerpt-hellip\"> [\u2026]<\/span><\/p>\n","protected":false},"featured_media":0,"template":"","meta":{"_monsterinsights_skip_tracking":false,"_monsterinsights_sitenote_active":false,"_monsterinsights_sitenote_note":"","_monsterinsights_sitenote_category":0},"product_brand":[],"product_cat":[12291,17033],"product_tag":[],"class_list":{"0":"post-767114","1":"product","2":"type-product","3":"status-publish","5":"product_cat-edebiyat","6":"product_cat-korku-gerilim","7":"pa_cilt-ciltsiz","8":"pa_tur-kitap","9":"pa_yayinevi-alfa-yayinlari","10":"pa_yazar-clive-barker","12":"first","13":"instock","14":"sale","15":"shipping-taxable","16":"purchasable","17":"product-type-simple"},"_links":{"self":[{"href":"https:\/\/roveyayinevi.com.tr\/index.php\/wp-json\/wp\/v2\/product\/767114","targetHints":{"allow":["GET"]}}],"collection":[{"href":"https:\/\/roveyayinevi.com.tr\/index.php\/wp-json\/wp\/v2\/product"}],"about":[{"href":"https:\/\/roveyayinevi.com.tr\/index.php\/wp-json\/wp\/v2\/types\/product"}],"wp:attachment":[{"href":"https:\/\/roveyayinevi.com.tr\/index.php\/wp-json\/wp\/v2\/media?parent=767114"}],"wp:term":[{"taxonomy":"product_brand","embeddable":true,"href":"https:\/\/roveyayinevi.com.tr\/index.php\/wp-json\/wp\/v2\/product_brand?post=767114"},{"taxonomy":"product_cat","embeddable":true,"href":"https:\/\/roveyayinevi.com.tr\/index.php\/wp-json\/wp\/v2\/product_cat?post=767114"},{"taxonomy":"product_tag","embeddable":true,"href":"https:\/\/roveyayinevi.com.tr\/index.php\/wp-json\/wp\/v2\/product_tag?post=767114"}],"curies":[{"name":"wp","href":"https:\/\/api.w.org\/{rel}","templated":true}]}}