{"id":767099,"date":"2025-08-28T12:36:55","date_gmt":"2025-08-28T09:36:55","guid":{"rendered":"https:\/\/roveyayinevi.com.tr\/index.php\/urun\/hz-muhammedin-ehli-beyti\/"},"modified":"2026-04-15T03:32:46","modified_gmt":"2026-04-15T00:32:46","slug":"hz-muhammedin-ehli-beyti","status":"publish","type":"product","link":"https:\/\/roveyayinevi.com.tr\/index.php\/urun\/hz-muhammedin-ehli-beyti\/","title":{"rendered":"Hz. Muhammed\u2019in Ehli Beyti"},"content":{"rendered":"<p>\u0130slam dininin Peygamberi Hz. Muhammed\u2019in (s.a.v)  soyu, bilindi\u011fi gibi Fatma ile Hz. \u00c2liden devam etmi\u015ftir.  Bu kutlu soy, gerek mensuplar\u0131n\u0131n se\u00e7kinli\u011fi ve \u00fcst\u00fcn nitelikleriyle, gerekse siyasi anlamda her zaman \u0130slam \u00fcmmetinin dikkatini \u00fczerinde toplam\u0131\u015ft\u0131r.  Hem mezhep ve f\u0131kra olarak hem de millet olarak b\u00fct\u00fcn M\u00fcsl\u00fcmanlar\u0131 birle\u015ftiren ehli beyt sevgisi M\u00fcsl\u00fcmanlar nazar\u0131nda Peygamber sevgisi ayr\u0131lmaz bir unsur ve d\u00fcstur olmu\u015ftur. \u00d6zellikle Osmanl\u0131lar bu aile mensuplar\u0131n\u0131n tespiti i\u00e7in nakiplik ad\u0131yla bir m\u00fcessese dahi kurmu\u015flard\u0131r. Bu kitapta ehli beytin \u015fecere ve soylar\u0131n\u0131 b\u00fct\u00fcn ayr\u0131nt\u0131lar\u0131yla ortaya konmaktad\u0131r. HZ. \u0130BRAH\u0130M\u2019\u0130N DUASI                 Ey Rabbimiz! Bizi sana boyun e\u011fenlerden k\u0131l, neslimizden de sana itaat eden bir \u00fcmmet \u00e7\u0131kar, bize ibadet usullerimizi g\u00f6ster, tevbemizi kabul et; zira, tevbeleri \u00e7ok\u00e7a kabul eden, \u00e7ok merhametli olan an\u00e7ak sensin. Ey Rabbimiz! Onlara, i\u00e7lerinden senin Ayetlerini kendilerine okuyacak, onlara kitap ve hikmeti \u00f6\u011fretecek, onlar\u0131 temizleyecek bir Peygamber g\u00f6nder. \u00c7\u00fcnk\u00fc \u00fcst\u00fcn gelen, her \u015feyi yerli yerince yapan yaln\u0131z sensin (Bakara Suresi 128\/129 )               Bereketleri \u00e7ok olan k\u0131ymetli seyidler \u201cRahmetullahi Te\u00e2l\u00e2 aleyhim \u201c din ve d\u00fcnya efendisinin \u201caleyhi ve \u00e2l\u00e2 \u00e2lihissalev\u00e2t\u00fc vetteh\u0131yy\u00e2t\u201d zerrelerini ta\u015f\u0131d\u0131klar\u0131 i\u00e7in, k\u0131r\u0131k kalem ve k\u0131sa dil ile h\u00e2llerini bildirmekten ve kendilerini \u00f6vebilmekten \u00e7ok y\u00fcksektirler. Ancak, se\u2019\u00e2dete kavu\u015fma\u011fa sebep olaca\u011f\u0131n\u0131 d\u00fc\u015f\u00fcnerek bu i\u015fe kalk\u0131\u015f\u0131labilir. Belki de onlar\u0131 a\u011fz\u0131na almakla \u015fereflenmeyi ve onlara kar\u015f\u0131 sevgi beslemek emrini yerine getirmek i\u00e7in bu b\u00fcy\u00fck i\u015fe kalk\u0131\u015f\u0131l\u0131r. Ya Rabbi! Peygamberlerin efendisi h\u00fcrmeti i\u00e7in \u201caleyhi ve \u00e2l\u00e2 Alihi ve aleyhim\u00fcssal\u00e2t\u00fc vessel\u00e2m\u201d o sevgilileri, bizim de sevmemizi nasip eyle!                      Ehl-i Beyt, d\u00fcnyada bollu\u011fun, bereketin, adaletin, merhametin, ahirette ise Cennetin ve Cemalullah\u2019\u0131n anahtar\u0131d\u0131r. <\/p>\n","protected":false},"excerpt":{"rendered":"<p>\u0130slam dininin Peygamberi Hz. Muhammed\u2019in (s.a.v) soyu, bilindi\u011fi gibi Fatma ile Hz. \u00c2liden devam etmi\u015ftir. Bu kutlu soy, gerek mensuplar\u0131n\u0131n se\u00e7kinli\u011fi ve \u00fcst\u00fcn nitelikleriyle, gerekse siyasi<span class=\"excerpt-hellip\"> [\u2026]<\/span><\/p>\n","protected":false},"featured_media":0,"template":"","meta":{"_monsterinsights_skip_tracking":false,"_monsterinsights_sitenote_active":false,"_monsterinsights_sitenote_note":"","_monsterinsights_sitenote_category":0},"product_brand":[],"product_cat":[12718,12719],"product_tag":[],"class_list":{"0":"post-767099","1":"product","2":"type-product","3":"status-publish","5":"product_cat-din","6":"product_cat-islam","7":"pa_cilt-ciltsiz","8":"pa_tur-kitap","9":"pa_yayinevi-kalem-lugat-yayincilik","10":"pa_yazar-zubeyt-bozkurt","12":"first","13":"instock","14":"sale","15":"shipping-taxable","16":"purchasable","17":"product-type-simple"},"_links":{"self":[{"href":"https:\/\/roveyayinevi.com.tr\/index.php\/wp-json\/wp\/v2\/product\/767099","targetHints":{"allow":["GET"]}}],"collection":[{"href":"https:\/\/roveyayinevi.com.tr\/index.php\/wp-json\/wp\/v2\/product"}],"about":[{"href":"https:\/\/roveyayinevi.com.tr\/index.php\/wp-json\/wp\/v2\/types\/product"}],"wp:attachment":[{"href":"https:\/\/roveyayinevi.com.tr\/index.php\/wp-json\/wp\/v2\/media?parent=767099"}],"wp:term":[{"taxonomy":"product_brand","embeddable":true,"href":"https:\/\/roveyayinevi.com.tr\/index.php\/wp-json\/wp\/v2\/product_brand?post=767099"},{"taxonomy":"product_cat","embeddable":true,"href":"https:\/\/roveyayinevi.com.tr\/index.php\/wp-json\/wp\/v2\/product_cat?post=767099"},{"taxonomy":"product_tag","embeddable":true,"href":"https:\/\/roveyayinevi.com.tr\/index.php\/wp-json\/wp\/v2\/product_tag?post=767099"}],"curies":[{"name":"wp","href":"https:\/\/api.w.org\/{rel}","templated":true}]}}