{"id":767092,"date":"2025-08-28T12:36:47","date_gmt":"2025-08-28T09:36:47","guid":{"rendered":"https:\/\/roveyayinevi.com.tr\/index.php\/urun\/islam-birligine-cagri\/"},"modified":"2026-04-15T03:32:46","modified_gmt":"2026-04-15T00:32:46","slug":"islam-birligine-cagri","status":"publish","type":"product","link":"https:\/\/roveyayinevi.com.tr\/index.php\/urun\/islam-birligine-cagri\/","title":{"rendered":"\u0130slam Birli\u011fine \u00c7a\u011fr\u0131"},"content":{"rendered":"<p>\u0130slam Birli\u011fi&#8217;nin kurulmas\u0131 sadece \u0130slam aleminin de\u011fil, her dinden, her milletten ve her d\u00fc\u015f\u00fcnceden insan\u0131n kurtulu\u015fu olacak, bu birlik t\u00fcm d\u00fcnyaya sevgi, karde\u015flik, dostluk, bolluk ve bereket getirecektir. T\u00fcrkiye&#8217;nin \u00f6nderli\u011finde kurulacak olan \u0130slam Birli\u011fi, yery\u00fcz\u00fcn\u00fcn bamba\u015fka bir g\u00fczelli\u011fe b\u00fcr\u00fcnmesine, bolluk ve bereketin m\u00fcthi\u015f artmas\u0131na, sanat\u0131n, esteti\u011fin ve bilimin \u00e7ok geli\u015fmesine, g\u00fc\u00e7l\u00fc ve k\u00f6kl\u00fc bir medeniyetin in\u015fa edilmesine vesile olacakt\u0131r. Allah&#8217;\u0131n izniyle \u0130slam Birli\u011fi muhakkak kurulacakt\u0131r. Bu, Allah&#8217;\u0131n takdir etti\u011fi bir kaderdir. \u0130slam Birli\u011fi&#8217;nin do\u011fal lideri ise T\u00fcrkiye olacakt\u0131r. T\u00fcrkiye&#8217;nin liderli\u011fi t\u00fcm M\u00fcsl\u00fcman \u00fclkeleri taraf\u0131ndan da g\u00f6n\u00fclden kabul edilmekte ve istenmektedir. <\/p>\n","protected":false},"excerpt":{"rendered":"<p>\u0130slam Birli\u011fi&#8217;nin kurulmas\u0131 sadece \u0130slam aleminin de\u011fil, her dinden, her milletten ve her d\u00fc\u015f\u00fcnceden insan\u0131n kurtulu\u015fu olacak, bu birlik t\u00fcm d\u00fcnyaya sevgi, karde\u015flik, dostluk, bolluk ve<span class=\"excerpt-hellip\"> [\u2026]<\/span><\/p>\n","protected":false},"featured_media":0,"template":"","meta":{"_monsterinsights_skip_tracking":false,"_monsterinsights_sitenote_active":false,"_monsterinsights_sitenote_note":"","_monsterinsights_sitenote_category":0},"product_brand":[],"product_cat":[12718,12719],"product_tag":[],"class_list":{"0":"post-767092","1":"product","2":"type-product","3":"status-publish","5":"product_cat-din","6":"product_cat-islam","7":"pa_cilt-ciltsiz","8":"pa_tur-kitap","9":"pa_yayinevi-kalem-lugat-yayincilik","10":"pa_yazar-zubeyt-bozkurt","12":"first","13":"instock","14":"sale","15":"shipping-taxable","16":"purchasable","17":"product-type-simple"},"_links":{"self":[{"href":"https:\/\/roveyayinevi.com.tr\/index.php\/wp-json\/wp\/v2\/product\/767092","targetHints":{"allow":["GET"]}}],"collection":[{"href":"https:\/\/roveyayinevi.com.tr\/index.php\/wp-json\/wp\/v2\/product"}],"about":[{"href":"https:\/\/roveyayinevi.com.tr\/index.php\/wp-json\/wp\/v2\/types\/product"}],"wp:attachment":[{"href":"https:\/\/roveyayinevi.com.tr\/index.php\/wp-json\/wp\/v2\/media?parent=767092"}],"wp:term":[{"taxonomy":"product_brand","embeddable":true,"href":"https:\/\/roveyayinevi.com.tr\/index.php\/wp-json\/wp\/v2\/product_brand?post=767092"},{"taxonomy":"product_cat","embeddable":true,"href":"https:\/\/roveyayinevi.com.tr\/index.php\/wp-json\/wp\/v2\/product_cat?post=767092"},{"taxonomy":"product_tag","embeddable":true,"href":"https:\/\/roveyayinevi.com.tr\/index.php\/wp-json\/wp\/v2\/product_tag?post=767092"}],"curies":[{"name":"wp","href":"https:\/\/api.w.org\/{rel}","templated":true}]}}