{"id":767090,"date":"2025-08-28T12:36:44","date_gmt":"2025-08-28T09:36:44","guid":{"rendered":"https:\/\/roveyayinevi.com.tr\/index.php\/urun\/avrupanin-fethi\/"},"modified":"2026-04-15T03:32:46","modified_gmt":"2026-04-15T00:32:46","slug":"avrupanin-fethi","status":"publish","type":"product","link":"https:\/\/roveyayinevi.com.tr\/index.php\/urun\/avrupanin-fethi\/","title":{"rendered":"Avrupa\u2019n\u0131n Fethi"},"content":{"rendered":"<p>Usta asker\u00ee tarih\u00e7i G\u00e1bor \u00c1goston Avrupa\u2019n\u0131n Fethi\u2019nde, Orta \u00c7a\u011f Balkanlar\u0131nda yava\u015f ve diplomatik kurnazl\u0131klarla dolu Osmanl\u0131 yay\u0131l\u0131\u015f\u0131n\u0131 ilk defa t\u00fcm ayr\u0131nt\u0131lar\u0131yla resmediyor: siyasi evlilikler, h\u0131zla de\u011fi\u015fen ittifaklar, Osmanl\u0131lar\u0131 m\u00fcdahaleye davet eden i\u015f birli\u011fine a\u00e7\u0131k yerel g\u00fc\u00e7 odaklar\u0131 ve u\u00e7 beyleri&#8230; \u0130stanbul\u2019un fethinden sonra do\u011fan M\u00fcsl\u00fcman Roma\u2019n\u0131n Moha\u00e7\u2019\u0131n ard\u0131ndan Habsburglarla cihan hakimiyeti kavgas\u0131na tutu\u015fmas\u0131\u2026 Kapit\u00fclasyonlar yoluyla Katoliklere kar\u015f\u0131 Protestan devletlerin g\u00fc\u00e7lendirilmesi\u2026 Hint Okyanusu\u2019nda ka\u00e7an f\u0131rsatlar\u2026 Ger\u00e7ekle\u015ftirilemeyen S\u00fcvey\u015f, Don-Volga, Sakarya-Marmara kanallar\u0131\u2026 \u00c1goston, Osmanl\u0131 stratejisini ele al\u0131rken Habsburglar ve Safeviler kar\u015f\u0131s\u0131nda Osmanl\u0131lar\u0131n \u00fcst\u00fcnl\u00fcklerini ve zay\u0131fl\u0131klar\u0131n\u0131 ihmal etmiyor: Emperyal rekabette ba\u015fkentleri taviz ve m\u00fczakereye zorlayan yerel g\u00fc\u00e7 odaklar\u0131, \u201ck\u0131z\u0131l elma\u201d ve \u201ccihat\u201d retorikleri ile jeopolitik ger\u00e7eklerin uyu\u015fmazl\u0131\u011f\u0131 ve nihayet II. Viyana Ku\u015fatmas\u0131\u2019ndaki hezimete giden yolda ya\u015fan\u0131lan kurumsal sorunlar. Osmanl\u0131lar Avrupal\u0131 rakiplerine g\u00f6re ne daha sava\u015fkand\u0131lar ne de daha sald\u0131rgan. Din ve etnisite bir gerileme sebebi de\u011fildi. Daim\u00ee el\u00e7iler ve merkezi istihbarat noksanl\u0131\u011f\u0131nda bile Avrupa\u2019y\u0131 g\u00fcn\u00fc g\u00fcn\u00fcne takip ettiler. Ne var ki \u201c\u0130slam\u2019\u0131n Son Pehlivan\u0131\u201d uzun vadede bu noksanl\u0131klar\u0131n bedelini \u00f6dedi. Avrupa\u2019da ortaya \u00e7\u0131kan haritac\u0131l\u0131k, fenn\u00ee askerlik ve yeni mali, idari d\u00fczene ayak uyduramad\u0131k\u00e7a savunmaya \u00e7ekildi. \u00c1goston titizlikle haz\u0131rlad\u0131\u011f\u0131 bu eserinde, Osmanl\u0131lar\u0131n s\u0131n\u0131rlar\u0131 koruma m\u00fccadelesini, imparatorlu\u011fun zay\u0131flama sebeplerini, Habsburglar ve Safevilerle olan rekabetin detaylar\u0131n\u0131 ele al\u0131yor. Osmanl\u0131lar\u0131n 14. y\u00fczy\u0131ldaki y\u00fckseli\u015finden 1683\u2019teki Viyana Ku\u015fatmas\u0131\u2019na kadar uzanan etkileyici tarihini anlat\u0131yor. Osmanl\u0131 fetihlerini yaln\u0131zca sava\u015f meydanlar\u0131yla de\u011fil, hanedan evlilikleri, diplomatik manevralar ve fethedilen yerleri sisteme entegre etme politikalar\u0131yla da ele alan \u00c1goston, Osmanl\u0131lar\u0131n hem Do\u011fu\u2019nun hem de Bat\u0131\u2019n\u0131n bir par\u00e7as\u0131 oldu\u011funu ortaya koyuyor&#8230; T\u00fcrk okuyucusu i\u00e7in g\u00fcncellenen ve geni\u015fletilen Avrupa\u2019n\u0131n Fethi: Osmanl\u0131 Cihana Nas\u0131l H\u00fckmetti?, Osmanl\u0131 tarihi i\u00e7in yeni bir perspektif sunuyor. Avrupa\u2019n\u0131n, Osmanl\u0131lar olmadan anla\u015f\u0131lamayacak bir b\u00fct\u00fcn oldu\u011funu g\u00f6steren bu eser, tarihseverler i\u00e7in vazge\u00e7ilmez bir ba\u015fvuru kayna\u011f\u0131 olacak.<\/p>\n","protected":false},"excerpt":{"rendered":"<p>Usta asker\u00ee tarih\u00e7i G\u00e1bor \u00c1goston Avrupa\u2019n\u0131n Fethi\u2019nde, Orta \u00c7a\u011f Balkanlar\u0131nda yava\u015f ve diplomatik kurnazl\u0131klarla dolu Osmanl\u0131 yay\u0131l\u0131\u015f\u0131n\u0131 ilk defa t\u00fcm ayr\u0131nt\u0131lar\u0131yla resmediyor: siyasi evlilikler, h\u0131zla de\u011fi\u015fen<span class=\"excerpt-hellip\"> [\u2026]<\/span><\/p>\n","protected":false},"featured_media":0,"template":"","meta":{"_monsterinsights_skip_tracking":false,"_monsterinsights_sitenote_active":false,"_monsterinsights_sitenote_note":"","_monsterinsights_sitenote_category":0},"product_brand":[],"product_cat":[13517,12304],"product_tag":[],"class_list":{"0":"post-767090","1":"product","2":"type-product","3":"status-publish","5":"product_cat-osmanli-tarihi","6":"product_cat-tarih","7":"pa_cilt-ciltsiz","8":"pa_tur-kitap","9":"pa_yayinevi-kronik-kitap","10":"pa_yazar-gabor-agoston","12":"first","13":"instock","14":"sale","15":"shipping-taxable","16":"purchasable","17":"product-type-simple"},"_links":{"self":[{"href":"https:\/\/roveyayinevi.com.tr\/index.php\/wp-json\/wp\/v2\/product\/767090","targetHints":{"allow":["GET"]}}],"collection":[{"href":"https:\/\/roveyayinevi.com.tr\/index.php\/wp-json\/wp\/v2\/product"}],"about":[{"href":"https:\/\/roveyayinevi.com.tr\/index.php\/wp-json\/wp\/v2\/types\/product"}],"wp:attachment":[{"href":"https:\/\/roveyayinevi.com.tr\/index.php\/wp-json\/wp\/v2\/media?parent=767090"}],"wp:term":[{"taxonomy":"product_brand","embeddable":true,"href":"https:\/\/roveyayinevi.com.tr\/index.php\/wp-json\/wp\/v2\/product_brand?post=767090"},{"taxonomy":"product_cat","embeddable":true,"href":"https:\/\/roveyayinevi.com.tr\/index.php\/wp-json\/wp\/v2\/product_cat?post=767090"},{"taxonomy":"product_tag","embeddable":true,"href":"https:\/\/roveyayinevi.com.tr\/index.php\/wp-json\/wp\/v2\/product_tag?post=767090"}],"curies":[{"name":"wp","href":"https:\/\/api.w.org\/{rel}","templated":true}]}}

Avrupa’nın Fethi

<p>Usta askerî tarihçi Gábor Ágoston Avrupa’nın Fethi’nde, Orta Çağ Balkanlarında yavaş ve diplomatik kurnazlıklarla dolu Osmanlı yayılışını ilk defa tüm ayrıntılarıyla resmediyor: siyasi evlilikler, hızla değişen ittifaklar, Osmanlıları müdahaleye davet eden iş birliğine açık yerel güç odakları ve uç beyleri&#8230; İstanbul’un fethinden sonra doğan Müslüman Roma’nın Mohaç’ın ardından Habsburglarla cihan hakimiyeti kavgasına tutuşması… Kapitülasyonlar yoluyla Katoliklere karşı Protestan devletlerin güçlendirilmesi… Hint Okyanusu’nda kaçan fırsatlar… Gerçekleştirilemeyen Süveyş, Don-Volga, Sakarya-Marmara kanalları… Ágoston, Osmanlı stratejisini ele alırken Habsburglar ve Safeviler karşısında Osmanlıların üstünlüklerini ve zayıflıklarını ihmal etmiyor: Emperyal rekabette başkentleri taviz ve müzakereye zorlayan yerel güç odakları, “kızıl elma” ve “cihat” retorikleri ile jeopolitik gerçeklerin uyuşmazlığı ve nihayet II. Viyana Kuşatması’ndaki hezimete giden yolda yaşanılan kurumsal sorunlar. Osmanlılar Avrupalı rakiplerine göre ne daha savaşkandılar ne de daha saldırgan. Din ve etnisite bir gerileme sebebi değildi. Daimî elçiler ve merkezi istihbarat noksanlığında bile Avrupa’yı günü gününe takip ettiler. Ne var ki “İslam’ın Son Pehlivanı” uzun vadede bu noksanlıkların bedelini ödedi. Avrupa’da ortaya çıkan haritacılık, fennî askerlik ve yeni mali, idari düzene ayak uyduramadıkça savunmaya çekildi. Ágoston titizlikle hazırladığı bu eserinde, Osmanlıların sınırları koruma mücadelesini, imparatorluğun zayıflama sebeplerini, Habsburglar ve Safevilerle olan rekabetin detaylarını ele alıyor. Osmanlıların 14. yüzyıldaki yükselişinden 1683’teki Viyana Kuşatması’na kadar uzanan etkileyici tarihini anlatıyor. Osmanlı fetihlerini yalnızca savaş meydanlarıyla değil, hanedan evlilikleri, diplomatik manevralar ve fethedilen yerleri sisteme entegre etme politikalarıyla da ele alan Ágoston, Osmanlıların hem Doğu’nun hem de Batı’nın bir parçası olduğunu ortaya koyuyor&#8230; Türk okuyucusu için güncellenen ve genişletilen Avrupa’nın Fethi: Osmanlı Cihana Nasıl Hükmetti?, Osmanlı tarihi için yeni bir perspektif sunuyor. Avrupa’nın, Osmanlılar olmadan anlaşılamayacak bir bütün olduğunu gösteren bu eser, tarihseverler için vazgeçilmez bir başvuru kaynağı olacak.</p>

<p>Usta askerî tarihçi Gábor Ágoston Avrupa’nın Fethi’nde, Orta Çağ Balkanlarında yavaş ve diplomatik kurnazlıklarla dolu Osmanlı yayılışını ilk defa tüm ayrıntılarıyla resmediyor: siyasi evlilikler, hızla değişen<span class="excerpt-hellip"> […]</span></p>
