{"id":767089,"date":"2025-08-28T12:36:43","date_gmt":"2025-08-28T09:36:43","guid":{"rendered":"https:\/\/roveyayinevi.com.tr\/index.php\/urun\/iktisat-ve-toplum-dergisi-170-sayi-istikrar-arayisi\/"},"modified":"2026-04-15T03:32:46","modified_gmt":"2026-04-15T00:32:46","slug":"iktisat-ve-toplum-dergisi-170-sayi-istikrar-arayisi","status":"publish","type":"product","link":"https:\/\/roveyayinevi.com.tr\/index.php\/urun\/iktisat-ve-toplum-dergisi-170-sayi-istikrar-arayisi\/","title":{"rendered":"\u0130ktisat ve Toplum Dergisi 170. Say\u0131 \u0130stikrar Aray\u0131\u015f\u0131"},"content":{"rendered":"<p>Bu say\u0131da: Telif Gelirleri i\u00e7in Bir Vergileme \u00d6nerisi &#8211; Mahfi Eg\u0306ilmez               Ho\u015f\u00e7akal \u0130stikrar, Merhaba Kronik Enflasyon &#8211; O\u011fuz Esen               Enflasyonist Ortamlarda D\u00f6viz Kurunda \u0130stikrar\u0131 Sa\u011flamak \u00c7are mi? &#8211; S\u00fcbidey Togan          Bankac\u0131l\u0131k Sekt\u00f6r\u00fcnde Kamu Sermayesi Egemenli\u011fi &#8211; \u00d6mer Faruk \u00c7olak           Faiz Oran\u0131, B\u00f6l\u00fc\u015f\u00fcm: Deniz bitti &#8211; Cem Mehmet Baydur                Fed, Trump\u2019a Kar\u015f\u0131: \u0130kinci Raund &#8211; Nazire Nergiz Din\u00e7er                Kurumlar, \u0130ktisat ve Toplum i\u00e7in \u00d6nemlidir ama Nas\u0131l?: B\u00f6l\u00fcm 1 &#8211; Alper Duman                  D\u00f6rt Tarz-\u0131 Otoriterlik ve Siyasal Sonu\u00e7lar\u0131 \u00dczerine &#8211; Ersin Kalayc\u0131og\u0306lu             Dijitalle\u015fme ve Kad\u0131n Eme\u011fi: T\u00fcrkiye\u2019de Turizm ve \u0130malat Sekt\u00f6rleri Nas\u0131l Bir D\u00f6n\u00fc\u015f\u00fcme \u0130\u015faret Ediyor? &#8211; Saniye Dedeo\u011flu, Asl\u0131 \u00c7oban              Dijital D\u00f6n\u00fc\u015f\u00fcm ve \u0130\u015f S\u00fcre\u00e7lerinin Y\u00f6neti\u015fimi: ODT\u00dc-DTX \u00d6rne\u011fi &#8211; Erkan Erdil                 \u201cGer\u00e7ek\u00e7i\u201d \u0130ktisat Bilimi \u00dczerine D\u00fc\u015f\u00fcnceler &#8211; Ercan Eren             Uzak Do\u011fu Ekonomik Kalk\u0131nma Modelinin K\u00fclt\u00fcrel Dayana\u011f\u0131: Konf\u00fc\u00e7yanizm &#8211; Bahri Y\u0131lmaz                 Elektrikli Ara\u00e7lar \u0130klim Kriziyle M\u00fccadelede Kurtar\u0131c\u0131 m\u0131? &#8211; Arda Tunca            \u0130mtiyazs\u0131z, S\u0131n\u0131fs\u0131z, Kayna\u015fm\u0131\u015f ve Bipolar &#8211; Yas\u0327ar Tas\u0327k\u0131n Ko\u00e7                 ODT\u00dc Kamp\u00fcs\u00fcndeki 2023-2024 E\u011fitim Y\u0131l\u0131 G\u0131da Enflasyonunun MEPI \u00dczerinden \u0130ncelenmesi: ODT\u00dc\u2019de Bir Ara\u015ft\u0131rma                  Belediyeler, Sanat, Tiyatro (III) &#8211; Sacit Hadi Akdede             Modernle\u015fmenin \u0130ktisad\u0131: Tanp\u0131nar ve Saatleri Ayarlama Enstit\u00fcs\u00fc &#8211; G\u00fcl\u00e7in Elif Y\u00fccel          Bir \u00d6l\u00fcm \u0130lan\u0131, DPT\u2019yi Kuran Bir Ayd\u0131n ve Unutulan Yak\u0131n Tarihimiz &#8211; Ergun T\u00fcrkcan                \u0130nsanl\u0131\u011f\u0131n K\u0131r\u0131lgan \u00c2n\u0131: \u0130klim Tarihinden Al\u0131nacak Dersler &#8211; R. Funda Barbaros         Post-Keynesyen Yakla\u015f\u0131m \u00c7er\u00e7evesinde T\u00fcrkiye\u2019nin Cari A\u00e7\u0131k Sorunu: Demirel ve D\u00f6\u011f\u00fc\u015f Tart\u0131\u015fmalar\u0131 \u00dczerinden Bir De\u011ferlendirme &#8211; Turan Subas\u0327at<\/p>\n","protected":false},"excerpt":{"rendered":"<p>Bu say\u0131da: Telif Gelirleri i\u00e7in Bir Vergileme \u00d6nerisi &#8211; Mahfi Eg\u0306ilmez Ho\u015f\u00e7akal \u0130stikrar, Merhaba Kronik Enflasyon &#8211; O\u011fuz Esen Enflasyonist Ortamlarda D\u00f6viz Kurunda \u0130stikrar\u0131 Sa\u011flamak \u00c7are<span class=\"excerpt-hellip\"> [\u2026]<\/span><\/p>\n","protected":false},"featured_media":0,"template":"","meta":{"_monsterinsights_skip_tracking":false,"_monsterinsights_sitenote_active":false,"_monsterinsights_sitenote_note":"","_monsterinsights_sitenote_category":0},"product_brand":[],"product_cat":[13527],"product_tag":[],"class_list":{"0":"post-767089","1":"product","2":"type-product","3":"status-publish","5":"product_cat-sureli-yayinlar","6":"pa_cilt-ciltsiz","7":"pa_tur-dergi","8":"pa_yayinevi-efil-yayinevi-dergi","9":"pa_yazar-kolektif","11":"first","12":"instock","13":"sale","14":"shipping-taxable","15":"purchasable","16":"product-type-simple"},"_links":{"self":[{"href":"https:\/\/roveyayinevi.com.tr\/index.php\/wp-json\/wp\/v2\/product\/767089","targetHints":{"allow":["GET"]}}],"collection":[{"href":"https:\/\/roveyayinevi.com.tr\/index.php\/wp-json\/wp\/v2\/product"}],"about":[{"href":"https:\/\/roveyayinevi.com.tr\/index.php\/wp-json\/wp\/v2\/types\/product"}],"wp:attachment":[{"href":"https:\/\/roveyayinevi.com.tr\/index.php\/wp-json\/wp\/v2\/media?parent=767089"}],"wp:term":[{"taxonomy":"product_brand","embeddable":true,"href":"https:\/\/roveyayinevi.com.tr\/index.php\/wp-json\/wp\/v2\/product_brand?post=767089"},{"taxonomy":"product_cat","embeddable":true,"href":"https:\/\/roveyayinevi.com.tr\/index.php\/wp-json\/wp\/v2\/product_cat?post=767089"},{"taxonomy":"product_tag","embeddable":true,"href":"https:\/\/roveyayinevi.com.tr\/index.php\/wp-json\/wp\/v2\/product_tag?post=767089"}],"curies":[{"name":"wp","href":"https:\/\/api.w.org\/{rel}","templated":true}]}}

İktisat ve Toplum Dergisi 170. Sayı İstikrar Arayışı

<p>Bu sayıda: Telif Gelirleri için Bir Vergileme Önerisi &#8211; Mahfi Eğilmez               Hoşçakal İstikrar, Merhaba Kronik Enflasyon &#8211; Oğuz Esen               Enflasyonist Ortamlarda Döviz Kurunda İstikrarı Sağlamak Çare mi? &#8211; Sübidey Togan          Bankacılık Sektöründe Kamu Sermayesi Egemenliği &#8211; Ömer Faruk Çolak           Faiz Oranı, Bölüşüm: Deniz bitti &#8211; Cem Mehmet Baydur                Fed, Trump’a Karşı: İkinci Raund &#8211; Nazire Nergiz Dinçer                Kurumlar, İktisat ve Toplum için Önemlidir ama Nasıl?: Bölüm 1 &#8211; Alper Duman                  Dört Tarz-ı Otoriterlik ve Siyasal Sonuçları Üzerine &#8211; Ersin Kalaycıoğlu             Dijitalleşme ve Kadın Emeği: Türkiye’de Turizm ve İmalat Sektörleri Nasıl Bir Dönüşüme İşaret Ediyor? &#8211; Saniye Dedeoğlu, Aslı Çoban              Dijital Dönüşüm ve İş Süreçlerinin Yönetişimi: ODTÜ-DTX Örneği &#8211; Erkan Erdil                 “Gerçekçi” İktisat Bilimi Üzerine Düşünceler &#8211; Ercan Eren             Uzak Doğu Ekonomik Kalkınma Modelinin Kültürel Dayanağı: Konfüçyanizm &#8211; Bahri Yılmaz                 Elektrikli Araçlar İklim Kriziyle Mücadelede Kurtarıcı mı? &#8211; Arda Tunca            İmtiyazsız, Sınıfsız, Kaynaşmış ve Bipolar &#8211; Yaşar Taşkın Koç                 ODTÜ Kampüsündeki 2023-2024 Eğitim Yılı Gıda Enflasyonunun MEPI Üzerinden İncelenmesi: ODTÜ’de Bir Araştırma                  Belediyeler, Sanat, Tiyatro (III) &#8211; Sacit Hadi Akdede             Modernleşmenin İktisadı: Tanpınar ve Saatleri Ayarlama Enstitüsü &#8211; Gülçin Elif Yücel          Bir Ölüm İlanı, DPT’yi Kuran Bir Aydın ve Unutulan Yakın Tarihimiz &#8211; Ergun Türkcan                İnsanlığın Kırılgan Ânı: İklim Tarihinden Alınacak Dersler &#8211; R. Funda Barbaros         Post-Keynesyen Yaklaşım Çerçevesinde Türkiye’nin Cari Açık Sorunu: Demirel ve Döğüş Tartışmaları Üzerinden Bir Değerlendirme &#8211; Turan Subaşat</p>

<p>Bu sayıda: Telif Gelirleri için Bir Vergileme Önerisi &#8211; Mahfi Eğilmez Hoşçakal İstikrar, Merhaba Kronik Enflasyon &#8211; Oğuz Esen Enflasyonist Ortamlarda Döviz Kurunda İstikrarı Sağlamak Çare<span class="excerpt-hellip"> […]</span></p>
