{"id":767074,"date":"2025-08-28T12:36:24","date_gmt":"2025-08-28T09:36:24","guid":{"rendered":"https:\/\/roveyayinevi.com.tr\/index.php\/urun\/delilik\/"},"modified":"2026-04-08T03:29:33","modified_gmt":"2026-04-08T00:29:33","slug":"delilik","status":"publish","type":"product","link":"https:\/\/roveyayinevi.com.tr\/index.php\/urun\/delilik\/","title":{"rendered":"Delilik"},"content":{"rendered":"<p>Galiba ak\u0131ll\u0131 olmak yetmiyor bu evrende. \u00d6l\u00fcm bile istemiyorken bizi, delilik yetiyor. \u201cE\u011flence dedikleri, zaman\u0131n ruhundan d\u00fc\u015fen bir toz zerresi, Asla, asla demeden ilerle hayat\u0131nda, Ve asla kendinden \u015f\u00fcphe etme. Bu, senin ruhunun, Tanr\u0131\u2019dan kalan yar\u0131m \u00f6yk\u00fcs\u00fcne yazabilece\u011fin tek cevap: Ruh, bedenden ayr\u0131 d\u00fc\u015fmeden \u00f6nce kendine var.\u201d <\/p>\n","protected":false},"excerpt":{"rendered":"<p>Galiba ak\u0131ll\u0131 olmak yetmiyor bu evrende. \u00d6l\u00fcm bile istemiyorken bizi, delilik yetiyor. \u201cE\u011flence dedikleri, zaman\u0131n ruhundan d\u00fc\u015fen bir toz zerresi, Asla, asla demeden ilerle hayat\u0131nda, Ve<span class=\"excerpt-hellip\"> [\u2026]<\/span><\/p>\n","protected":false},"featured_media":0,"template":"","meta":{"_monsterinsights_skip_tracking":false,"_monsterinsights_sitenote_active":false,"_monsterinsights_sitenote_note":"","_monsterinsights_sitenote_category":0},"product_brand":[],"product_cat":[12291,12711],"product_tag":[],"class_list":{"0":"post-767074","1":"product","2":"type-product","3":"status-publish","5":"product_cat-edebiyat","6":"product_cat-roman-oyku","7":"pa_cilt-ciltsiz","8":"pa_tur-kitap","9":"pa_yayinevi-ulysses-yayinlari","10":"pa_yazar-osman-kurt","12":"first","13":"instock","14":"sale","15":"shipping-taxable","16":"purchasable","17":"product-type-simple"},"_links":{"self":[{"href":"https:\/\/roveyayinevi.com.tr\/index.php\/wp-json\/wp\/v2\/product\/767074","targetHints":{"allow":["GET"]}}],"collection":[{"href":"https:\/\/roveyayinevi.com.tr\/index.php\/wp-json\/wp\/v2\/product"}],"about":[{"href":"https:\/\/roveyayinevi.com.tr\/index.php\/wp-json\/wp\/v2\/types\/product"}],"wp:attachment":[{"href":"https:\/\/roveyayinevi.com.tr\/index.php\/wp-json\/wp\/v2\/media?parent=767074"}],"wp:term":[{"taxonomy":"product_brand","embeddable":true,"href":"https:\/\/roveyayinevi.com.tr\/index.php\/wp-json\/wp\/v2\/product_brand?post=767074"},{"taxonomy":"product_cat","embeddable":true,"href":"https:\/\/roveyayinevi.com.tr\/index.php\/wp-json\/wp\/v2\/product_cat?post=767074"},{"taxonomy":"product_tag","embeddable":true,"href":"https:\/\/roveyayinevi.com.tr\/index.php\/wp-json\/wp\/v2\/product_tag?post=767074"}],"curies":[{"name":"wp","href":"https:\/\/api.w.org\/{rel}","templated":true}]}}