{"id":767065,"date":"2025-08-28T12:36:13","date_gmt":"2025-08-28T09:36:13","guid":{"rendered":"https:\/\/roveyayinevi.com.tr\/index.php\/urun\/ilk-kiblemiz\/"},"modified":"2026-04-15T03:32:46","modified_gmt":"2026-04-15T00:32:46","slug":"ilk-kiblemiz","status":"publish","type":"product","link":"https:\/\/roveyayinevi.com.tr\/index.php\/urun\/ilk-kiblemiz\/","title":{"rendered":"\u0130lk K\u0131blemiz"},"content":{"rendered":"<p>Kud\u00fcs&#8217;\u00fcn fethi \u0130slam \u00e2leminde sevin\u00e7le kar\u015f\u0131lan\u0131rken, Vatikan ve Hristiyan \u00e2leminde \u015foka neden oldu. Ha\u00e7l\u0131larca tahrip edilen Mescid-i Aksa\u2019y\u0131 kendi elleriyle s\u00fcp\u00fcren ve g\u00fcl ya\u011f\u0131yla y\u0131katan Selahaddin Eyyubi, Harem-i \u015eerif\u2019i Hristiyanlara ait sembollerden ar\u0131nd\u0131rd\u0131. Fethin ard\u0131ndan Kubbet\u00fc\u2019s Sahra\u2019daki ha\u00e7\u0131n indirilmesinin ard\u0131ndan 88 y\u0131l boyunca duyulmayan ezan sesi tekrar \u015fehrin semalar\u0131nda yank\u0131lanmaya ba\u015flad\u0131. \u015eehre bir\u00e7ok eser kazand\u0131ran Sultan Selahaddin, Halep&#8217;ten getirtti\u011fi minberi Mescid-i Aksa&#8217;ya yerle\u015ftirdi. Ad\u0131na k\u0131ssalar dizilen ve &#8220;Selahaddin Minberi&#8221; olarak adland\u0131r\u0131lan bu tarihi eser Kud\u00fcs&#8217;\u00fcn fethinin simgelerinden biri haline geldi. Yeniden Kud\u00fcsu Fetih edebilmek i\u00e7in Selahaddin Eyyubi, olmak gerekir. <\/p>\n","protected":false},"excerpt":{"rendered":"<p>Kud\u00fcs&#8217;\u00fcn fethi \u0130slam \u00e2leminde sevin\u00e7le kar\u015f\u0131lan\u0131rken, Vatikan ve Hristiyan \u00e2leminde \u015foka neden oldu. Ha\u00e7l\u0131larca tahrip edilen Mescid-i Aksa\u2019y\u0131 kendi elleriyle s\u00fcp\u00fcren ve g\u00fcl ya\u011f\u0131yla y\u0131katan Selahaddin<span class=\"excerpt-hellip\"> [\u2026]<\/span><\/p>\n","protected":false},"featured_media":0,"template":"","meta":{"_monsterinsights_skip_tracking":false,"_monsterinsights_sitenote_active":false,"_monsterinsights_sitenote_note":"","_monsterinsights_sitenote_category":0},"product_brand":[],"product_cat":[12718,12719],"product_tag":[],"class_list":{"0":"post-767065","1":"product","2":"type-product","3":"status-publish","5":"product_cat-din","6":"product_cat-islam","7":"pa_cilt-ciltsiz","8":"pa_tur-kitap","9":"pa_yayinevi-kalem-lugat-yayincilik","10":"pa_yazar-zubeyt-bozkurt","12":"first","13":"instock","14":"sale","15":"shipping-taxable","16":"purchasable","17":"product-type-simple"},"_links":{"self":[{"href":"https:\/\/roveyayinevi.com.tr\/index.php\/wp-json\/wp\/v2\/product\/767065","targetHints":{"allow":["GET"]}}],"collection":[{"href":"https:\/\/roveyayinevi.com.tr\/index.php\/wp-json\/wp\/v2\/product"}],"about":[{"href":"https:\/\/roveyayinevi.com.tr\/index.php\/wp-json\/wp\/v2\/types\/product"}],"wp:attachment":[{"href":"https:\/\/roveyayinevi.com.tr\/index.php\/wp-json\/wp\/v2\/media?parent=767065"}],"wp:term":[{"taxonomy":"product_brand","embeddable":true,"href":"https:\/\/roveyayinevi.com.tr\/index.php\/wp-json\/wp\/v2\/product_brand?post=767065"},{"taxonomy":"product_cat","embeddable":true,"href":"https:\/\/roveyayinevi.com.tr\/index.php\/wp-json\/wp\/v2\/product_cat?post=767065"},{"taxonomy":"product_tag","embeddable":true,"href":"https:\/\/roveyayinevi.com.tr\/index.php\/wp-json\/wp\/v2\/product_tag?post=767065"}],"curies":[{"name":"wp","href":"https:\/\/api.w.org\/{rel}","templated":true}]}}