{"id":767057,"date":"2025-08-28T12:35:59","date_gmt":"2025-08-28T09:35:59","guid":{"rendered":"https:\/\/roveyayinevi.com.tr\/index.php\/urun\/gurbetteki-kuslar\/"},"modified":"2026-04-15T03:32:45","modified_gmt":"2026-04-15T00:32:45","slug":"gurbetteki-kuslar","status":"publish","type":"product","link":"https:\/\/roveyayinevi.com.tr\/index.php\/urun\/gurbetteki-kuslar\/","title":{"rendered":"Gurbetteki Ku\u015flar"},"content":{"rendered":"<p>\u015eimdi iki yetimi mi anlatmak t\u00fcm mesele. Her zaman g\u00fcne\u015fin do\u011fmas\u0131 ilgimizi \u00e7ekmez mi bizim. Tabi birde iki yetimin a\u015f\u0131k olmas\u0131. Sahi siz yetimken hi\u00e7 \u00e2\u015f\u0131k oldunuz mu? Ya da annenizi bembeyazlar i\u00e7erisinde hayal ettiniz mi? \u0130lk sevgilinizin ad\u0131n\u0131 hat\u0131rl\u0131yor musunuz? Benim ilk sevgilim annemdi. Yetimlik zor meseleymi\u015f do\u011frusu. \u015eimdi hayal et i\u015fin yoksa annene mi ya da babana m\u0131 daha \u00e7ok benziyorsun diye. Kader i\u015fte, bazen sima olarak benzemese de insana yazg\u0131s\u0131 olarak benzermi\u015f. Haydi, i\u00e7inde ne varsa; arad\u0131klar\u0131na, beklediklerine ve \u00f6zlediklerine kavu\u015fma vakti. Hatta yar\u0131m kald\u0131\u011f\u0131m\u0131z baz\u0131 \u015feyleri bu kitapla tamamlama vakti.  Zaman ak\u0131p gitmekte iken bu kitap senin aziz hat\u0131rana sahip \u00e7\u0131kacak. Bazen bu kitab\u0131n sesini bir Yetimhaneden bazen de Ulucanlar Cezaevinden duyacaks\u0131n. Zaman bize, ge\u00e7mi\u015f ve gelece\u011fimiz aras\u0131ndaki tren yolculu\u011fundan haber verecek. Kimine ac\u0131, kimine suskunluk katarak. Zaman ge\u00e7iyor \u015fimdiden. \u2018Sen kendini aramaktan vazge\u00e7medi\u011fin gibi\u2019 Ka\u00e7 ya\u015f\u0131nda olursan ol ya da kim olursa olsun,  birde yetimken bulmak vard\u0131 kendini.  <\/p>\n","protected":false},"excerpt":{"rendered":"<p>\u015eimdi iki yetimi mi anlatmak t\u00fcm mesele. Her zaman g\u00fcne\u015fin do\u011fmas\u0131 ilgimizi \u00e7ekmez mi bizim. Tabi birde iki yetimin a\u015f\u0131k olmas\u0131. Sahi siz yetimken hi\u00e7 \u00e2\u015f\u0131k<span class=\"excerpt-hellip\"> [\u2026]<\/span><\/p>\n","protected":false},"featured_media":0,"template":"","meta":{"_monsterinsights_skip_tracking":false,"_monsterinsights_sitenote_active":false,"_monsterinsights_sitenote_note":"","_monsterinsights_sitenote_category":0},"product_brand":[],"product_cat":[12291,12711],"product_tag":[],"class_list":{"0":"post-767057","1":"product","2":"type-product","3":"status-publish","5":"product_cat-edebiyat","6":"product_cat-roman-oyku","7":"pa_cilt-ciltsiz","8":"pa_tur-kitap","9":"pa_yayinevi-kalem-lugat-yayincilik","10":"pa_yazar-zubeyt-bozkurt","12":"first","13":"instock","14":"sale","15":"shipping-taxable","16":"purchasable","17":"product-type-simple"},"_links":{"self":[{"href":"https:\/\/roveyayinevi.com.tr\/index.php\/wp-json\/wp\/v2\/product\/767057","targetHints":{"allow":["GET"]}}],"collection":[{"href":"https:\/\/roveyayinevi.com.tr\/index.php\/wp-json\/wp\/v2\/product"}],"about":[{"href":"https:\/\/roveyayinevi.com.tr\/index.php\/wp-json\/wp\/v2\/types\/product"}],"wp:attachment":[{"href":"https:\/\/roveyayinevi.com.tr\/index.php\/wp-json\/wp\/v2\/media?parent=767057"}],"wp:term":[{"taxonomy":"product_brand","embeddable":true,"href":"https:\/\/roveyayinevi.com.tr\/index.php\/wp-json\/wp\/v2\/product_brand?post=767057"},{"taxonomy":"product_cat","embeddable":true,"href":"https:\/\/roveyayinevi.com.tr\/index.php\/wp-json\/wp\/v2\/product_cat?post=767057"},{"taxonomy":"product_tag","embeddable":true,"href":"https:\/\/roveyayinevi.com.tr\/index.php\/wp-json\/wp\/v2\/product_tag?post=767057"}],"curies":[{"name":"wp","href":"https:\/\/api.w.org\/{rel}","templated":true}]}}