{"id":767050,"date":"2025-08-28T12:35:49","date_gmt":"2025-08-28T09:35:49","guid":{"rendered":"https:\/\/roveyayinevi.com.tr\/index.php\/urun\/seckin-turk-ressamlar\/"},"modified":"2026-04-15T03:32:45","modified_gmt":"2026-04-15T00:32:45","slug":"seckin-turk-ressamlar","status":"publish","type":"product","link":"https:\/\/roveyayinevi.com.tr\/index.php\/urun\/seckin-turk-ressamlar\/","title":{"rendered":"Se\u00e7kin T\u00fcrk Ressamlar"},"content":{"rendered":"<p>T\u00fcrk resim sanat\u0131n\u0131n tarihsel yolculu\u011funda bir rehber niteli\u011fi ta\u015f\u0131yan bu kitap, Osmanl\u0131\u2019dan Cumhuriyet\u2019e uzanan geni\u015f bir zaman diliminde sanat\u00e7\u0131lar\u0131m\u0131z\u0131n eserlerine \u0131\u015f\u0131k tutuyor. Sanayi-i Nefise Mektebi\u2019nin kurulu\u015fuyla ba\u015flayan ve Mimar Sinan \u00dcniversitesi Resim ve Heykel M\u00fczesi\u2019nin varl\u0131\u011f\u0131yla s\u00fcrd\u00fcr\u00fclen bu sanat ser\u00fcveni, Ferik \u0130brahim Pa\u015fa\u2019dan Hale Asaf\u2019a kadar uzanan sanat\u00e7\u0131 yelpazesiyle T\u00fcrk resmine \u00f6zg\u00fcn bir bak\u0131\u015f a\u00e7\u0131s\u0131 sunuyor. G\u00fcven Baykan\u2019n\u0131n titiz \u00e7al\u0131\u015fmas\u0131yla haz\u0131rlanan bu eser, Cumhuriyet\u2019in ilk y\u0131llar\u0131nda Atat\u00fcrk\u2019\u00fcn te\u015fvikleriyle Anadolu\u2019ya yay\u0131lan sanat\u00e7\u0131lar\u0131n katk\u0131lar\u0131n\u0131, Bat\u0131 etkisi alt\u0131nda bi\u00e7imlenen T\u00fcrk resminin kendine \u00f6zg\u00fc kimlik aray\u0131\u015f\u0131n\u0131 ve Anadolu\u2019nun k\u00fclt\u00fcrel dokusunu \u00e7a\u011fda\u015f formlarla nas\u0131l bulu\u015fturdu\u011funu g\u00f6zler \u00f6n\u00fcne seriyor. Se\u00e7kin T\u00fcrk Ressamlar, T\u00fcrk sanat\u0131n\u0131n k\u00f6klerini ve geli\u015fimini anlamak isteyenler i\u00e7in \u00f6nemli bir kaynak niteli\u011finde.Prof. S\u00fcleyman Saim Tekcan <\/p>\n","protected":false},"excerpt":{"rendered":"<p>T\u00fcrk resim sanat\u0131n\u0131n tarihsel yolculu\u011funda bir rehber niteli\u011fi ta\u015f\u0131yan bu kitap, Osmanl\u0131\u2019dan Cumhuriyet\u2019e uzanan geni\u015f bir zaman diliminde sanat\u00e7\u0131lar\u0131m\u0131z\u0131n eserlerine \u0131\u015f\u0131k tutuyor. Sanayi-i Nefise Mektebi\u2019nin kurulu\u015fuyla<span class=\"excerpt-hellip\"> [\u2026]<\/span><\/p>\n","protected":false},"featured_media":0,"template":"","meta":{"_monsterinsights_skip_tracking":false,"_monsterinsights_sitenote_active":false,"_monsterinsights_sitenote_note":"","_monsterinsights_sitenote_category":0},"product_brand":[],"product_cat":[12408],"product_tag":[],"class_list":{"0":"post-767050","1":"product","2":"type-product","3":"status-publish","5":"product_cat-sanat","6":"pa_cilt-ciltsiz","7":"pa_tur-kitap","8":"pa_yayinevi-cumhuriyet-kitaplari","9":"pa_yazar-guven-baykan","11":"first","12":"instock","13":"sale","14":"shipping-taxable","15":"purchasable","16":"product-type-simple"},"_links":{"self":[{"href":"https:\/\/roveyayinevi.com.tr\/index.php\/wp-json\/wp\/v2\/product\/767050","targetHints":{"allow":["GET"]}}],"collection":[{"href":"https:\/\/roveyayinevi.com.tr\/index.php\/wp-json\/wp\/v2\/product"}],"about":[{"href":"https:\/\/roveyayinevi.com.tr\/index.php\/wp-json\/wp\/v2\/types\/product"}],"wp:attachment":[{"href":"https:\/\/roveyayinevi.com.tr\/index.php\/wp-json\/wp\/v2\/media?parent=767050"}],"wp:term":[{"taxonomy":"product_brand","embeddable":true,"href":"https:\/\/roveyayinevi.com.tr\/index.php\/wp-json\/wp\/v2\/product_brand?post=767050"},{"taxonomy":"product_cat","embeddable":true,"href":"https:\/\/roveyayinevi.com.tr\/index.php\/wp-json\/wp\/v2\/product_cat?post=767050"},{"taxonomy":"product_tag","embeddable":true,"href":"https:\/\/roveyayinevi.com.tr\/index.php\/wp-json\/wp\/v2\/product_tag?post=767050"}],"curies":[{"name":"wp","href":"https:\/\/api.w.org\/{rel}","templated":true}]}}