{"id":767036,"date":"2025-08-28T12:35:30","date_gmt":"2025-08-28T09:35:30","guid":{"rendered":"https:\/\/roveyayinevi.com.tr\/index.php\/urun\/masallar-4\/"},"modified":"2026-04-15T03:32:45","modified_gmt":"2026-04-15T00:32:45","slug":"masallar-4","status":"publish","type":"product","link":"https:\/\/roveyayinevi.com.tr\/index.php\/urun\/masallar-4\/","title":{"rendered":"Masallar"},"content":{"rendered":"<p>Rus edebiyat\u0131n\u0131n \u00f6l\u00fcms\u00fcz \u015fairi Pu\u015fkin halk edebiyat\u0131n\u0131n, masallar\u0131n ve s\u00f6zl\u00fc gelene\u011fin edebi bir forma d\u00f6n\u00fc\u015ft\u00fcr\u00fclmesinde \u00f6nc\u00fc bir rol oynam\u0131\u015f, onlar\u0131 yeniden \u015fekillendirerek her ya\u015ftan okura hitap eden e\u015fsiz metinler yazm\u0131\u015ft\u0131r. Pu\u015fkin\u2019in edebiyat\u0131, masallar\u0131ndaki zarif \u00fcslup, sembolizm ve temalarla Rus halk\u0131n\u0131 a\u015farak t\u00fcm d\u00fcnyaya hitap eden bir edebi mirasa d\u00f6n\u00fc\u015fm\u00fc\u015ft\u00fcr. Vladimir Nabokov&#8217;un deyimiyle \u201cRus edebiyat\u0131n\u0131n as\u0131l kayna\u011f\u0131\u201d olan Pu\u015fkin, yaln\u0131zca bir yazar de\u011fil, ayn\u0131 zamanda halk\u0131n ruhunu edebiyatla bulu\u015fturan bir hik\u00e2ye anlat\u0131c\u0131s\u0131d\u0131r. \u00c7ocuklu\u011funda dad\u0131s\u0131 Arina\u2019dan dinledi\u011fi halk masallar\u0131, onun hayal g\u00fcc\u00fcn\u00fcn temelini olu\u015fturmu\u015f ve masallar\u0131na evrensel bir derinlik katm\u0131\u015ft\u0131r. Bu kitap, Pu\u015fkin\u2019in halk hik\u00e2yelerine kazand\u0131rd\u0131\u011f\u0131 o b\u00fcy\u00fcl\u00fc dokunu\u015flar\u0131 hissederken, ayn\u0131 zamanda bir ulusun k\u00fclt\u00fcrel miras\u0131na tan\u0131kl\u0131k etme f\u0131rsat\u0131 sunuyor.<\/p>\n","protected":false},"excerpt":{"rendered":"<p>Rus edebiyat\u0131n\u0131n \u00f6l\u00fcms\u00fcz \u015fairi Pu\u015fkin halk edebiyat\u0131n\u0131n, masallar\u0131n ve s\u00f6zl\u00fc gelene\u011fin edebi bir forma d\u00f6n\u00fc\u015ft\u00fcr\u00fclmesinde \u00f6nc\u00fc bir rol oynam\u0131\u015f, onlar\u0131 yeniden \u015fekillendirerek her ya\u015ftan okura hitap<span class=\"excerpt-hellip\"> [\u2026]<\/span><\/p>\n","protected":false},"featured_media":0,"template":"","meta":{"_monsterinsights_skip_tracking":false,"_monsterinsights_sitenote_active":false,"_monsterinsights_sitenote_note":"","_monsterinsights_sitenote_category":0},"product_brand":[],"product_cat":[12291,12711],"product_tag":[],"class_list":{"0":"post-767036","1":"product","2":"type-product","3":"status-publish","5":"product_cat-edebiyat","6":"product_cat-roman-oyku","7":"pa_cilt-ciltsiz","8":"pa_tur-kitap","9":"pa_yayinevi-alfa-yayinlari","10":"pa_yazar-aleksandr-sergeyevic-puskin","12":"first","13":"instock","14":"sale","15":"shipping-taxable","16":"purchasable","17":"product-type-simple"},"_links":{"self":[{"href":"https:\/\/roveyayinevi.com.tr\/index.php\/wp-json\/wp\/v2\/product\/767036","targetHints":{"allow":["GET"]}}],"collection":[{"href":"https:\/\/roveyayinevi.com.tr\/index.php\/wp-json\/wp\/v2\/product"}],"about":[{"href":"https:\/\/roveyayinevi.com.tr\/index.php\/wp-json\/wp\/v2\/types\/product"}],"wp:attachment":[{"href":"https:\/\/roveyayinevi.com.tr\/index.php\/wp-json\/wp\/v2\/media?parent=767036"}],"wp:term":[{"taxonomy":"product_brand","embeddable":true,"href":"https:\/\/roveyayinevi.com.tr\/index.php\/wp-json\/wp\/v2\/product_brand?post=767036"},{"taxonomy":"product_cat","embeddable":true,"href":"https:\/\/roveyayinevi.com.tr\/index.php\/wp-json\/wp\/v2\/product_cat?post=767036"},{"taxonomy":"product_tag","embeddable":true,"href":"https:\/\/roveyayinevi.com.tr\/index.php\/wp-json\/wp\/v2\/product_tag?post=767036"}],"curies":[{"name":"wp","href":"https:\/\/api.w.org\/{rel}","templated":true}]}}