{"id":767029,"date":"2025-08-28T12:33:48","date_gmt":"2025-08-28T09:33:48","guid":{"rendered":"https:\/\/roveyayinevi.com.tr\/index.php\/urun\/sosyal-medya-ve-siyaset\/"},"modified":"2026-04-15T03:32:45","modified_gmt":"2026-04-15T00:32:45","slug":"sosyal-medya-ve-siyaset","status":"publish","type":"product","link":"https:\/\/roveyayinevi.com.tr\/index.php\/urun\/sosyal-medya-ve-siyaset\/","title":{"rendered":"Sosyal Medya ve Siyaset"},"content":{"rendered":"<p>Bu kitap etraf\u0131 sosyal a\u011f siteleri ile \u00e7evrilmi\u015f olan dijital bireyin, siyaset kurumu ve onun akt\u00f6rleri ile olan ili\u015fkisini birey merkezli olarak ele almaktad\u0131r.Sosyal medya, s\u0131radan insanlara fikirlerini a\u00e7\u0131klamak ve di\u011ferleriyle ba\u011flant\u0131ya ge\u00e7mek i\u00e7in imk\u00e2n sundu\u011fu gibitoplumsal olaylar ve \u00f6rg\u00fctlenmelerin de merkezinde yer al\u0131r. Zira sosyal medya platformlar\u0131, dijital aktivizm olarak ifade edilen \u00f6rg\u00fctlenme bi\u00e7iminin altyap\u0131s\u0131n\u0131 olu\u015fturmaktad\u0131r.Yerel olarak ba\u015flay\u0131p b\u00f6lgesel hatta k\u00fcresel nitelik kazanan Wall Street\u2019i \u0130\u015fgal Et!, Arap Bahar\u0131 ve Sar\u0131 Yelekliler gibi hareketlerin tamam\u0131nda, sosyal medyan\u0131n haberle\u015fme ve \u00f6rg\u00fctlenme noktas\u0131nda merkezi bir rol oynad\u0131\u011f\u0131 g\u00f6r\u00fclmektedir. Bir y\u00f6n\u00fcyle bireyi g\u00fc\u00e7lendirdi\u011fi i\u00e7in olumlanan sosyal medya, di\u011fer y\u00f6n\u00fcyle T\u00fcrkiye\u2019deki Gezi Park\u0131 olaylar\u0131nda da g\u00f6r\u00fcld\u00fc\u011f\u00fc \u00fczere manip\u00fclasyona olduk\u00e7a a\u00e7\u0131k bir aland\u0131r. Ancak her hal ve \u015fartta bilinen \u015fudur ki sosyal medya g\u00fcn\u00fcm\u00fcz insan\u0131n\u0131n bir ge\u00e7e\u011fi ve ayr\u0131lmaz bir par\u00e7as\u0131 haline gelmi\u015ftir. Dolay\u0131s\u0131yla bu alan\u0131 m\u00fcmk\u00fcn oldu\u011funca iyi analiz etmek, sorgulamak ve anlamaya \u00e7al\u0131\u015fmak gerekmektedir.<\/p>\n","protected":false},"excerpt":{"rendered":"<p>Bu kitap etraf\u0131 sosyal a\u011f siteleri ile \u00e7evrilmi\u015f olan dijital bireyin, siyaset kurumu ve onun akt\u00f6rleri ile olan ili\u015fkisini birey merkezli olarak ele almaktad\u0131r.Sosyal medya, s\u0131radan<span class=\"excerpt-hellip\"> [\u2026]<\/span><\/p>\n","protected":false},"featured_media":0,"template":"","meta":{"_monsterinsights_skip_tracking":false,"_monsterinsights_sitenote_active":false,"_monsterinsights_sitenote_note":"","_monsterinsights_sitenote_category":0},"product_brand":[],"product_cat":[22061,13488],"product_tag":[],"class_list":{"0":"post-767029","1":"product","2":"type-product","3":"status-publish","5":"product_cat-sosyal-medya-ve-iletisim","6":"product_cat-toplum-ve-insan","7":"pa_cilt-ciltsiz","8":"pa_tur-kitap","9":"pa_yayinevi-orion-kitabevi","10":"pa_yazar-ibrahim-halil-yasar","12":"first","13":"instock","14":"sale","15":"shipping-taxable","16":"purchasable","17":"product-type-simple"},"_links":{"self":[{"href":"https:\/\/roveyayinevi.com.tr\/index.php\/wp-json\/wp\/v2\/product\/767029","targetHints":{"allow":["GET"]}}],"collection":[{"href":"https:\/\/roveyayinevi.com.tr\/index.php\/wp-json\/wp\/v2\/product"}],"about":[{"href":"https:\/\/roveyayinevi.com.tr\/index.php\/wp-json\/wp\/v2\/types\/product"}],"wp:attachment":[{"href":"https:\/\/roveyayinevi.com.tr\/index.php\/wp-json\/wp\/v2\/media?parent=767029"}],"wp:term":[{"taxonomy":"product_brand","embeddable":true,"href":"https:\/\/roveyayinevi.com.tr\/index.php\/wp-json\/wp\/v2\/product_brand?post=767029"},{"taxonomy":"product_cat","embeddable":true,"href":"https:\/\/roveyayinevi.com.tr\/index.php\/wp-json\/wp\/v2\/product_cat?post=767029"},{"taxonomy":"product_tag","embeddable":true,"href":"https:\/\/roveyayinevi.com.tr\/index.php\/wp-json\/wp\/v2\/product_tag?post=767029"}],"curies":[{"name":"wp","href":"https:\/\/api.w.org\/{rel}","templated":true}]}}