{"id":767028,"date":"2025-08-28T12:33:46","date_gmt":"2025-08-28T09:33:46","guid":{"rendered":"https:\/\/roveyayinevi.com.tr\/index.php\/urun\/ayazin-ilham-perileri\/"},"modified":"2026-04-15T03:32:45","modified_gmt":"2026-04-15T00:32:45","slug":"ayazin-ilham-perileri","status":"publish","type":"product","link":"https:\/\/roveyayinevi.com.tr\/index.php\/urun\/ayazin-ilham-perileri\/","title":{"rendered":"Ayaz\u2019\u0131n \u0130lham Perileri"},"content":{"rendered":"<p>\u00c7ocuk edebiyat\u0131n\u0131n sevilen yazar\u0131 Nuri Kurucu\u2019dan hepimizi kitaplar\u0131n d\u00fcnyas\u0131nda hayaller kurmaya davet eden yepyeni bir \u00e7ocuk roman\u0131.   Ayaz d\u00f6rt katl\u0131 ah\u015fap bir evin \u00fc\u00e7\u00fcnc\u00fc kat\u0131nda ailesiyle ya\u015f\u0131yor. Di\u011fer katlar\u0131nda eski e\u015fyalar\u0131n depoland\u0131\u011f\u0131 bu evde, Ayaz\u2019\u0131n en b\u00fcy\u00fck e\u011flencesi odalarda dola\u015farak ke\u015fifler yapmak. Bir g\u00fcn sand\u0131ktan \u00e7\u0131kan bir daktilo bulan Ayaz b\u00fcy\u00fckbabas\u0131n\u0131n eskiden \u00f6yk\u00fcler yazd\u0131\u011f\u0131n\u0131 \u00f6\u011freniyor. Daktilo kullanmay\u0131 \u00f6\u011frenip \u00f6yk\u00fc yazmaya giri\u015fen Ayaz, \u00f6nce bunun hi\u00e7 de kolay olmad\u0131\u011f\u0131n\u0131 fark ediyor, sonra da hayal kurman\u0131n keyfi ve kitaplar\u0131n ilham verici d\u00fcnyas\u0131yla tan\u0131\u015f\u0131yor.    <\/p>\n","protected":false},"excerpt":{"rendered":"<p>\u00c7ocuk edebiyat\u0131n\u0131n sevilen yazar\u0131 Nuri Kurucu\u2019dan hepimizi kitaplar\u0131n d\u00fcnyas\u0131nda hayaller kurmaya davet eden yepyeni bir \u00e7ocuk roman\u0131. Ayaz d\u00f6rt katl\u0131 ah\u015fap bir evin \u00fc\u00e7\u00fcnc\u00fc kat\u0131nda ailesiyle<span class=\"excerpt-hellip\"> [\u2026]<\/span><\/p>\n","protected":false},"featured_media":0,"template":"","meta":{"_monsterinsights_skip_tracking":false,"_monsterinsights_sitenote_active":false,"_monsterinsights_sitenote_note":"","_monsterinsights_sitenote_category":0},"product_brand":[],"product_cat":[12274,12284],"product_tag":[],"class_list":{"0":"post-767028","1":"product","2":"type-product","3":"status-publish","5":"product_cat-cocuk-ve-genclik-kitaplari","6":"product_cat-hikayeler","7":"pa_cilt-ciltsiz","8":"pa_tur-kitap","9":"pa_yayinevi-redhouse-kidz-yayinlari","10":"pa_yazar-nuri-kurucu","12":"first","13":"instock","14":"sale","15":"shipping-taxable","16":"purchasable","17":"product-type-simple"},"_links":{"self":[{"href":"https:\/\/roveyayinevi.com.tr\/index.php\/wp-json\/wp\/v2\/product\/767028","targetHints":{"allow":["GET"]}}],"collection":[{"href":"https:\/\/roveyayinevi.com.tr\/index.php\/wp-json\/wp\/v2\/product"}],"about":[{"href":"https:\/\/roveyayinevi.com.tr\/index.php\/wp-json\/wp\/v2\/types\/product"}],"wp:attachment":[{"href":"https:\/\/roveyayinevi.com.tr\/index.php\/wp-json\/wp\/v2\/media?parent=767028"}],"wp:term":[{"taxonomy":"product_brand","embeddable":true,"href":"https:\/\/roveyayinevi.com.tr\/index.php\/wp-json\/wp\/v2\/product_brand?post=767028"},{"taxonomy":"product_cat","embeddable":true,"href":"https:\/\/roveyayinevi.com.tr\/index.php\/wp-json\/wp\/v2\/product_cat?post=767028"},{"taxonomy":"product_tag","embeddable":true,"href":"https:\/\/roveyayinevi.com.tr\/index.php\/wp-json\/wp\/v2\/product_tag?post=767028"}],"curies":[{"name":"wp","href":"https:\/\/api.w.org\/{rel}","templated":true}]}}