{"id":767017,"date":"2025-08-28T12:33:23","date_gmt":"2025-08-28T09:33:23","guid":{"rendered":"https:\/\/roveyayinevi.com.tr\/index.php\/urun\/gece-kutuphanecisi\/"},"modified":"2026-04-15T03:32:44","modified_gmt":"2026-04-15T00:32:44","slug":"gece-kutuphanecisi","status":"publish","type":"product","link":"https:\/\/roveyayinevi.com.tr\/index.php\/urun\/gece-kutuphanecisi\/","title":{"rendered":"Gece K\u00fct\u00fcphanecisi"},"content":{"rendered":"<p>Gece oldu\u011funda, ger\u00e7ek sihir a\u00e7\u0131\u011fa \u00e7\u0131kar. Bu Page.Ve bu da Turner. New York Halk K\u00fct\u00fcphanesi her zaman onlar\u0131n en sevdikleri yerdi. Ancak son zamanlarda i\u015fler tuhafla\u015fmaya ba\u015flad\u0131\u2026 Tavanda bir ejderha ayak izi ve devasa fasulye salk\u0131mlar\u0131 gibi \u015feyler ortaya \u00e7\u0131kt\u0131! G\u00f6r\u00fcn\u00fc\u015fe g\u00f6re kitaplar sihirle dolup ta\u015f\u0131yor ve aniden t\u00fcm k\u00f6t\u00fc karakterler kitaplar\u0131ndan ka\u00e7\u0131p k\u00fct\u00fcphaneyi tamamen yok etmekle tehdit ediyor! \u015eimdi, Page ve Turner\u2019a s\u0131rlarla dolu bir Gece K\u00fct\u00fcphanecisi ve ka\u00e7ak masal karakterlerinden olu\u015fan bir ekiple beraber, en sevdikleri k\u00fct\u00fcphaneyi yok olmaktan kurtarmak d\u00fc\u015f\u00fcyor, ama zaman gittik\u00e7e daral\u0131yor!<\/p>\n","protected":false},"excerpt":{"rendered":"<p>Gece oldu\u011funda, ger\u00e7ek sihir a\u00e7\u0131\u011fa \u00e7\u0131kar. Bu Page.Ve bu da Turner. New York Halk K\u00fct\u00fcphanesi her zaman onlar\u0131n en sevdikleri yerdi. Ancak son zamanlarda i\u015fler tuhafla\u015fmaya<span class=\"excerpt-hellip\"> [\u2026]<\/span><\/p>\n","protected":false},"featured_media":0,"template":"","meta":{"_monsterinsights_skip_tracking":false,"_monsterinsights_sitenote_active":false,"_monsterinsights_sitenote_note":"","_monsterinsights_sitenote_category":0},"product_brand":[],"product_cat":[12416,12291],"product_tag":[],"class_list":{"0":"post-767017","1":"product","2":"type-product","3":"status-publish","5":"product_cat-cizgi-roman","6":"product_cat-edebiyat","7":"pa_cilt-ciltsiz","8":"pa_tur-kitap","9":"pa_yayinevi-genc-timas","10":"pa_yazar-christopher-lincoln","12":"first","13":"instock","14":"sale","15":"shipping-taxable","16":"purchasable","17":"product-type-simple"},"_links":{"self":[{"href":"https:\/\/roveyayinevi.com.tr\/index.php\/wp-json\/wp\/v2\/product\/767017","targetHints":{"allow":["GET"]}}],"collection":[{"href":"https:\/\/roveyayinevi.com.tr\/index.php\/wp-json\/wp\/v2\/product"}],"about":[{"href":"https:\/\/roveyayinevi.com.tr\/index.php\/wp-json\/wp\/v2\/types\/product"}],"wp:attachment":[{"href":"https:\/\/roveyayinevi.com.tr\/index.php\/wp-json\/wp\/v2\/media?parent=767017"}],"wp:term":[{"taxonomy":"product_brand","embeddable":true,"href":"https:\/\/roveyayinevi.com.tr\/index.php\/wp-json\/wp\/v2\/product_brand?post=767017"},{"taxonomy":"product_cat","embeddable":true,"href":"https:\/\/roveyayinevi.com.tr\/index.php\/wp-json\/wp\/v2\/product_cat?post=767017"},{"taxonomy":"product_tag","embeddable":true,"href":"https:\/\/roveyayinevi.com.tr\/index.php\/wp-json\/wp\/v2\/product_tag?post=767017"}],"curies":[{"name":"wp","href":"https:\/\/api.w.org\/{rel}","templated":true}]}}