{"id":767011,"date":"2025-08-28T12:33:11","date_gmt":"2025-08-28T09:33:11","guid":{"rendered":"https:\/\/roveyayinevi.com.tr\/index.php\/urun\/cizmeli-kedi-hareketli-masallar-serisi-ciltli\/"},"modified":"2026-04-15T03:32:44","modified_gmt":"2026-04-15T00:32:44","slug":"cizmeli-kedi-hareketli-masallar-serisi-ciltli","status":"publish","type":"product","link":"https:\/\/roveyayinevi.com.tr\/index.php\/urun\/cizmeli-kedi-hareketli-masallar-serisi-ciltli\/","title":{"rendered":"\u00c7izmeli Kedi &#8211; Hareketli Masallar Serisi (Ciltli)"},"content":{"rendered":"<p>De\u011firmencinin \u00fc\u00e7 o\u011flu varm\u0131\u015f. Hi\u00e7 yan\u0131ndan ay\u0131rmad\u0131\u011f\u0131 \u00e7izmeli kedisini en k\u00fc\u00e7\u00fck o\u011fluna b\u0131rakm\u0131\u015f. Gen\u00e7 adam hen\u00fcz fark\u0131nda olmasa da \u00e7izmeli kedi \u00e7ok zeki ve kurnazm\u0131\u015f&#8230;  Klasik masallar, hareketli \u00e7izimlerle hayat buluyor!Hareketli Masallar Serisi ile maceraya haz\u0131r m\u0131s\u0131n\u0131z?  \u00d6zellikleri:Bu kitap \u00fc\u00e7 boyutlu ve hareketli sayfalar\u0131yla \u00e7ocuklara kendilerini masal\u0131n i\u00e7indeymi\u015f gibi hissettirir, onlar\u0131n keyifli vakit ge\u00e7irmelerini sa\u011flar.\u00c7ocuklar\u0131n odaklanma ve dikkat etme yetisini kuvvetlendirir.\u00c7ocuklar\u0131n boyut alg\u0131lar\u0131n\u0131, el g\u00f6z koordinasyonlar\u0131n\u0131 ve \u00e7evreyle ba\u011flant\u0131 kurma yeteneklerini geli\u015ftirir.<\/p>\n","protected":false},"excerpt":{"rendered":"<p>De\u011firmencinin \u00fc\u00e7 o\u011flu varm\u0131\u015f. Hi\u00e7 yan\u0131ndan ay\u0131rmad\u0131\u011f\u0131 \u00e7izmeli kedisini en k\u00fc\u00e7\u00fck o\u011fluna b\u0131rakm\u0131\u015f. Gen\u00e7 adam hen\u00fcz fark\u0131nda olmasa da \u00e7izmeli kedi \u00e7ok zeki ve kurnazm\u0131\u015f&#8230; Klasik<span class=\"excerpt-hellip\"> [\u2026]<\/span><\/p>\n","protected":false},"featured_media":0,"template":"","meta":{"_monsterinsights_skip_tracking":false,"_monsterinsights_sitenote_active":false,"_monsterinsights_sitenote_note":"","_monsterinsights_sitenote_category":0},"product_brand":[],"product_cat":[12274,12284],"product_tag":[],"class_list":{"0":"post-767011","1":"product","2":"type-product","3":"status-publish","5":"product_cat-cocuk-ve-genclik-kitaplari","6":"product_cat-hikayeler","7":"pa_cilt-ciltli","8":"pa_tur-kitap","9":"pa_yayinevi-masalperest","10":"pa_yazar-anonim","12":"first","13":"instock","14":"sale","15":"shipping-taxable","16":"purchasable","17":"product-type-simple"},"_links":{"self":[{"href":"https:\/\/roveyayinevi.com.tr\/index.php\/wp-json\/wp\/v2\/product\/767011","targetHints":{"allow":["GET"]}}],"collection":[{"href":"https:\/\/roveyayinevi.com.tr\/index.php\/wp-json\/wp\/v2\/product"}],"about":[{"href":"https:\/\/roveyayinevi.com.tr\/index.php\/wp-json\/wp\/v2\/types\/product"}],"wp:attachment":[{"href":"https:\/\/roveyayinevi.com.tr\/index.php\/wp-json\/wp\/v2\/media?parent=767011"}],"wp:term":[{"taxonomy":"product_brand","embeddable":true,"href":"https:\/\/roveyayinevi.com.tr\/index.php\/wp-json\/wp\/v2\/product_brand?post=767011"},{"taxonomy":"product_cat","embeddable":true,"href":"https:\/\/roveyayinevi.com.tr\/index.php\/wp-json\/wp\/v2\/product_cat?post=767011"},{"taxonomy":"product_tag","embeddable":true,"href":"https:\/\/roveyayinevi.com.tr\/index.php\/wp-json\/wp\/v2\/product_tag?post=767011"}],"curies":[{"name":"wp","href":"https:\/\/api.w.org\/{rel}","templated":true}]}}