{"id":766987,"date":"2025-08-28T12:32:30","date_gmt":"2025-08-28T09:32:30","guid":{"rendered":"https:\/\/roveyayinevi.com.tr\/index.php\/urun\/kucuk-bir-hile\/"},"modified":"2026-04-15T03:32:44","modified_gmt":"2026-04-15T00:32:44","slug":"kucuk-bir-hile","status":"publish","type":"product","link":"https:\/\/roveyayinevi.com.tr\/index.php\/urun\/kucuk-bir-hile\/","title":{"rendered":"K\u00fc\u00e7\u00fck Bir Hile"},"content":{"rendered":"<p>Helen DeWitt, K\u00fc\u00e7\u00fck Bir Hile\u2019de sanat\u0131n, bilimin ve edebiyat\u0131n labirentlerinde dola\u015fan s\u0131rad\u0131\u015f\u0131 ve bir o kadar tan\u0131d\u0131k karakterlerle g\u00fcn\u00fcm\u00fcz d\u00fcnyas\u0131ndan etkileyici bir panorama sunuyor. Su\u015fi restoran\u0131ndan sanat galerisine, turne yollar\u0131ndan otel odalar\u0131na uzanan 13 \u00f6yk\u00fc, dilin ve anlat\u0131m\u0131n olanaklar\u0131n\u0131 cesurca kullan\u0131yor, her c\u00fcmle a\u00e7\u0131k veya \u00f6rt\u00fck bir entelekt\u00fcel tart\u0131\u015fmaya muzip\u00e7e g\u00f6z k\u0131rp\u0131yor. Helen DeWitt, insan ili\u015fkilerinin \u00e7eli\u015fkili do\u011fas\u0131n\u0131, cinsiyet rollerinin, g\u00fc\u00e7 dengelerinin, sanat piyasas\u0131n\u0131n, yarat\u0131c\u0131 zihinlerin ve dehan\u0131n karma\u015f\u0131k evreninde ustal\u0131kla a\u00e7\u0131\u011fa \u00e7\u0131kar\u0131yor. DeWitt\u2019in keskin g\u00f6zlem g\u00fcc\u00fc, benzersiz \u00fcslubu ve ironik dili okuru bu hileli ve g\u00f6steri\u015fli d\u00fcnyaya \u00e7a\u011f\u0131r\u0131yor. \u201c K\u00fc\u00e7\u00fck Bir Hile, DeWitt\u2019in g\u00fcn\u00fcm\u00fczdeki en n\u00fcktedan ve yenilik\u00e7i yazarlardan biri olarak konumunu peki\u015ftiriyor; kli\u015feleri alaya alma yetene\u011fi, c\u00fcmlelerinin g\u00f6z al\u0131c\u0131 \u00f6zg\u00fcnl\u00fc\u011f\u00fcyle tamamlan\u0131yor.\u201d\u2013Greg Chase, Harvard Review \u201cDeWitt\u2019in k\u0131sa \u00f6yk\u00fcleri, kusursuz bir ustal\u0131kla, hatta bir dehayla i\u015flenmi\u015ftir.\u201d\u2013Hermione Hoby, The New York Times \u201cPatlamaya haz\u0131r ince mizah\u0131 seviyorum. Helen DeWitt\u2019in K\u00fc\u00e7\u00fck Bir Hile adl\u0131 \u00f6yk\u00fc koleksiyonu, bunun muhtemelen en g\u00fcncel \u00f6rne\u011fi.\u201d\u2013Sloane Crosley, The New York Times Book Review <\/p>\n","protected":false},"excerpt":{"rendered":"<p>Helen DeWitt, K\u00fc\u00e7\u00fck Bir Hile\u2019de sanat\u0131n, bilimin ve edebiyat\u0131n labirentlerinde dola\u015fan s\u0131rad\u0131\u015f\u0131 ve bir o kadar tan\u0131d\u0131k karakterlerle g\u00fcn\u00fcm\u00fcz d\u00fcnyas\u0131ndan etkileyici bir panorama sunuyor. Su\u015fi restoran\u0131ndan<span class=\"excerpt-hellip\"> [\u2026]<\/span><\/p>\n","protected":false},"featured_media":0,"template":"","meta":{"_monsterinsights_skip_tracking":false,"_monsterinsights_sitenote_active":false,"_monsterinsights_sitenote_note":"","_monsterinsights_sitenote_category":0},"product_brand":[],"product_cat":[12291,12711],"product_tag":[],"class_list":{"0":"post-766987","1":"product","2":"type-product","3":"status-publish","5":"product_cat-edebiyat","6":"product_cat-roman-oyku","7":"pa_cilt-ciltsiz","8":"pa_tur-kitap","9":"pa_yayinevi-alfa-yayinlari","10":"pa_yazar-helen-dewitt","12":"first","13":"instock","14":"sale","15":"shipping-taxable","16":"purchasable","17":"product-type-simple"},"_links":{"self":[{"href":"https:\/\/roveyayinevi.com.tr\/index.php\/wp-json\/wp\/v2\/product\/766987","targetHints":{"allow":["GET"]}}],"collection":[{"href":"https:\/\/roveyayinevi.com.tr\/index.php\/wp-json\/wp\/v2\/product"}],"about":[{"href":"https:\/\/roveyayinevi.com.tr\/index.php\/wp-json\/wp\/v2\/types\/product"}],"wp:attachment":[{"href":"https:\/\/roveyayinevi.com.tr\/index.php\/wp-json\/wp\/v2\/media?parent=766987"}],"wp:term":[{"taxonomy":"product_brand","embeddable":true,"href":"https:\/\/roveyayinevi.com.tr\/index.php\/wp-json\/wp\/v2\/product_brand?post=766987"},{"taxonomy":"product_cat","embeddable":true,"href":"https:\/\/roveyayinevi.com.tr\/index.php\/wp-json\/wp\/v2\/product_cat?post=766987"},{"taxonomy":"product_tag","embeddable":true,"href":"https:\/\/roveyayinevi.com.tr\/index.php\/wp-json\/wp\/v2\/product_tag?post=766987"}],"curies":[{"name":"wp","href":"https:\/\/api.w.org\/{rel}","templated":true}]}}