{"id":766985,"date":"2025-08-28T12:32:26","date_gmt":"2025-08-28T09:32:26","guid":{"rendered":"https:\/\/roveyayinevi.com.tr\/index.php\/urun\/yesil-sanat-dogadan-sanata\/"},"modified":"2026-04-15T03:32:44","modified_gmt":"2026-04-15T00:32:44","slug":"yesil-sanat-dogadan-sanata","status":"publish","type":"product","link":"https:\/\/roveyayinevi.com.tr\/index.php\/urun\/yesil-sanat-dogadan-sanata\/","title":{"rendered":"Ye\u015fil Sanat \u2013 Do\u011fadan Sanata"},"content":{"rendered":"<p>Bu eser ile insan\u0131n, do\u011fada bulunan objelerin e\u015fsiz g\u00fczellikteki doku, renk ve \u015fekillerinin fark\u0131na varmas\u0131 ama\u00e7lanmaktad\u0131r. Bu fark\u0131ndal\u0131kla sanat\u00e7\u0131lar\u0131n, sanat e\u011fitimcilerinin, \u00f6\u011frencilerin ve hayat\u0131nda sanata do\u011faya yer vermek isteyenlerin do\u011fayla b\u00fct\u00fcnle\u015ferek \u00f6zg\u00fcn tasar\u0131mlar\u0131n\u0131 keyifle yaratmalar\u0131 i\u00e7in onlara ilham kayna\u011f\u0131 olmak niyetlenilmi\u015ftir. Do\u011fan\u0131n ve sanat\u0131n izinde\u2026 <\/p>\n","protected":false},"excerpt":{"rendered":"<p>Bu eser ile insan\u0131n, do\u011fada bulunan objelerin e\u015fsiz g\u00fczellikteki doku, renk ve \u015fekillerinin fark\u0131na varmas\u0131 ama\u00e7lanmaktad\u0131r. Bu fark\u0131ndal\u0131kla sanat\u00e7\u0131lar\u0131n, sanat e\u011fitimcilerinin, \u00f6\u011frencilerin ve hayat\u0131nda sanata do\u011faya<span class=\"excerpt-hellip\"> [\u2026]<\/span><\/p>\n","protected":false},"featured_media":0,"template":"","meta":{"_monsterinsights_skip_tracking":false,"_monsterinsights_sitenote_active":false,"_monsterinsights_sitenote_note":"","_monsterinsights_sitenote_category":0},"product_brand":[],"product_cat":[12408],"product_tag":[],"class_list":{"0":"post-766985","1":"product","2":"type-product","3":"status-publish","5":"product_cat-sanat","6":"pa_cilt-ciltsiz","7":"pa_tur-kitap","8":"pa_yayinevi-us-yayinlari","9":"pa_yazar-sabiha-kilincarslan","11":"first","12":"instock","13":"sale","14":"shipping-taxable","15":"purchasable","16":"product-type-simple"},"_links":{"self":[{"href":"https:\/\/roveyayinevi.com.tr\/index.php\/wp-json\/wp\/v2\/product\/766985","targetHints":{"allow":["GET"]}}],"collection":[{"href":"https:\/\/roveyayinevi.com.tr\/index.php\/wp-json\/wp\/v2\/product"}],"about":[{"href":"https:\/\/roveyayinevi.com.tr\/index.php\/wp-json\/wp\/v2\/types\/product"}],"wp:attachment":[{"href":"https:\/\/roveyayinevi.com.tr\/index.php\/wp-json\/wp\/v2\/media?parent=766985"}],"wp:term":[{"taxonomy":"product_brand","embeddable":true,"href":"https:\/\/roveyayinevi.com.tr\/index.php\/wp-json\/wp\/v2\/product_brand?post=766985"},{"taxonomy":"product_cat","embeddable":true,"href":"https:\/\/roveyayinevi.com.tr\/index.php\/wp-json\/wp\/v2\/product_cat?post=766985"},{"taxonomy":"product_tag","embeddable":true,"href":"https:\/\/roveyayinevi.com.tr\/index.php\/wp-json\/wp\/v2\/product_tag?post=766985"}],"curies":[{"name":"wp","href":"https:\/\/api.w.org\/{rel}","templated":true}]}}