{"id":766980,"date":"2025-08-28T12:32:18","date_gmt":"2025-08-28T09:32:18","guid":{"rendered":"https:\/\/roveyayinevi.com.tr\/index.php\/urun\/iklim-degisikliginin-neden-ve-sonuclari-ve-gezegenimizi-nasil-koruruz\/"},"modified":"2026-04-15T03:32:43","modified_gmt":"2026-04-15T00:32:43","slug":"iklim-degisikliginin-neden-ve-sonuclari-ve-gezegenimizi-nasil-koruruz","status":"publish","type":"product","link":"https:\/\/roveyayinevi.com.tr\/index.php\/urun\/iklim-degisikliginin-neden-ve-sonuclari-ve-gezegenimizi-nasil-koruruz\/","title":{"rendered":"\u0130klim De\u011fi\u015fikli\u011finin Neden ve Sonu\u00e7lar\u0131 ve Gezegenimizi Nas\u0131l Koruruz?"},"content":{"rendered":"<p>\u0130klim de\u011fi\u015fikli\u011finin ne oldu\u011funu hi\u00e7 merak ettin mi? Peki, nas\u0131l yava\u015flat\u0131laca\u011f\u0131n\u0131 \u00f6\u011frenmek istemez misin? Merakl\u0131 Gen\u00e7 Zihinler \u0130\u00e7in \u00c7ok K\u0131sa Giri\u015f Kitaplar\u0131 serisinin bu kitab\u0131, sana bilmen gereken her \u015feyi anlatacak.   Bu kitap, iklim de\u011fi\u015fikli\u011finin nedenlerini, gezegenimiz \u00fczerindeki etkilerini ve senin neler yapabilece\u011fini anlat\u0131yor bilim insanlar\u0131 gibi konu\u015fman i\u00e7in gereken bilgi, rakam ve kelimeleri \u00f6n\u00fcne seriyor. Foto\u011fraflar, g\u00f6rseller, e\u011flenceli \u00e7izgi roman kesitleri ve iklim kahramanlar\u0131n\u0131n hik\u00e2yeleriyle sana ilham veriyor.<\/p>\n","protected":false},"excerpt":{"rendered":"<p>\u0130klim de\u011fi\u015fikli\u011finin ne oldu\u011funu hi\u00e7 merak ettin mi? Peki, nas\u0131l yava\u015flat\u0131laca\u011f\u0131n\u0131 \u00f6\u011frenmek istemez misin? Merakl\u0131 Gen\u00e7 Zihinler \u0130\u00e7in \u00c7ok K\u0131sa Giri\u015f Kitaplar\u0131 serisinin bu kitab\u0131, sana<span class=\"excerpt-hellip\"> [\u2026]<\/span><\/p>\n","protected":false},"featured_media":0,"template":"","meta":{"_monsterinsights_skip_tracking":false,"_monsterinsights_sitenote_active":false,"_monsterinsights_sitenote_note":"","_monsterinsights_sitenote_category":0},"product_brand":[],"product_cat":[13829,12274],"product_tag":[],"class_list":{"0":"post-766980","1":"product","2":"type-product","3":"status-publish","5":"product_cat-bilimsel-kitaplar","6":"product_cat-cocuk-ve-genclik-kitaplari","7":"pa_cilt-ciltsiz","8":"pa_tur-kitap","9":"pa_yayinevi-yapi-kredi-yayinlari","10":"pa_yazar-clive-gifford","12":"first","13":"instock","14":"sale","15":"shipping-taxable","16":"purchasable","17":"product-type-simple"},"_links":{"self":[{"href":"https:\/\/roveyayinevi.com.tr\/index.php\/wp-json\/wp\/v2\/product\/766980","targetHints":{"allow":["GET"]}}],"collection":[{"href":"https:\/\/roveyayinevi.com.tr\/index.php\/wp-json\/wp\/v2\/product"}],"about":[{"href":"https:\/\/roveyayinevi.com.tr\/index.php\/wp-json\/wp\/v2\/types\/product"}],"wp:attachment":[{"href":"https:\/\/roveyayinevi.com.tr\/index.php\/wp-json\/wp\/v2\/media?parent=766980"}],"wp:term":[{"taxonomy":"product_brand","embeddable":true,"href":"https:\/\/roveyayinevi.com.tr\/index.php\/wp-json\/wp\/v2\/product_brand?post=766980"},{"taxonomy":"product_cat","embeddable":true,"href":"https:\/\/roveyayinevi.com.tr\/index.php\/wp-json\/wp\/v2\/product_cat?post=766980"},{"taxonomy":"product_tag","embeddable":true,"href":"https:\/\/roveyayinevi.com.tr\/index.php\/wp-json\/wp\/v2\/product_tag?post=766980"}],"curies":[{"name":"wp","href":"https:\/\/api.w.org\/{rel}","templated":true}]}}