{"id":766958,"date":"2025-08-28T12:31:32","date_gmt":"2025-08-28T09:31:32","guid":{"rendered":"https:\/\/roveyayinevi.com.tr\/index.php\/urun\/peppa-pig-uykudan-once-oykuler-10-klasik-oyku-ciltli\/"},"modified":"2026-04-15T03:32:43","modified_gmt":"2026-04-15T00:32:43","slug":"peppa-pig-uykudan-once-oykuler-10-klasik-oyku-ciltli","status":"publish","type":"product","link":"https:\/\/roveyayinevi.com.tr\/index.php\/urun\/peppa-pig-uykudan-once-oykuler-10-klasik-oyku-ciltli\/","title":{"rendered":"Peppa Pig \u2013 Uykudan \u00d6nce \u00d6yk\u00fcler 10 Klasik \u00d6yk\u00fc (Ciltli)"},"content":{"rendered":"<p>Annecik, Babac\u0131k ve k\u00fc\u00e7\u00fck karde\u015fi George ile birlikte ya\u015fayan d\u00f6rt ya\u015f\u0131ndaki sevimli ve ak\u0131ll\u0131 Peppa, \u00e7amurlu su birikintilerinde z\u0131plamay\u0131 ve yeni maceralar ya\u015famay\u0131 her \u015feyden \u00e7ok seviyor. Tek ciltlik bu \u00f6zel se\u00e7kide, Peppa ve arkada\u015flar\u0131n\u0131n en sevilen, en e\u011flenceli \u00f6yk\u00fclerini bulacaks\u0131n\u0131z.   Siz de \u00e7ocu\u011funuzla birlikte Peppa\u2019n\u0131n iyilik ve ne\u015fe dolu d\u00fcnyas\u0131na kat\u0131l\u0131n! <\/p>\n","protected":false},"excerpt":{"rendered":"<p>Annecik, Babac\u0131k ve k\u00fc\u00e7\u00fck karde\u015fi George ile birlikte ya\u015fayan d\u00f6rt ya\u015f\u0131ndaki sevimli ve ak\u0131ll\u0131 Peppa, \u00e7amurlu su birikintilerinde z\u0131plamay\u0131 ve yeni maceralar ya\u015famay\u0131 her \u015feyden \u00e7ok<span class=\"excerpt-hellip\"> [\u2026]<\/span><\/p>\n","protected":false},"featured_media":0,"template":"","meta":{"_monsterinsights_skip_tracking":false,"_monsterinsights_sitenote_active":false,"_monsterinsights_sitenote_note":"","_monsterinsights_sitenote_category":0},"product_brand":[],"product_cat":[12274,12518],"product_tag":[],"class_list":{"0":"post-766958","1":"product","2":"type-product","3":"status-publish","5":"product_cat-cocuk-ve-genclik-kitaplari","6":"product_cat-okul-oncesi-kitaplar","7":"pa_cilt-ciltli","8":"pa_tur-kitap","9":"pa_yayinevi-dogan-cocuk","10":"pa_yazar-kolektif","12":"first","13":"instock","14":"sale","15":"shipping-taxable","16":"purchasable","17":"product-type-simple"},"_links":{"self":[{"href":"https:\/\/roveyayinevi.com.tr\/index.php\/wp-json\/wp\/v2\/product\/766958","targetHints":{"allow":["GET"]}}],"collection":[{"href":"https:\/\/roveyayinevi.com.tr\/index.php\/wp-json\/wp\/v2\/product"}],"about":[{"href":"https:\/\/roveyayinevi.com.tr\/index.php\/wp-json\/wp\/v2\/types\/product"}],"wp:attachment":[{"href":"https:\/\/roveyayinevi.com.tr\/index.php\/wp-json\/wp\/v2\/media?parent=766958"}],"wp:term":[{"taxonomy":"product_brand","embeddable":true,"href":"https:\/\/roveyayinevi.com.tr\/index.php\/wp-json\/wp\/v2\/product_brand?post=766958"},{"taxonomy":"product_cat","embeddable":true,"href":"https:\/\/roveyayinevi.com.tr\/index.php\/wp-json\/wp\/v2\/product_cat?post=766958"},{"taxonomy":"product_tag","embeddable":true,"href":"https:\/\/roveyayinevi.com.tr\/index.php\/wp-json\/wp\/v2\/product_tag?post=766958"}],"curies":[{"name":"wp","href":"https:\/\/api.w.org\/{rel}","templated":true}]}}