{"id":766940,"date":"2025-08-28T12:30:49","date_gmt":"2025-08-28T09:30:49","guid":{"rendered":"https:\/\/roveyayinevi.com.tr\/index.php\/urun\/gece-gunlugu\/"},"modified":"2026-04-03T03:23:58","modified_gmt":"2026-04-03T00:23:58","slug":"gece-gunlugu","status":"publish","type":"product","link":"https:\/\/roveyayinevi.com.tr\/index.php\/urun\/gece-gunlugu\/","title":{"rendered":"Gece G\u00fcnl\u00fc\u011f\u00fc"},"content":{"rendered":"<p>GECELER\u0130 YALNIZCA B\u0130RKA\u00c7 DAK\u0130KA YAZARAKHAYAL\u0130N\u0130 KURDU\u011eUNUZ HAYATA UYANIN!   Kilo vermek i\u00e7in ba\u015flad\u0131\u011f\u0131n\u0131z her diyet yar\u0131m kal\u0131yorsa,Duygusal yeme al\u0131\u015fkanl\u0131\u011f\u0131n\u0131zla ba\u015f edemiyorsan\u0131z,Kendinizi mutlu hissetmek i\u00e7in s\u00fcrekli g\u00f6z\u00fcn\u00fcz tatl\u0131lardaysa,Finansal hedefleriniz hep bir ad\u0131m gerideyse,Art\u0131k bunu de\u011fi\u015ftirme zaman\u0131 geldi!Gece G\u00fcnl\u00fc\u011f\u00fc tekni\u011fi, \u015fik\u00e2yet\u00e7i oldu\u011funuz ne varsa b\u0131rakman\u0131z vehayat\u0131n\u0131z\u0131 yeniden yazman\u0131z i\u00e7in size rehberlik edecek. Gece G\u00fcnl\u00fc\u011f\u00fc\u2019n\u00fcn yazar\u0131 Elif Erdenay, kendi kendine yard\u0131m programlar\u0131yla binlerce insan\u0131n k\u00f6t\u00fc al\u0131\u015fkanl\u0131klar\u0131n\u0131 b\u0131rak\u0131p hayatlar\u0131n\u0131n kontrol\u00fcn\u00fc ellerine almas\u0131na yard\u0131mc\u0131 olmu\u015ftur. D\u00fcnya \u00fczerinde kullan\u0131lan en faydal\u0131 teknikleri \u00f6\u011freterek insanlara hayatlar\u0131n\u0131 daha anlaml\u0131 ya\u015famalar\u0131 ve istedikleri sonu\u00e7lar\u0131 elde etmeleri i\u00e7in ilham vermi\u015ftir. Gece G\u00fcnl\u00fc\u011f\u00fc sizin i\u00e7in ne yapar? Kilo vermek i\u00e7in sizi motive eder ve disiplini sa\u011flar. Duygusal yeme al\u0131\u015fkanl\u0131\u011f\u0131n\u0131 sonland\u0131rman\u0131z i\u00e7in bilin\u00e7alt\u0131n\u0131z\u0131 yeniden programlar. Finansal hedeflerinizi belirler ve zenginle\u015fme zihniyeti olu\u015fturur. \u00d6zg\u00fcveninizi y\u00fckseltir ve kendinize olan inanc\u0131n\u0131z\u0131 art\u0131r\u0131r. Bu kitap, yaln\u0131zca bir rehber de\u011fil, ayn\u0131 zamanda ki\u015fisel bir tecr\u00fcbenin, y\u0131llarca s\u00fcren deneyimlerin, binlerce hayat\u0131 de\u011fi\u015ftiren tekniklerin ve bilimsel yakla\u015f\u0131mlar\u0131n bir birle\u015fimidir. Hayal etti\u011finiz her \u015fey, bu sayfalar\u0131n i\u00e7inde sizi bekliyor. Gece G\u00fcnl\u00fc\u011f\u00fc, kelimelerin \u015fifas\u0131n\u0131 size g\u00f6sterecek. Mental ve fiziksel forma ula\u015fmak hi\u00e7 bu kadar kolay olmam\u0131\u015ft\u0131!<\/p>\n","protected":false},"excerpt":{"rendered":"<p>GECELER\u0130 YALNIZCA B\u0130RKA\u00c7 DAK\u0130KA YAZARAKHAYAL\u0130N\u0130 KURDU\u011eUNUZ HAYATA UYANIN! Kilo vermek i\u00e7in ba\u015flad\u0131\u011f\u0131n\u0131z her diyet yar\u0131m kal\u0131yorsa,Duygusal yeme al\u0131\u015fkanl\u0131\u011f\u0131n\u0131zla ba\u015f edemiyorsan\u0131z,Kendinizi mutlu hissetmek i\u00e7in s\u00fcrekli g\u00f6z\u00fcn\u00fcz tatl\u0131lardaysa,Finansal<span class=\"excerpt-hellip\"> [\u2026]<\/span><\/p>\n","protected":false},"featured_media":0,"template":"","meta":{"_monsterinsights_skip_tracking":false,"_monsterinsights_sitenote_active":false,"_monsterinsights_sitenote_note":"","_monsterinsights_sitenote_category":0},"product_brand":[],"product_cat":[12364,12376],"product_tag":[],"class_list":{"0":"post-766940","1":"product","2":"type-product","3":"status-publish","5":"product_cat-genel-konular","6":"product_cat-kisisel-gelisim","7":"pa_cilt-ciltsiz","8":"pa_tur-kitap","9":"pa_yayinevi-nemesis-kitap","10":"pa_yazar-elif-erdenay","12":"first","13":"instock","14":"sale","15":"shipping-taxable","16":"purchasable","17":"product-type-simple"},"_links":{"self":[{"href":"https:\/\/roveyayinevi.com.tr\/index.php\/wp-json\/wp\/v2\/product\/766940","targetHints":{"allow":["GET"]}}],"collection":[{"href":"https:\/\/roveyayinevi.com.tr\/index.php\/wp-json\/wp\/v2\/product"}],"about":[{"href":"https:\/\/roveyayinevi.com.tr\/index.php\/wp-json\/wp\/v2\/types\/product"}],"wp:attachment":[{"href":"https:\/\/roveyayinevi.com.tr\/index.php\/wp-json\/wp\/v2\/media?parent=766940"}],"wp:term":[{"taxonomy":"product_brand","embeddable":true,"href":"https:\/\/roveyayinevi.com.tr\/index.php\/wp-json\/wp\/v2\/product_brand?post=766940"},{"taxonomy":"product_cat","embeddable":true,"href":"https:\/\/roveyayinevi.com.tr\/index.php\/wp-json\/wp\/v2\/product_cat?post=766940"},{"taxonomy":"product_tag","embeddable":true,"href":"https:\/\/roveyayinevi.com.tr\/index.php\/wp-json\/wp\/v2\/product_tag?post=766940"}],"curies":[{"name":"wp","href":"https:\/\/api.w.org\/{rel}","templated":true}]}}