{"id":766939,"date":"2025-08-28T12:30:47","date_gmt":"2025-08-28T09:30:47","guid":{"rendered":"https:\/\/roveyayinevi.com.tr\/index.php\/urun\/hz-ibrahimin-izinde\/"},"modified":"2026-04-15T03:32:42","modified_gmt":"2026-04-15T00:32:42","slug":"hz-ibrahimin-izinde","status":"publish","type":"product","link":"https:\/\/roveyayinevi.com.tr\/index.php\/urun\/hz-ibrahimin-izinde\/","title":{"rendered":"Hz. \u0130brahim\u2019in \u0130zinde"},"content":{"rendered":"<p>Rabbimiz, peygamberlerini insanlar\u0131 iyiye, do\u011fruya, g\u00fczele davet etmekle vazifelendirdi\u011fi gibi onlar\u0131 ayn\u0131 zamanda en g\u00fczel ahlakla da donatm\u0131\u015ft\u0131r. \u00dcl\u00fc\u2019l-azm peygamberden biri olan Hz. \u0130brahim ise Kur&#8217;an&#8217;da s\u0131k\u00e7a at\u0131fta bulunulan ve &#8220;Halilullah&#8221; olarak bilinen bir el\u00e7idir. Mustafa Efe, bu \u00e7al\u0131\u015fmas\u0131nda b\u00fct\u00fcn semavi dinlerin peygamberli\u011fini m\u00fc\u015ftereken kabul ettikleri Hz. \u0130brahim\u2019in Y\u00fcce Allah\u2019tan gelen mesaj\u0131, yani O\u2019nun hak dinini kavmine aktar\u0131rken izledi\u011fi yollar\u0131 inceliyor. Kur\u2019an-\u0131 Kerim\u2019de \u201cen g\u00fczel \u00f6rnek\u201d (\u00fcsve-i hasene) olarak an\u0131lan Hz. \u0130brahim&#8217;in hayat\u0131, ahlak\u0131 ve liderlik \u00f6zellikleriyle ilgili bilgileri bir araya getirerek bu b\u00fcy\u00fck peygamberin miras\u0131n\u0131 daha iyi anlamam\u0131za yard\u0131mc\u0131 olmay\u0131 hedefliyor. Kur&#8217;an&#8217;da Hz. \u0130brahim&#8217;in en g\u00fczel \u00f6rnek olarak ifade edilmesi, onun takva, sab\u0131r, teslimiyet ve Allah&#8217;a olan derin inanc\u0131 ile ilgilidir. Hz. \u0130brahim&#8217;in hayat\u0131 ve tutumu, bizler i\u00e7in ilham kayna\u011f\u0131d\u0131r ve ona benzemek, Allah&#8217;a olan sadakatimizi g\u00fc\u00e7lendirmemize yard\u0131mc\u0131 olur.<\/p>\n","protected":false},"excerpt":{"rendered":"<p>Rabbimiz, peygamberlerini insanlar\u0131 iyiye, do\u011fruya, g\u00fczele davet etmekle vazifelendirdi\u011fi gibi onlar\u0131 ayn\u0131 zamanda en g\u00fczel ahlakla da donatm\u0131\u015ft\u0131r. \u00dcl\u00fc\u2019l-azm peygamberden biri olan Hz. \u0130brahim ise Kur&#8217;an&#8217;da<span class=\"excerpt-hellip\"> [\u2026]<\/span><\/p>\n","protected":false},"featured_media":0,"template":"","meta":{"_monsterinsights_skip_tracking":false,"_monsterinsights_sitenote_active":false,"_monsterinsights_sitenote_note":"","_monsterinsights_sitenote_category":0},"product_brand":[],"product_cat":[12718,12719,22508],"product_tag":[],"class_list":{"0":"post-766939","1":"product","2":"type-product","3":"status-publish","5":"product_cat-din","6":"product_cat-islam","7":"product_cat-islam-egitimi","8":"pa_cilt-ciltsiz","9":"pa_tur-kitap","10":"pa_yayinevi-timas-yayinlari","11":"pa_yazar-mustafa-efe","13":"first","14":"instock","15":"sale","16":"shipping-taxable","17":"purchasable","18":"product-type-simple"},"_links":{"self":[{"href":"https:\/\/roveyayinevi.com.tr\/index.php\/wp-json\/wp\/v2\/product\/766939","targetHints":{"allow":["GET"]}}],"collection":[{"href":"https:\/\/roveyayinevi.com.tr\/index.php\/wp-json\/wp\/v2\/product"}],"about":[{"href":"https:\/\/roveyayinevi.com.tr\/index.php\/wp-json\/wp\/v2\/types\/product"}],"wp:attachment":[{"href":"https:\/\/roveyayinevi.com.tr\/index.php\/wp-json\/wp\/v2\/media?parent=766939"}],"wp:term":[{"taxonomy":"product_brand","embeddable":true,"href":"https:\/\/roveyayinevi.com.tr\/index.php\/wp-json\/wp\/v2\/product_brand?post=766939"},{"taxonomy":"product_cat","embeddable":true,"href":"https:\/\/roveyayinevi.com.tr\/index.php\/wp-json\/wp\/v2\/product_cat?post=766939"},{"taxonomy":"product_tag","embeddable":true,"href":"https:\/\/roveyayinevi.com.tr\/index.php\/wp-json\/wp\/v2\/product_tag?post=766939"}],"curies":[{"name":"wp","href":"https:\/\/api.w.org\/{rel}","templated":true}]}}