{"id":766938,"date":"2025-08-28T12:30:45","date_gmt":"2025-08-28T09:30:45","guid":{"rendered":"https:\/\/roveyayinevi.com.tr\/index.php\/urun\/gercek-super-guc\/"},"modified":"2026-04-15T03:32:42","modified_gmt":"2026-04-15T00:32:42","slug":"gercek-super-guc","status":"publish","type":"product","link":"https:\/\/roveyayinevi.com.tr\/index.php\/urun\/gercek-super-guc\/","title":{"rendered":"Ger\u00e7ek S\u00fcper G\u00fc\u00e7"},"content":{"rendered":"<p>Nana, ger\u00e7ek sihri bulabilecek mi? Yoksa en b\u00fcy\u00fck sihir zaten elinde mi? Ger\u00e7ekten de sihirli de\u011fneklerin var oldu\u011funa inan\u0131yor Nana. Ama ne bir d\u00fckk\u00e2nda ne de sakl\u0131 k\u00f6\u015felerde arad\u0131\u011f\u0131 sihirli de\u011fnekten eser var. Pes etmek mi? Asla! Nana kendi sihirli de\u011fne\u011fini yapmaya karar veriyor. Odas\u0131 darmada\u011f\u0131n olurken, de\u011fne\u011fin sihrini g\u00f6sterece\u011fi o an bir t\u00fcrl\u00fc gelmiyor. Tam umudunu kaybetmek \u00fczereyken, annesi as\u0131l sihrin kelimelerde sakl\u0131 oldu\u011funu ve yaln\u0131zca emek verdi\u011fimizde ortaya \u00e7\u0131kabilece\u011fini s\u00f6yl\u00fcyor.  \u015eimdi Nana\u2019n\u0131n en b\u00fcy\u00fck sorusu: GER\u00c7EK S\u0130HR\u0130 KE\u015eFEDEB\u0130LECEK M\u0130?<\/p>\n","protected":false},"excerpt":{"rendered":"<p>Nana, ger\u00e7ek sihri bulabilecek mi? Yoksa en b\u00fcy\u00fck sihir zaten elinde mi? Ger\u00e7ekten de sihirli de\u011fneklerin var oldu\u011funa inan\u0131yor Nana. Ama ne bir d\u00fckk\u00e2nda ne de<span class=\"excerpt-hellip\"> [\u2026]<\/span><\/p>\n","protected":false},"featured_media":0,"template":"","meta":{"_monsterinsights_skip_tracking":false,"_monsterinsights_sitenote_active":false,"_monsterinsights_sitenote_note":"","_monsterinsights_sitenote_category":0},"product_brand":[],"product_cat":[12274,12284],"product_tag":[],"class_list":{"0":"post-766938","1":"product","2":"type-product","3":"status-publish","5":"product_cat-cocuk-ve-genclik-kitaplari","6":"product_cat-hikayeler","7":"pa_cilt-ciltsiz","8":"pa_tur-kitap","9":"pa_yayinevi-timas-cocuk","10":"pa_yazar-emine-arli","12":"first","13":"instock","14":"sale","15":"shipping-taxable","16":"purchasable","17":"product-type-simple"},"_links":{"self":[{"href":"https:\/\/roveyayinevi.com.tr\/index.php\/wp-json\/wp\/v2\/product\/766938","targetHints":{"allow":["GET"]}}],"collection":[{"href":"https:\/\/roveyayinevi.com.tr\/index.php\/wp-json\/wp\/v2\/product"}],"about":[{"href":"https:\/\/roveyayinevi.com.tr\/index.php\/wp-json\/wp\/v2\/types\/product"}],"wp:attachment":[{"href":"https:\/\/roveyayinevi.com.tr\/index.php\/wp-json\/wp\/v2\/media?parent=766938"}],"wp:term":[{"taxonomy":"product_brand","embeddable":true,"href":"https:\/\/roveyayinevi.com.tr\/index.php\/wp-json\/wp\/v2\/product_brand?post=766938"},{"taxonomy":"product_cat","embeddable":true,"href":"https:\/\/roveyayinevi.com.tr\/index.php\/wp-json\/wp\/v2\/product_cat?post=766938"},{"taxonomy":"product_tag","embeddable":true,"href":"https:\/\/roveyayinevi.com.tr\/index.php\/wp-json\/wp\/v2\/product_tag?post=766938"}],"curies":[{"name":"wp","href":"https:\/\/api.w.org\/{rel}","templated":true}]}}