{"id":766934,"date":"2025-08-28T12:30:37","date_gmt":"2025-08-28T09:30:37","guid":{"rendered":"https:\/\/roveyayinevi.com.tr\/index.php\/urun\/iyiligin-gucu-adina\/"},"modified":"2026-04-15T03:32:42","modified_gmt":"2026-04-15T00:32:42","slug":"iyiligin-gucu-adina","status":"publish","type":"product","link":"https:\/\/roveyayinevi.com.tr\/index.php\/urun\/iyiligin-gucu-adina\/","title":{"rendered":"\u0130yili\u011fin G\u00fcc\u00fc Ad\u0131na"},"content":{"rendered":"<p>&#8220;Amaaan, bana ne ya!&#8221;Son g\u00fcnlerde Ahmet&#8217;in a\u011fz\u0131ndan d\u00fc\u015fmeyen bu s\u00f6z, arkada\u015flar\u0131n\u0131 \u00e7ileden \u00e7\u0131kar\u0131yor. S\u0131n\u0131f\u0131n bir zamanlar en yard\u0131msever \u00f6\u011frencisi, \u015fimdi bamba\u015fka biri gibi&#8230;Bir g\u00fcn her \u015feyin sebebi ortaya \u00e7\u0131k\u0131yor:Ahmet ta\u015f\u0131nacak!Hem de \u00f6yle bir yere ki&#8230; Toprak ve arkada\u015flar\u0131 g\u00f6rd\u00fckleri kar\u015f\u0131s\u0131nda donup kal\u0131yor.\u0130\u015fte o an, s\u0131n\u0131fta m\u00fcthi\u015f bir hareket ba\u015fl\u0131yor. Ad\u0131na &#8220;\u0130yilik G\u00fcc\u00fc&#8221; diyorlar. Peki ya sonra?Bir avu\u00e7 \u00e7ocu\u011fun ba\u015flatt\u0131\u011f\u0131 bu k\u00fc\u00e7\u00fcc\u00fck dalga, nas\u0131l olur da koca bir kasabay\u0131 de\u011fi\u015ftirebilir?<\/p>\n","protected":false},"excerpt":{"rendered":"<p>&#8220;Amaaan, bana ne ya!&#8221;Son g\u00fcnlerde Ahmet&#8217;in a\u011fz\u0131ndan d\u00fc\u015fmeyen bu s\u00f6z, arkada\u015flar\u0131n\u0131 \u00e7ileden \u00e7\u0131kar\u0131yor. S\u0131n\u0131f\u0131n bir zamanlar en yard\u0131msever \u00f6\u011frencisi, \u015fimdi bamba\u015fka biri gibi&#8230;Bir g\u00fcn her \u015feyin<span class=\"excerpt-hellip\"> [\u2026]<\/span><\/p>\n","protected":false},"featured_media":0,"template":"","meta":{"_monsterinsights_skip_tracking":false,"_monsterinsights_sitenote_active":false,"_monsterinsights_sitenote_note":"","_monsterinsights_sitenote_category":0},"product_brand":[],"product_cat":[12689,12274],"product_tag":[],"class_list":{"0":"post-766934","1":"product","2":"type-product","3":"status-publish","5":"product_cat-cizgi-roman-cocuk-ve-genclik-kitaplari","6":"product_cat-cocuk-ve-genclik-kitaplari","7":"pa_cilt-ciltsiz","8":"pa_tur-kitap","9":"pa_yayinevi-timas-cocuk","10":"pa_yazar-kuzey-bulut","12":"first","13":"instock","14":"sale","15":"shipping-taxable","16":"purchasable","17":"product-type-simple"},"_links":{"self":[{"href":"https:\/\/roveyayinevi.com.tr\/index.php\/wp-json\/wp\/v2\/product\/766934","targetHints":{"allow":["GET"]}}],"collection":[{"href":"https:\/\/roveyayinevi.com.tr\/index.php\/wp-json\/wp\/v2\/product"}],"about":[{"href":"https:\/\/roveyayinevi.com.tr\/index.php\/wp-json\/wp\/v2\/types\/product"}],"wp:attachment":[{"href":"https:\/\/roveyayinevi.com.tr\/index.php\/wp-json\/wp\/v2\/media?parent=766934"}],"wp:term":[{"taxonomy":"product_brand","embeddable":true,"href":"https:\/\/roveyayinevi.com.tr\/index.php\/wp-json\/wp\/v2\/product_brand?post=766934"},{"taxonomy":"product_cat","embeddable":true,"href":"https:\/\/roveyayinevi.com.tr\/index.php\/wp-json\/wp\/v2\/product_cat?post=766934"},{"taxonomy":"product_tag","embeddable":true,"href":"https:\/\/roveyayinevi.com.tr\/index.php\/wp-json\/wp\/v2\/product_tag?post=766934"}],"curies":[{"name":"wp","href":"https:\/\/api.w.org\/{rel}","templated":true}]}}