{"id":766922,"date":"2025-08-28T12:30:16","date_gmt":"2025-08-28T09:30:16","guid":{"rendered":"https:\/\/roveyayinevi.com.tr\/index.php\/urun\/aristo\/"},"modified":"2026-04-15T03:32:42","modified_gmt":"2026-04-15T00:32:42","slug":"aristo","status":"publish","type":"product","link":"https:\/\/roveyayinevi.com.tr\/index.php\/urun\/aristo\/","title":{"rendered":"Aristo"},"content":{"rendered":"<p>Onun ad\u0131n\u0131 herkes biliyor, t\u00fcm okul kitaplar\u0131nda ge\u00e7iyor: \u201cVuibert (Logicomix filozof, M.\u00d6. 384&#8217;te do\u011fdu.)\u201d   Peki ama Aristoteles asl\u0131nda kimdi? \u00d6ncelikle d\u00fcnyay\u0131 merak eden bir adamd\u0131. Astronomi ve biyolojinin yan\u0131 s\u0131ra politikadan metafizi\u011fe kadar her \u015fey onu b\u00fcy\u00fclemi\u015fti. Her \u015feyi g\u00f6zlemledi, her \u015feyi d\u00fc\u015f\u00fcnd\u00fc.   \u00d6l\u00fcm\u00fcnden 2.300 y\u0131l sonra bile teorilerinin h\u00e2l\u00e2 tutkuyla \u00e7al\u0131\u015f\u0131l\u0131p tart\u0131\u015f\u0131laca\u011f\u0131n\u0131 o da bilemezdi.   Ve bug\u00fcn 21. y\u00fczy\u0131lda, hayat\u0131 ve eserleri bu \u00e7izgi romanda, mizah ve bilginin harmanland\u0131\u011f\u0131 bu keyifli kitapta ya\u015f\u0131yor!   Vuibert (Logicomix) <\/p>\n","protected":false},"excerpt":{"rendered":"<p>Onun ad\u0131n\u0131 herkes biliyor, t\u00fcm okul kitaplar\u0131nda ge\u00e7iyor: \u201cVuibert (Logicomix filozof, M.\u00d6. 384&#8217;te do\u011fdu.)\u201d Peki ama Aristoteles asl\u0131nda kimdi? \u00d6ncelikle d\u00fcnyay\u0131 merak eden bir adamd\u0131. Astronomi<span class=\"excerpt-hellip\"> [\u2026]<\/span><\/p>\n","protected":false},"featured_media":0,"template":"","meta":{"_monsterinsights_skip_tracking":false,"_monsterinsights_sitenote_active":false,"_monsterinsights_sitenote_note":"","_monsterinsights_sitenote_category":0},"product_brand":[],"product_cat":[12689,12274],"product_tag":[],"class_list":{"0":"post-766922","1":"product","2":"type-product","3":"status-publish","5":"product_cat-cizgi-roman-cocuk-ve-genclik-kitaplari","6":"product_cat-cocuk-ve-genclik-kitaplari","7":"pa_cilt-ciltsiz","8":"pa_tur-kitap","9":"pa_yayinevi-kara-karga-yayinlari","10":"pa_yazar-tassos-apostolidis-alecos-papadatos","12":"first","13":"instock","14":"sale","15":"shipping-taxable","16":"purchasable","17":"product-type-simple"},"_links":{"self":[{"href":"https:\/\/roveyayinevi.com.tr\/index.php\/wp-json\/wp\/v2\/product\/766922","targetHints":{"allow":["GET"]}}],"collection":[{"href":"https:\/\/roveyayinevi.com.tr\/index.php\/wp-json\/wp\/v2\/product"}],"about":[{"href":"https:\/\/roveyayinevi.com.tr\/index.php\/wp-json\/wp\/v2\/types\/product"}],"wp:attachment":[{"href":"https:\/\/roveyayinevi.com.tr\/index.php\/wp-json\/wp\/v2\/media?parent=766922"}],"wp:term":[{"taxonomy":"product_brand","embeddable":true,"href":"https:\/\/roveyayinevi.com.tr\/index.php\/wp-json\/wp\/v2\/product_brand?post=766922"},{"taxonomy":"product_cat","embeddable":true,"href":"https:\/\/roveyayinevi.com.tr\/index.php\/wp-json\/wp\/v2\/product_cat?post=766922"},{"taxonomy":"product_tag","embeddable":true,"href":"https:\/\/roveyayinevi.com.tr\/index.php\/wp-json\/wp\/v2\/product_tag?post=766922"}],"curies":[{"name":"wp","href":"https:\/\/api.w.org\/{rel}","templated":true}]}}