{"id":766917,"date":"2025-08-28T12:30:05","date_gmt":"2025-08-28T09:30:05","guid":{"rendered":"https:\/\/roveyayinevi.com.tr\/index.php\/urun\/alis-konser-piyanisti\/"},"modified":"2026-04-15T03:32:42","modified_gmt":"2026-04-15T00:32:42","slug":"alis-konser-piyanisti","status":"publish","type":"product","link":"https:\/\/roveyayinevi.com.tr\/index.php\/urun\/alis-konser-piyanisti\/","title":{"rendered":"Ali\u015f Konser Piyanisti"},"content":{"rendered":"<p>Ali\u015f son g\u00fcnlerde epey gergindi. Y\u0131l sonu konserinde sahnede tek ba\u015f\u0131na piyano \u00e7alaca\u011f\u0131n\u0131 d\u00fc\u015f\u00fcnd\u00fck\u00e7e uykular\u0131 ka\u00e7\u0131yordu. Tam bin ki\u015filik salonda tek ba\u015f\u0131na konsere \u00e7\u0131kacakt\u0131. Hata yapmaktan \u00e7ok korkuyordu. Bu duygu onu arkada\u015flar\u0131yla oyun oynamaktan bile al\u0131koyuyordu. &#8220;Ya sahnede heyecanlan\u0131p hata yaparsam?&#8221; d\u00fc\u015f\u00fcncesi i\u00e7ini kemiriyordu. Ta ki okulunu \u00fcnl\u00fc bir m\u00fczisyen ziyaret edene kadar\u2026 Ali\u015f m\u00fczisyenin \u00f6nerilerinden sonra hata yapabilme \u00f6zg\u00fcrl\u00fc\u011f\u00fcn\u00fc kendine tan\u0131yabilecek miydi? Ali\u015f Konser Piyanisti; hedefe giden yolda s\u0131k\u0131 \u00e7al\u0131\u015fman\u0131n, hata yapmaktan korkmaman\u0131n, aksine hatalar\u0131n bize yol g\u00f6sterebilece\u011finin \u00f6nemi \u00fczerine kurulu s\u0131cac\u0131k bir \u00f6yk\u00fc anlat\u0131yor\u2026<\/p>\n","protected":false},"excerpt":{"rendered":"<p>Ali\u015f son g\u00fcnlerde epey gergindi. Y\u0131l sonu konserinde sahnede tek ba\u015f\u0131na piyano \u00e7alaca\u011f\u0131n\u0131 d\u00fc\u015f\u00fcnd\u00fck\u00e7e uykular\u0131 ka\u00e7\u0131yordu. Tam bin ki\u015filik salonda tek ba\u015f\u0131na konsere \u00e7\u0131kacakt\u0131. Hata yapmaktan<span class=\"excerpt-hellip\"> [\u2026]<\/span><\/p>\n","protected":false},"featured_media":0,"template":"","meta":{"_monsterinsights_skip_tracking":false,"_monsterinsights_sitenote_active":false,"_monsterinsights_sitenote_note":"","_monsterinsights_sitenote_category":0},"product_brand":[],"product_cat":[12274,12284],"product_tag":[],"class_list":{"0":"post-766917","1":"product","2":"type-product","3":"status-publish","5":"product_cat-cocuk-ve-genclik-kitaplari","6":"product_cat-hikayeler","7":"pa_cilt-ciltsiz","8":"pa_tur-kitap","9":"pa_yayinevi-altin-kitaplar-cocuk-kitaplari","10":"pa_yazar-seyma-ayik","12":"first","13":"instock","14":"sale","15":"shipping-taxable","16":"purchasable","17":"product-type-simple"},"_links":{"self":[{"href":"https:\/\/roveyayinevi.com.tr\/index.php\/wp-json\/wp\/v2\/product\/766917","targetHints":{"allow":["GET"]}}],"collection":[{"href":"https:\/\/roveyayinevi.com.tr\/index.php\/wp-json\/wp\/v2\/product"}],"about":[{"href":"https:\/\/roveyayinevi.com.tr\/index.php\/wp-json\/wp\/v2\/types\/product"}],"wp:attachment":[{"href":"https:\/\/roveyayinevi.com.tr\/index.php\/wp-json\/wp\/v2\/media?parent=766917"}],"wp:term":[{"taxonomy":"product_brand","embeddable":true,"href":"https:\/\/roveyayinevi.com.tr\/index.php\/wp-json\/wp\/v2\/product_brand?post=766917"},{"taxonomy":"product_cat","embeddable":true,"href":"https:\/\/roveyayinevi.com.tr\/index.php\/wp-json\/wp\/v2\/product_cat?post=766917"},{"taxonomy":"product_tag","embeddable":true,"href":"https:\/\/roveyayinevi.com.tr\/index.php\/wp-json\/wp\/v2\/product_tag?post=766917"}],"curies":[{"name":"wp","href":"https:\/\/api.w.org\/{rel}","templated":true}]}}