{"id":766907,"date":"2025-08-28T12:29:44","date_gmt":"2025-08-28T09:29:44","guid":{"rendered":"https:\/\/roveyayinevi.com.tr\/index.php\/urun\/sporda-psiko-sosyal-arastirmalar-ii\/"},"modified":"2026-04-15T03:32:42","modified_gmt":"2026-04-15T00:32:42","slug":"sporda-psiko-sosyal-arastirmalar-ii","status":"publish","type":"product","link":"https:\/\/roveyayinevi.com.tr\/index.php\/urun\/sporda-psiko-sosyal-arastirmalar-ii\/","title":{"rendered":"Sporda Psiko-Sosyal Ara\u015ft\u0131rmalar II"},"content":{"rendered":"<p>\u0130\u00e7indekiler :     \u00b7         T\u00dcRK\u0130YE CUMHUR\u0130YET\u0130 VE JAPONYA\u2019DA OKUL PS\u0130KOLOJ\u0130K DANI\u015eMANLI\u011eI: B\u0130R KAR\u015eILA\u015eTIRMA \u00c7ALI\u015eMASI   \u00b7         A\u011eRI \u0130L\u0130NDEK\u0130 \u00dcN\u0130VERS\u0130TE \u00d6\u011eRENC\u0130LER\u0130N\u0130N NARS\u0130ST K\u0130\u015e\u0130L\u0130K \u00d6ZELL\u0130KLER\u0130N\u0130N SPOR VE FARKLI DE\u011e\u0130\u015eKENLER A\u00c7ISINDAN \u0130NCELENMES\u0130   \u00b7         SPORDA \u00c7OCUK KORUMA   \u00b7         ERZURUM GEN\u00c7L\u0130K VE SPOR \u0130L M\u00dcD\u00dcRL\u00dc\u011e\u00dcNDE \u00c7ALI\u015eAN ANTREN\u00d6RLER\u0130N L\u0130DERL\u0130K Y\u00d6NEL\u0130MLER\u0130N \u0130NCELENMES\u0130   \u00b7         \u00d6ZEL E\u011e\u0130T\u0130ME GEREKS\u0130N\u0130M DUYAN \u00d6\u011eRENC\u0130LERE Y\u00d6NEL\u0130K UYGULANAN BEDEN E\u011e\u0130T\u0130M\u0130 VE SPOR DERS\u0130 Y\u00d6NTEM VE STRATEJ\u0130LER\u0130N\u0130N ARA\u015eTIRILMASI   \u00b7         TOPLUMSAL C\u0130NS\u0130YET VE SPOR     \u00b7         T\u00dcRK\u0130YE&#8217;DE SPOR TAR\u0130H\u0130 ALANINDA YAYIMLANMI\u015e L\u0130SANS\u00dcST\u00dc TEZLER \u00dcZER\u0130NE B\u0130R \u0130NCELEME   \u00b7         BEDEN E\u011e\u0130T\u0130M\u0130 VE SPOR \u00d6\u011eRETMENLER\u0130N\u0130N \u00d6Z YETERL\u0130K \u0130NAN\u00c7LARININ \u0130NCELENMES\u0130 (ERZURUM \u0130L\u0130 \u00d6RNE\u011e\u0130) <\/p>\n","protected":false},"excerpt":{"rendered":"<p>\u0130\u00e7indekiler : \u00b7 T\u00dcRK\u0130YE CUMHUR\u0130YET\u0130 VE JAPONYA\u2019DA OKUL PS\u0130KOLOJ\u0130K DANI\u015eMANLI\u011eI: B\u0130R KAR\u015eILA\u015eTIRMA \u00c7ALI\u015eMASI \u00b7 A\u011eRI \u0130L\u0130NDEK\u0130 \u00dcN\u0130VERS\u0130TE \u00d6\u011eRENC\u0130LER\u0130N\u0130N NARS\u0130ST K\u0130\u015e\u0130L\u0130K \u00d6ZELL\u0130KLER\u0130N\u0130N SPOR VE FARKLI DE\u011e\u0130\u015eKENLER A\u00c7ISINDAN<span class=\"excerpt-hellip\"> [\u2026]<\/span><\/p>\n","protected":false},"featured_media":0,"template":"","meta":{"_monsterinsights_skip_tracking":false,"_monsterinsights_sitenote_active":false,"_monsterinsights_sitenote_note":"","_monsterinsights_sitenote_category":0},"product_brand":[],"product_cat":[15563,15564],"product_tag":[],"class_list":{"0":"post-766907","1":"product","2":"type-product","3":"status-publish","5":"product_cat-hobi","6":"product_cat-spor","7":"pa_cilt-ciltsiz","8":"pa_tur-kitap","9":"pa_yayinevi-gazi-kitabevi","10":"pa_yazar-kolektif","12":"first","13":"instock","14":"sale","15":"shipping-taxable","16":"purchasable","17":"product-type-simple"},"_links":{"self":[{"href":"https:\/\/roveyayinevi.com.tr\/index.php\/wp-json\/wp\/v2\/product\/766907","targetHints":{"allow":["GET"]}}],"collection":[{"href":"https:\/\/roveyayinevi.com.tr\/index.php\/wp-json\/wp\/v2\/product"}],"about":[{"href":"https:\/\/roveyayinevi.com.tr\/index.php\/wp-json\/wp\/v2\/types\/product"}],"wp:attachment":[{"href":"https:\/\/roveyayinevi.com.tr\/index.php\/wp-json\/wp\/v2\/media?parent=766907"}],"wp:term":[{"taxonomy":"product_brand","embeddable":true,"href":"https:\/\/roveyayinevi.com.tr\/index.php\/wp-json\/wp\/v2\/product_brand?post=766907"},{"taxonomy":"product_cat","embeddable":true,"href":"https:\/\/roveyayinevi.com.tr\/index.php\/wp-json\/wp\/v2\/product_cat?post=766907"},{"taxonomy":"product_tag","embeddable":true,"href":"https:\/\/roveyayinevi.com.tr\/index.php\/wp-json\/wp\/v2\/product_tag?post=766907"}],"curies":[{"name":"wp","href":"https:\/\/api.w.org\/{rel}","templated":true}]}}